-- Table structure for table `dru5919_menu_custom`
--

CREATE TABLE `dru5919_menu_custom` (
  `menu_name` varchar(32) NOT NULL DEFAULT '' COMMENT 'Primary Key: Unique key for menu. This is used as a block delta so length is 32.',
  `title` varchar(255) NOT NULL DEFAULT '' COMMENT 'Menu title; displayed at top of block.',
  `description` text COMMENT 'Menu description.',
  PRIMARY KEY (`menu_name`)
) ENGINE=InnoDB DEFAULT CHARSET=utf8 COMMENT='Holds definitions for top-level custom menus (for example...';

--
-- Dumping data for table `dru5919_menu_custom`
--

INSERT INTO `dru5919_menu_custom` VALUES ('main-menu','Menu principal','Le <em>menu Principal</em> est fréquemment utilisé pour afficher les sections importantes du site, souvent dans la barre de navigation de haut de page.'),('management','Management','Le menu <em>Gestion</em> contient les liens des tâches administratives'),('navigation','Navigation','Le <em>menu Navigation</em> contient les liens destinés aux visiteurs du site. Des liens sont automatiquement ajoutés à ce menu par certains modules.'),('user-menu','User menu','Le menu <em>Utilisateur</em> contient les liens du compte utilisateur, comme le lien \"Déconnexion\"');

--
-- Table structure for table `dru5919_menu_links`
--

CREATE TABLE `dru5919_menu_links` (
  `menu_name` varchar(32) NOT NULL DEFAULT '' COMMENT 'The menu name. All links with the same menu name (such as ’navigation’) are part of the same menu.',
  `mlid` int(10) unsigned NOT NULL AUTO_INCREMENT COMMENT 'The menu link ID (mlid) is the integer primary key.',
  `plid` int(10) unsigned NOT NULL DEFAULT '0' COMMENT 'The parent link ID (plid) is the mlid of the link above in the hierarchy, or zero if the link is at the top level in its menu.',
  `link_path` varchar(255) NOT NULL DEFAULT '' COMMENT 'The Drupal path or external path this link points to.',
  `router_path` varchar(255) NOT NULL DEFAULT '' COMMENT 'For links corresponding to a Drupal path (external = 0), this connects the link to a dru5919_menu_router.path for joins.',
  `link_title` varchar(255) NOT NULL DEFAULT '' COMMENT 'The text displayed for the link, which may be modified by a title callback stored in dru5919_menu_router.',
  `options` blob COMMENT 'A serialized array of options to be passed to the url() or l() function, such as a query string or HTML attributes.',
  `module` varchar(255) NOT NULL DEFAULT 'system' COMMENT 'The name of the module that generated this link.',
  `hidden` smallint(6) NOT NULL DEFAULT '0' COMMENT 'A flag for whether the link should be rendered in menus. (1 = a disabled menu item that may be shown on admin screens, -1 = a menu callback, 0 = a normal, visible link)',
  `external` smallint(6) NOT NULL DEFAULT '0' COMMENT 'A flag to indicate if the link points to a full URL starting with a protocol, like http:// (1 = external, 0 = internal).',
  `has_children` smallint(6) NOT NULL DEFAULT '0' COMMENT 'Flag indicating whether any links have this link as a parent (1 = children exist, 0 = no children).',
  `expanded` smallint(6) NOT NULL DEFAULT '0' COMMENT 'Flag for whether this link should be rendered as expanded in menus - expanded links always have their child links displayed, instead of only when the link is in the active trail (1 = expanded, 0 = not expanded)',
  `weight` int(11) NOT NULL DEFAULT '0' COMMENT 'Link weight among links in the same menu at the same depth.',
  `depth` smallint(6) NOT NULL DEFAULT '0' COMMENT 'The depth relative to the top level. A link with plid == 0 will have depth == 1.',
  `customized` smallint(6) NOT NULL DEFAULT '0' COMMENT 'A flag to indicate that the user has manually created or edited the link (1 = customized, 0 = not customized).',
  `p1` int(10) unsigned NOT NULL DEFAULT '0' COMMENT 'The first mlid in the materialized path. If N = depth, then pN must equal the mlid. If depth > 1 then p(N-1) must equal the plid. All pX where X > depth must equal zero. The columns p1 .. p9 are also called the parents.',
  `p2` int(10) unsigned NOT NULL DEFAULT '0' COMMENT 'The second mlid in the materialized path. See p1.',
  `p3` int(10) unsigned NOT NULL DEFAULT '0' COMMENT 'The third mlid in the materialized path. See p1.',
  `p4` int(10) unsigned NOT NULL DEFAULT '0' COMMENT 'The fourth mlid in the materialized path. See p1.',
  `p5` int(10) unsigned NOT NULL DEFAULT '0' COMMENT 'The fifth mlid in the materialized path. See p1.',
  `p6` int(10) unsigned NOT NULL DEFAULT '0' COMMENT 'The sixth mlid in the materialized path. See p1.',
  `p7` int(10) unsigned NOT NULL DEFAULT '0' COMMENT 'The seventh mlid in the materialized path. See p1.',
  `p8` int(10) unsigned NOT NULL DEFAULT '0' COMMENT 'The eighth mlid in the materialized path. See p1.',
  `p9` int(10) unsigned NOT NULL DEFAULT '0' COMMENT 'The ninth mlid in the materialized path. See p1.',
  `updated` smallint(6) NOT NULL DEFAULT '0' COMMENT 'Flag that indicates that this link was generated during the update from Drupal 5.',
  PRIMARY KEY (`mlid`),
  KEY `path_menu` (`link_path`(128),`menu_name`),
  KEY `menu_plid_expand_child` (`menu_name`,`plid`,`expanded`,`has_children`),
  KEY `menu_parents` (`menu_name`,`p1`,`p2`,`p3`,`p4`,`p5`,`p6`,`p7`,`p8`,`p9`),
  KEY `router_path` (`router_path`(128))
) ENGINE=InnoDB AUTO_INCREMENT=290 DEFAULT CHARSET=utf8 COMMENT='Contains the individual links within a menu.';

--
-- Dumping data for table `dru5919_menu_links`
--

INSERT INTO `dru5919_menu_links` VALUES ('management',1,0,'admin','admin','Administration','a:0:{}','system',0,0,1,0,9,1,0,1,0,0,0,0,0,0,0,0,0),('user-menu',2,0,'user','user','User account','a:1:{s:5:\"alter\";b:1;}','system',0,0,0,0,-10,1,0,2,0,0,0,0,0,0,0,0,0),('navigation',3,0,'comment/%','comment/%','Comment permalink','a:0:{}','system',0,0,1,0,0,1,0,3,0,0,0,0,0,0,0,0,0),('navigation',4,0,'filter/tips','filter/tips','Compose tips','a:0:{}','system',1,0,1,0,0,1,0,4,0,0,0,0,0,0,0,0,0),('navigation',5,0,'node/%','node/%','','a:0:{}','system',0,0,0,0,0,1,0,5,0,0,0,0,0,0,0,0,0),('navigation',6,0,'node/add','node/add','Add content','a:0:{}','system',0,0,1,0,0,1,0,6,0,0,0,0,0,0,0,0,0),('management',7,1,'admin/appearance','admin/appearance','Appearance','a:1:{s:10:\"attributes\";a:1:{s:5:\"title\";s:33:\"Select and configure your themes.\";}}','system',0,0,0,0,-6,2,0,1,7,0,0,0,0,0,0,0,0),('management',8,1,'admin/config','admin/config','Configuration','a:1:{s:10:\"attributes\";a:1:{s:5:\"title\";s:20:\"Administer settings.\";}}','system',0,0,1,0,0,2,0,1,8,0,0,0,0,0,0,0,0),('management',9,1,'admin/content','admin/content','Content','a:1:{s:10:\"attributes\";a:1:{s:5:\"title\";s:32:\"Administer content and comments.\";}}','system',0,0,1,0,-10,2,0,1,9,0,0,0,0,0,0,0,0),('user-menu',10,2,'user/register','user/register','Create new account','a:0:{}','system',-1,0,0,0,0,2,0,2,10,0,0,0,0,0,0,0,0),('management',11,1,'admin/dashboard','admin/dashboard','Dashboard','a:1:{s:10:\"attributes\";a:1:{s:5:\"title\";s:34:\"View and customize your dashboard.\";}}','system',0,0,0,0,-15,2,0,1,11,0,0,0,0,0,0,0,0),('management',12,1,'admin/help','admin/help','Help','a:1:{s:10:\"attributes\";a:1:{s:5:\"title\";s:48:\"Reference for usage, configuration, and modules.\";}}','system',0,0,0,0,9,2,0,1,12,0,0,0,0,0,0,0,0),('management',13,1,'admin/index','admin/index','Index','a:0:{}','system',-1,0,0,0,-18,2,0,1,13,0,0,0,0,0,0,0,0),('user-menu',14,2,'user/login','user/login','Log in','a:0:{}','system',-1,0,0,0,0,2,0,2,14,0,0,0,0,0,0,0,0),('user-menu',15,0,'user/logout','user/logout','Log out','a:0:{}','system',0,0,0,0,10,1,0,15,0,0,0,0,0,0,0,0,0),('management',16,1,'admin/modules','admin/modules','Modules','a:1:{s:10:\"attributes\";a:1:{s:5:\"title\";s:26:\"Extend site functionality.\";}}','system',0,0,0,0,-2,2,0,1,16,0,0,0,0,0,0,0,0),('navigation',17,0,'user/%','user/%','My account','a:0:{}','system',0,0,1,0,0,1,0,17,0,0,0,0,0,0,0,0,0),('management',18,1,'admin/people','admin/people','People','a:1:{s:10:\"attributes\";a:1:{s:5:\"title\";s:45:\"Manage user accounts, roles, and permissions.\";}}','system',0,0,0,0,-4,2,0,1,18,0,0,0,0,0,0,0,0),('management',19,1,'admin/reports','admin/reports','Reports','a:1:{s:10:\"attributes\";a:1:{s:5:\"title\";s:34:\"View reports, updates, and errors.\";}}','system',0,0,1,0,5,2,0,1,19,0,0,0,0,0,0,0,0),('user-menu',20,2,'user/password','user/password','Request new password','a:0:{}','system',-1,0,0,0,0,2,0,2,20,0,0,0,0,0,0,0,0),('management',21,1,'admin/structure','admin/structure','Structure','a:1:{s:10:\"attributes\";a:1:{s:5:\"title\";s:45:\"Administer blocks, content types, menus, etc.\";}}','system',0,0,1,0,-8,2,0,1,21,0,0,0,0,0,0,0,0),('management',22,1,'admin/tasks','admin/tasks','Tasks','a:0:{}','system',-1,0,0,0,-20,2,0,1,22,0,0,0,0,0,0,0,0),('navigation',23,0,'comment/reply/%','comment/reply/%','Add new comment','a:0:{}','system',0,0,0,0,0,1,0,23,0,0,0,0,0,0,0,0,0),('navigation',24,3,'comment/%/approve','comment/%/approve','Approve','a:0:{}','system',0,0,0,0,1,2,0,3,24,0,0,0,0,0,0,0,0),('navigation',25,4,'filter/tips/%','filter/tips/%','Compose tips','a:0:{}','system',0,0,0,0,0,2,0,4,25,0,0,0,0,0,0,0,0),('navigation',26,3,'comment/%/delete','comment/%/delete','Delete','a:0:{}','system',-1,0,0,0,2,2,0,3,26,0,0,0,0,0,0,0,0),('navigation',27,3,'comment/%/edit','comment/%/edit','Edit','a:0:{}','system',-1,0,0,0,0,2,0,3,27,0,0,0,0,0,0,0,0),('navigation',28,0,'taxonomy/term/%','taxonomy/term/%','Taxonomy term','a:0:{}','system',0,0,0,0,0,1,0,28,0,0,0,0,0,0,0,0,0),('navigation',29,3,'comment/%/view','comment/%/view','View comment','a:0:{}','system',-1,0,0,0,-10,2,0,3,29,0,0,0,0,0,0,0,0),('management',30,18,'admin/people/create','admin/people/create','Add user','a:0:{}','system',-1,0,0,0,0,3,0,1,18,30,0,0,0,0,0,0,0),('management',31,21,'admin/structure/block','admin/structure/block','Blocks','a:1:{s:10:\"attributes\";a:1:{s:5:\"title\";s:79:\"Configure what block content appears in your site\'s sidebars and other regions.\";}}','system',0,0,1,0,0,3,0,1,21,31,0,0,0,0,0,0,0),('navigation',32,17,'user/%/cancel','user/%/cancel','Cancel account','a:0:{}','system',0,0,1,0,0,2,0,17,32,0,0,0,0,0,0,0,0),('management',33,9,'admin/content/comment','admin/content/comment','Comments','a:1:{s:10:\"attributes\";a:1:{s:5:\"title\";s:59:\"List and edit site comments and the comment approval queue.\";}}','system',0,0,0,0,0,3,0,1,9,33,0,0,0,0,0,0,0),('management',34,11,'admin/dashboard/configure','admin/dashboard/configure','Configure available dashboard blocks','a:1:{s:10:\"attributes\";a:1:{s:5:\"title\";s:53:\"Configure which blocks can be shown on the dashboard.\";}}','system',-1,0,0,0,0,3,0,1,11,34,0,0,0,0,0,0,0),('management',35,9,'admin/content/node','admin/content/node','Content','a:0:{}','system',-1,0,0,0,-10,3,0,1,9,35,0,0,0,0,0,0,0),('management',36,8,'admin/config/content','admin/config/content','Content authoring','a:1:{s:10:\"attributes\";a:1:{s:5:\"title\";s:53:\"Settings related to formatting and authoring content.\";}}','system',0,0,1,0,-15,3,0,1,8,36,0,0,0,0,0,0,0),('management',37,21,'admin/structure/types','admin/structure/types','Content types','a:1:{s:10:\"attributes\";a:1:{s:5:\"title\";s:92:\"Manage content types, including default status, front page promotion, comment settings, etc.\";}}','system',0,0,1,0,0,3,0,1,21,37,0,0,0,0,0,0,0),('management',38,11,'admin/dashboard/customize','admin/dashboard/customize','Customize dashboard','a:1:{s:10:\"attributes\";a:1:{s:5:\"title\";s:25:\"Customize your dashboard.\";}}','system',-1,0,0,0,0,3,0,1,11,38,0,0,0,0,0,0,0),('navigation',39,5,'node/%/delete','node/%/delete','Delete','a:0:{}','system',-1,0,0,0,1,2,0,5,39,0,0,0,0,0,0,0,0),('management',40,8,'admin/config/development','admin/config/development','Development','a:1:{s:10:\"attributes\";a:1:{s:5:\"title\";s:18:\"Development tools.\";}}','system',0,0,1,0,-10,3,0,1,8,40,0,0,0,0,0,0,0),('navigation',41,17,'user/%/edit','user/%/edit','Edit','a:0:{}','system',-1,0,0,0,0,2,0,17,41,0,0,0,0,0,0,0,0),('navigation',42,5,'node/%/edit','node/%/edit','Edit','a:0:{}','system',-1,0,0,0,0,2,0,5,42,0,0,0,0,0,0,0,0),('management',43,19,'admin/reports/fields','admin/reports/fields','Field list','a:1:{s:10:\"attributes\";a:1:{s:5:\"title\";s:39:\"Overview of fields on all entity types.\";}}','system',0,0,0,0,0,3,0,1,19,43,0,0,0,0,0,0,0),('management',44,16,'admin/modules/list','admin/modules/list','List','a:0:{}','system',-1,0,0,0,0,3,0,1,16,44,0,0,0,0,0,0,0),('management',45,18,'admin/people/people','admin/people/people','List','a:1:{s:10:\"attributes\";a:1:{s:5:\"title\";s:50:\"Find and manage people interacting with your site.\";}}','system',-1,0,0,0,-10,3,0,1,18,45,0,0,0,0,0,0,0),('management',46,7,'admin/appearance/list','admin/appearance/list','List','a:1:{s:10:\"attributes\";a:1:{s:5:\"title\";s:31:\"Select and configure your theme\";}}','system',-1,0,0,0,-1,3,0,1,7,46,0,0,0,0,0,0,0),('management',47,8,'admin/config/media','admin/config/media','Media','a:1:{s:10:\"attributes\";a:1:{s:5:\"title\";s:12:\"Media tools.\";}}','system',0,0,1,0,-10,3,0,1,8,47,0,0,0,0,0,0,0),('management',48,21,'admin/structure/menu','admin/structure/menu','Menus','a:1:{s:10:\"attributes\";a:1:{s:5:\"title\";s:86:\"Add new menus to your site, edit existing menus, and rename and reorganize menu links.\";}}','system',0,0,1,0,0,3,0,1,21,48,0,0,0,0,0,0,0),('management',49,8,'admin/config/people','admin/config/people','People','a:1:{s:10:\"attributes\";a:1:{s:5:\"title\";s:24:\"Configure user accounts.\";}}','system',0,0,1,0,-20,3,0,1,8,49,0,0,0,0,0,0,0),('management',50,18,'admin/people/permissions','admin/people/permissions','Permissions','a:1:{s:10:\"attributes\";a:1:{s:5:\"title\";s:64:\"Determine access to features by selecting permissions for roles.\";}}','system',-1,0,0,0,0,3,0,1,18,50,0,0,0,0,0,0,0),('management',51,19,'admin/reports/dblog','admin/reports/dblog','Recent log messages','a:1:{s:10:\"attributes\";a:1:{s:5:\"title\";s:43:\"View events that have recently been logged.\";}}','system',0,0,0,0,-1,3,0,1,19,51,0,0,0,0,0,0,0),('management',52,8,'admin/config/regional','admin/config/regional','Regional and language','a:1:{s:10:\"attributes\";a:1:{s:5:\"title\";s:48:\"Regional settings, localization and translation.\";}}','system',0,0,1,0,-5,3,0,1,8,52,0,0,0,0,0,0,0),('navigation',53,5,'node/%/revisions','node/%/revisions','Revisions','a:0:{}','system',-1,0,1,0,2,2,0,5,53,0,0,0,0,0,0,0,0),('management',54,8,'admin/config/search','admin/config/search','Search and metadata','a:1:{s:10:\"attributes\";a:1:{s:5:\"title\";s:36:\"Local site search, metadata and SEO.\";}}','system',0,0,1,0,-10,3,0,1,8,54,0,0,0,0,0,0,0),('management',55,7,'admin/appearance/settings','admin/appearance/settings','Settings','a:1:{s:10:\"attributes\";a:1:{s:5:\"title\";s:46:\"Configure default and theme specific settings.\";}}','system',-1,0,0,0,20,3,0,1,7,55,0,0,0,0,0,0,0),('management',56,19,'admin/reports/status','admin/reports/status','Status report','a:1:{s:10:\"attributes\";a:1:{s:5:\"title\";s:74:\"Get a status report about your site\'s operation and any detected problems.\";}}','system',0,0,0,0,-60,3,0,1,19,56,0,0,0,0,0,0,0),('management',57,8,'admin/config/system','admin/config/system','System','a:1:{s:10:\"attributes\";a:1:{s:5:\"title\";s:37:\"General system related configuration.\";}}','system',0,0,1,0,-20,3,0,1,8,57,0,0,0,0,0,0,0),('management',58,21,'admin/structure/taxonomy','admin/structure/taxonomy','Taxonomy','a:1:{s:10:\"attributes\";a:1:{s:5:\"title\";s:67:\"Manage tagging, categorization, and classification of your content.\";}}','system',0,0,1,0,0,3,0,1,21,58,0,0,0,0,0,0,0),('management',59,19,'admin/reports/access-denied','admin/reports/access-denied','Top \'access denied\' errors','a:1:{s:10:\"attributes\";a:1:{s:5:\"title\";s:35:\"View \'access denied\' errors (403s).\";}}','system',0,0,0,0,0,3,0,1,19,59,0,0,0,0,0,0,0),('management',60,19,'admin/reports/page-not-found','admin/reports/page-not-found','Top \'page not found\' errors','a:1:{s:10:\"attributes\";a:1:{s:5:\"title\";s:36:\"View \'page not found\' errors (404s).\";}}','system',0,0,0,0,0,3,0,1,19,60,0,0,0,0,0,0,0),('management',61,16,'admin/modules/uninstall','admin/modules/uninstall','Uninstall','a:0:{}','system',-1,0,0,0,20,3,0,1,16,61,0,0,0,0,0,0,0),('management',62,8,'admin/config/user-interface','admin/config/user-interface','User interface','a:1:{s:10:\"attributes\";a:1:{s:5:\"title\";s:38:\"Tools that enhance the user interface.\";}}','system',0,0,1,0,-15,3,0,1,8,62,0,0,0,0,0,0,0),('navigation',63,5,'node/%/view','node/%/view','View','a:0:{}','system',-1,0,0,0,-10,2,0,5,63,0,0,0,0,0,0,0,0),('navigation',64,17,'user/%/view','user/%/view','View','a:0:{}','system',-1,0,0,0,-10,2,0,17,64,0,0,0,0,0,0,0,0),('management',65,8,'admin/config/services','admin/config/services','Web services','a:1:{s:10:\"attributes\";a:1:{s:5:\"title\";s:30:\"Tools related to web services.\";}}','system',0,0,1,0,0,3,0,1,8,65,0,0,0,0,0,0,0),('management',66,8,'admin/config/workflow','admin/config/workflow','Workflow','a:1:{s:10:\"attributes\";a:1:{s:5:\"title\";s:43:\"Content workflow, editorial workflow tools.\";}}','system',0,0,0,0,5,3,0,1,8,66,0,0,0,0,0,0,0),('management',67,12,'admin/help/block','admin/help/block','block','a:0:{}','system',-1,0,0,0,0,3,0,1,12,67,0,0,0,0,0,0,0),('management',68,12,'admin/help/color','admin/help/color','color','a:0:{}','system',-1,0,0,0,0,3,0,1,12,68,0,0,0,0,0,0,0),('management',69,12,'admin/help/comment','admin/help/comment','comment','a:0:{}','system',-1,0,0,0,0,3,0,1,12,69,0,0,0,0,0,0,0),('management',70,12,'admin/help/contextual','admin/help/contextual','contextual','a:0:{}','system',-1,0,0,0,0,3,0,1,12,70,0,0,0,0,0,0,0),('management',71,12,'admin/help/dashboard','admin/help/dashboard','dashboard','a:0:{}','system',-1,0,0,0,0,3,0,1,12,71,0,0,0,0,0,0,0),('management',72,12,'admin/help/dblog','admin/help/dblog','dblog','a:0:{}','system',-1,0,0,0,0,3,0,1,12,72,0,0,0,0,0,0,0),('management',73,12,'admin/help/field','admin/help/field','field','a:0:{}','system',-1,0,0,0,0,3,0,1,12,73,0,0,0,0,0,0,0),('management',74,12,'admin/help/field_sql_storage','admin/help/field_sql_storage','field_sql_storage','a:0:{}','system',-1,0,0,0,0,3,0,1,12,74,0,0,0,0,0,0,0),('management',75,12,'admin/help/field_ui','admin/help/field_ui','field_ui','a:0:{}','system',-1,0,0,0,0,3,0,1,12,75,0,0,0,0,0,0,0),('management',76,12,'admin/help/file','admin/help/file','file','a:0:{}','system',-1,0,0,0,0,3,0,1,12,76,0,0,0,0,0,0,0),('management',77,12,'admin/help/filter','admin/help/filter','filter','a:0:{}','system',-1,0,0,0,0,3,0,1,12,77,0,0,0,0,0,0,0),('management',78,12,'admin/help/help','admin/help/help','help','a:0:{}','system',-1,0,0,0,0,3,0,1,12,78,0,0,0,0,0,0,0),('management',79,12,'admin/help/image','admin/help/image','image','a:0:{}','system',-1,0,0,0,0,3,0,1,12,79,0,0,0,0,0,0,0),('management',80,12,'admin/help/list','admin/help/list','list','a:0:{}','system',-1,0,0,0,0,3,0,1,12,80,0,0,0,0,0,0,0),('management',81,12,'admin/help/locale','admin/help/locale','locale','a:0:{}','system',-1,0,0,0,0,3,0,1,12,81,0,0,0,0,0,0,0),('management',82,12,'admin/help/menu','admin/help/menu','menu','a:0:{}','system',-1,0,0,0,0,3,0,1,12,82,0,0,0,0,0,0,0),('management',83,12,'admin/help/node','admin/help/node','node','a:0:{}','system',-1,0,0,0,0,3,0,1,12,83,0,0,0,0,0,0,0),('management',84,12,'admin/help/options','admin/help/options','options','a:0:{}','system',-1,0,0,0,0,3,0,1,12,84,0,0,0,0,0,0,0),('management',85,12,'admin/help/system','admin/help/system','system','a:0:{}','system',-1,0,0,0,0,3,0,1,12,85,0,0,0,0,0,0,0),('management',86,12,'admin/help/taxonomy','admin/help/taxonomy','taxonomy','a:0:{}','system',-1,0,0,0,0,3,0,1,12,86,0,0,0,0,0,0,0),('management',87,12,'admin/help/text','admin/help/text','text','a:0:{}','system',-1,0,0,0,0,3,0,1,12,87,0,0,0,0,0,0,0),('management',88,12,'admin/help/user','admin/help/user','user','a:0:{}','system',-1,0,0,0,0,3,0,1,12,88,0,0,0,0,0,0,0),('navigation',89,28,'taxonomy/term/%/edit','taxonomy/term/%/edit','Edit','a:0:{}','system',-1,0,0,0,10,2,0,28,89,0,0,0,0,0,0,0,0),('navigation',90,28,'taxonomy/term/%/view','taxonomy/term/%/view','View','a:0:{}','system',-1,0,0,0,0,2,0,28,90,0,0,0,0,0,0,0,0),('management',91,58,'admin/structure/taxonomy/%','admin/structure/taxonomy/%','','a:0:{}','system',0,0,0,0,0,4,0,1,21,58,91,0,0,0,0,0,0),('management',92,49,'admin/config/people/accounts','admin/config/people/accounts','Account settings','a:1:{s:10:\"attributes\";a:1:{s:5:\"title\";s:109:\"Configure default behavior of users, including registration requirements, e-mails, fields, and user pictures.\";}}','system',0,0,0,0,-10,4,0,1,8,49,92,0,0,0,0,0,0),('management',93,57,'admin/config/system/actions','admin/config/system/actions','Actions','a:1:{s:10:\"attributes\";a:1:{s:5:\"title\";s:41:\"Manage the actions defined for your site.\";}}','system',0,0,1,0,0,4,0,1,8,57,93,0,0,0,0,0,0),('management',94,31,'admin/structure/block/add','admin/structure/block/add','Add block','a:0:{}','system',-1,0,0,0,0,4,0,1,21,31,94,0,0,0,0,0,0),('management',95,37,'admin/structure/types/add','admin/structure/types/add','Add content type','a:0:{}','system',-1,0,0,0,0,4,0,1,21,37,95,0,0,0,0,0,0),('management',96,48,'admin/structure/menu/add','admin/structure/menu/add','Add menu','a:0:{}','system',-1,0,0,0,0,4,0,1,21,48,96,0,0,0,0,0,0),('management',97,58,'admin/structure/taxonomy/add','admin/structure/taxonomy/add','Add vocabulary','a:0:{}','system',-1,0,0,0,0,4,0,1,21,58,97,0,0,0,0,0,0),('management',98,55,'admin/appearance/settings/bartik','admin/appearance/settings/bartik','Bartik','a:0:{}','system',-1,0,0,0,0,4,0,1,7,55,98,0,0,0,0,0,0),('management',99,54,'admin/config/search/clean-urls','admin/config/search/clean-urls','Clean URLs','a:1:{s:10:\"attributes\";a:1:{s:5:\"title\";s:43:\"Enable or disable clean URLs for your site.\";}}','system',0,0,0,0,5,4,0,1,8,54,99,0,0,0,0,0,0),('management',100,57,'admin/config/system/cron','admin/config/system/cron','Cron','a:1:{s:10:\"attributes\";a:1:{s:5:\"title\";s:40:\"Manage automatic site maintenance tasks.\";}}','system',0,0,0,0,20,4,0,1,8,57,100,0,0,0,0,0,0),('management',101,52,'admin/config/regional/date-time','admin/config/regional/date-time','Date and time','a:1:{s:10:\"attributes\";a:1:{s:5:\"title\";s:44:\"Configure display formats for date and time.\";}}','system',0,0,0,0,-15,4,0,1,8,52,101,0,0,0,0,0,0),('management',102,19,'admin/reports/event/%','admin/reports/event/%','Details','a:0:{}','system',0,0,0,0,0,3,0,1,19,102,0,0,0,0,0,0,0),('management',103,47,'admin/config/media/file-system','admin/config/media/file-system','File system','a:1:{s:10:\"attributes\";a:1:{s:5:\"title\";s:68:\"Tell Drupal where to store uploaded files and how they are accessed.\";}}','system',0,0,0,0,-10,4,0,1,8,47,103,0,0,0,0,0,0),('management',104,55,'admin/appearance/settings/garland','admin/appearance/settings/garland','Garland','a:0:{}','system',-1,0,0,0,0,4,0,1,7,55,104,0,0,0,0,0,0),('management',105,55,'admin/appearance/settings/global','admin/appearance/settings/global','Global settings','a:0:{}','system',-1,0,0,0,-1,4,0,1,7,55,105,0,0,0,0,0,0),('management',106,49,'admin/config/people/ip-blocking','admin/config/people/ip-blocking','IP address blocking','a:1:{s:10:\"attributes\";a:1:{s:5:\"title\";s:28:\"Manage blocked IP addresses.\";}}','system',0,0,1,0,10,4,0,1,8,49,106,0,0,0,0,0,0),('management',107,47,'admin/config/media/image-styles','admin/config/media/image-styles','Image styles','a:1:{s:10:\"attributes\";a:1:{s:5:\"title\";s:78:\"Configure styles that can be used for resizing or adjusting images on display.\";}}','system',0,0,1,0,0,4,0,1,8,47,107,0,0,0,0,0,0),('management',108,47,'admin/config/media/image-toolkit','admin/config/media/image-toolkit','Image toolkit','a:1:{s:10:\"attributes\";a:1:{s:5:\"title\";s:74:\"Choose which image toolkit to use if you have installed optional toolkits.\";}}','system',0,0,0,0,20,4,0,1,8,47,108,0,0,0,0,0,0),('management',109,52,'admin/config/regional/language','admin/config/regional/language','Languages','a:1:{s:10:\"attributes\";a:1:{s:5:\"title\";s:55:\"Configure languages for content and the user interface.\";}}','system',0,0,1,0,-10,4,0,1,8,52,109,0,0,0,0,0,0),('management',110,44,'admin/modules/list/confirm','admin/modules/list/confirm','List','a:0:{}','system',-1,0,0,0,0,4,0,1,16,44,110,0,0,0,0,0,0),('management',111,37,'admin/structure/types/list','admin/structure/types/list','List','a:0:{}','system',-1,0,0,0,-10,4,0,1,21,37,111,0,0,0,0,0,0),('management',112,58,'admin/structure/taxonomy/list','admin/structure/taxonomy/list','List','a:0:{}','system',-1,0,0,0,-10,4,0,1,21,58,112,0,0,0,0,0,0),('management',113,48,'admin/structure/menu/list','admin/structure/menu/list','List menus','a:0:{}','system',-1,0,0,0,-10,4,0,1,21,48,113,0,0,0,0,0,0),('management',114,40,'admin/config/development/logging','admin/config/development/logging','Logging and errors','a:1:{s:10:\"attributes\";a:1:{s:5:\"title\";s:154:\"Settings for logging and alerts modules. Various modules can route Drupal\'s system events to different destinations, such as syslog, database, email, etc.\";}}','system',0,0,0,0,-15,4,0,1,8,40,114,0,0,0,0,0,0),('management',115,40,'admin/config/development/maintenance','admin/config/development/maintenance','Maintenance mode','a:1:{s:10:\"attributes\";a:1:{s:5:\"title\";s:62:\"Take the site offline for maintenance or bring it back online.\";}}','system',0,0,0,0,-10,4,0,1,8,40,115,0,0,0,0,0,0),('management',116,40,'admin/config/development/performance','admin/config/development/performance','Performance','a:1:{s:10:\"attributes\";a:1:{s:5:\"title\";s:101:\"Enable or disable page caching for anonymous users and set CSS and JS bandwidth optimization options.\";}}','system',0,0,0,0,-20,4,0,1,8,40,116,0,0,0,0,0,0),('management',117,50,'admin/people/permissions/list','admin/people/permissions/list','Permissions','a:1:{s:10:\"attributes\";a:1:{s:5:\"title\";s:64:\"Determine access to features by selecting permissions for roles.\";}}','system',-1,0,0,0,-8,4,0,1,18,50,117,0,0,0,0,0,0),('management',118,33,'admin/content/comment/new','admin/content/comment/new','Published comments','a:0:{}','system',-1,0,0,0,-10,4,0,1,9,33,118,0,0,0,0,0,0),('management',119,65,'admin/config/services/rss-publishing','admin/config/services/rss-publishing','RSS publishing','a:1:{s:10:\"attributes\";a:1:{s:5:\"title\";s:114:\"Configure the site description, the number of items per feed and whether feeds should be titles/teasers/full-text.\";}}','system',0,0,0,0,0,4,0,1,8,65,119,0,0,0,0,0,0),('management',120,52,'admin/config/regional/settings','admin/config/regional/settings','Regional settings','a:1:{s:10:\"attributes\";a:1:{s:5:\"title\";s:54:\"Settings for the site\'s default time zone and country.\";}}','system',0,0,0,0,-20,4,0,1,8,52,120,0,0,0,0,0,0),('management',121,50,'admin/people/permissions/roles','admin/people/permissions/roles','Roles','a:1:{s:10:\"attributes\";a:1:{s:5:\"title\";s:30:\"List, edit, or add user roles.\";}}','system',-1,0,1,0,-5,4,0,1,18,50,121,0,0,0,0,0,0),('management',122,48,'admin/structure/menu/settings','admin/structure/menu/settings','Settings','a:0:{}','system',-1,0,0,0,5,4,0,1,21,48,122,0,0,0,0,0,0),('management',123,55,'admin/appearance/settings/seven','admin/appearance/settings/seven','Seven','a:0:{}','system',-1,0,0,0,0,4,0,1,7,55,123,0,0,0,0,0,0),('management',124,57,'admin/config/system/site-information','admin/config/system/site-information','Site information','a:1:{s:10:\"attributes\";a:1:{s:5:\"title\";s:104:\"Change site name, e-mail address, slogan, default front page, and number of posts per page, error pages.\";}}','system',0,0,0,0,-20,4,0,1,8,57,124,0,0,0,0,0,0),('management',125,55,'admin/appearance/settings/stark','admin/appearance/settings/stark','Stark','a:0:{}','system',-1,0,0,0,0,4,0,1,7,55,125,0,0,0,0,0,0),('management',126,36,'admin/config/content/formats','admin/config/content/formats','Text formats','a:1:{s:10:\"attributes\";a:1:{s:5:\"title\";s:127:\"Configure how content input by users is filtered, including allowed HTML tags. Also allows enabling of module-provided filters.\";}}','system',0,0,1,0,0,4,0,1,8,36,126,0,0,0,0,0,0),('management',127,52,'admin/config/regional/translate','admin/config/regional/translate','Translate interface','a:1:{s:10:\"attributes\";a:1:{s:5:\"title\";s:59:\"Translate the built in interface and optionally other text.\";}}','system',0,0,1,0,-5,4,0,1,8,52,127,0,0,0,0,0,0),('management',128,33,'admin/content/comment/approval','admin/content/comment/approval','Unapproved comments','a:0:{}','system',-1,0,0,0,0,4,0,1,9,33,128,0,0,0,0,0,0),('management',129,61,'admin/modules/uninstall/confirm','admin/modules/uninstall/confirm','Uninstall','a:0:{}','system',-1,0,0,0,0,4,0,1,16,61,129,0,0,0,0,0,0),('navigation',130,41,'user/%/edit/account','user/%/edit/account','Account','a:0:{}','system',-1,0,0,0,0,3,0,17,41,130,0,0,0,0,0,0,0),('management',131,126,'admin/config/content/formats/%','admin/config/content/formats/%','','a:0:{}','system',0,0,1,0,0,5,0,1,8,36,126,131,0,0,0,0,0),('management',132,109,'admin/config/regional/language/add','admin/config/regional/language/add','Add language','a:0:{}','system',-1,0,0,0,5,5,0,1,8,52,109,132,0,0,0,0,0),('management',133,107,'admin/config/media/image-styles/add','admin/config/media/image-styles/add','Add style','a:1:{s:10:\"attributes\";a:1:{s:5:\"title\";s:22:\"Add a new image style.\";}}','system',-1,0,0,0,2,5,0,1,8,47,107,133,0,0,0,0,0),('management',134,91,'admin/structure/taxonomy/%/add','admin/structure/taxonomy/%/add','Add term','a:0:{}','system',-1,0,0,0,0,5,0,1,21,58,91,134,0,0,0,0,0),('management',135,126,'admin/config/content/formats/add','admin/config/content/formats/add','Add text format','a:0:{}','system',-1,0,0,0,1,5,0,1,8,36,126,135,0,0,0,0,0),('management',136,31,'admin/structure/block/list/bartik','admin/structure/block/list/bartik','Bartik','a:0:{}','system',-1,0,0,0,-10,4,0,1,21,31,136,0,0,0,0,0,0),('management',137,93,'admin/config/system/actions/configure','admin/config/system/actions/configure','Configure an advanced action','a:0:{}','system',-1,0,0,0,0,5,0,1,8,57,93,137,0,0,0,0,0),('management',138,48,'admin/structure/menu/manage/%','admin/structure/menu/manage/%','Customize menu','a:0:{}','system',0,0,1,0,0,4,0,1,21,48,138,0,0,0,0,0,0),('management',139,109,'admin/config/regional/language/configure','admin/config/regional/language/configure','Detection and selection','a:0:{}','system',-1,0,0,0,10,5,0,1,8,52,109,139,0,0,0,0,0),('management',140,91,'admin/structure/taxonomy/%/edit','admin/structure/taxonomy/%/edit','Edit','a:0:{}','system',-1,0,0,0,-10,5,0,1,21,58,91,140,0,0,0,0,0),('management',141,37,'admin/structure/types/manage/%','admin/structure/types/manage/%','Edit content type','a:0:{}','system',0,0,1,0,0,4,0,1,21,37,141,0,0,0,0,0,0),('management',142,127,'admin/config/regional/translate/export','admin/config/regional/translate/export','Export','a:0:{}','system',-1,0,0,0,30,5,0,1,8,52,127,142,0,0,0,0,0),('management',143,101,'admin/config/regional/date-time/formats','admin/config/regional/date-time/formats','Formats','a:1:{s:10:\"attributes\";a:1:{s:5:\"title\";s:51:\"Configure display format strings for date and time.\";}}','system',-1,0,1,0,-9,5,0,1,8,52,101,143,0,0,0,0,0),('management',144,31,'admin/structure/block/list/garland','admin/structure/block/list/garland','Garland','a:0:{}','system',-1,0,0,0,0,4,0,1,21,31,144,0,0,0,0,0,0),('management',145,127,'admin/config/regional/translate/import','admin/config/regional/translate/import','Import','a:0:{}','system',-1,0,0,0,20,5,0,1,8,52,127,145,0,0,0,0,0),('management',146,91,'admin/structure/taxonomy/%/list','admin/structure/taxonomy/%/list','List','a:0:{}','system',-1,0,0,0,-20,5,0,1,21,58,91,146,0,0,0,0,0),('management',147,126,'admin/config/content/formats/list','admin/config/content/formats/list','List','a:0:{}','system',-1,0,0,0,0,5,0,1,8,36,126,147,0,0,0,0,0),('management',148,109,'admin/config/regional/language/overview','admin/config/regional/language/overview','List','a:0:{}','system',-1,0,0,0,0,5,0,1,8,52,109,148,0,0,0,0,0),('management',149,107,'admin/config/media/image-styles/list','admin/config/media/image-styles/list','List','a:1:{s:10:\"attributes\";a:1:{s:5:\"title\";s:42:\"List the current image styles on the site.\";}}','system',-1,0,0,0,1,5,0,1,8,47,107,149,0,0,0,0,0),('management',150,101,'admin/config/regional/date-time/locale','admin/config/regional/date-time/locale','Localize','a:1:{s:10:\"attributes\";a:1:{s:5:\"title\";s:38:\"Configure date formats for each locale\";}}','system',-1,0,1,0,-8,5,0,1,8,52,101,150,0,0,0,0,0),('management',151,93,'admin/config/system/actions/manage','admin/config/system/actions/manage','Manage actions','a:1:{s:10:\"attributes\";a:1:{s:5:\"title\";s:41:\"Manage the actions defined for your site.\";}}','system',-1,0,0,0,-2,5,0,1,8,57,93,151,0,0,0,0,0),('management',152,127,'admin/config/regional/translate/overview','admin/config/regional/translate/overview','Overview','a:0:{}','system',-1,0,0,0,0,5,0,1,8,52,127,152,0,0,0,0,0),('management',153,92,'admin/config/people/accounts/settings','admin/config/people/accounts/settings','Settings','a:0:{}','system',-1,0,0,0,-10,5,0,1,8,49,92,153,0,0,0,0,0),('management',154,31,'admin/structure/block/list/seven','admin/structure/block/list/seven','Seven','a:0:{}','system',-1,0,0,0,0,4,0,1,21,31,154,0,0,0,0,0,0),('management',155,31,'admin/structure/block/list/stark','admin/structure/block/list/stark','Stark','a:0:{}','system',-1,0,0,0,0,4,0,1,21,31,155,0,0,0,0,0,0),('management',156,127,'admin/config/regional/translate/translate','admin/config/regional/translate/translate','Translate','a:0:{}','system',-1,0,0,0,10,5,0,1,8,52,127,156,0,0,0,0,0),('management',157,101,'admin/config/regional/date-time/types','admin/config/regional/date-time/types','Types','a:1:{s:10:\"attributes\";a:1:{s:5:\"title\";s:44:\"Configure display formats for date and time.\";}}','system',-1,0,1,0,-10,5,0,1,8,52,101,157,0,0,0,0,0),('navigation',158,53,'node/%/revisions/%/delete','node/%/revisions/%/delete','Delete earlier revision','a:0:{}','system',0,0,0,0,0,3,0,5,53,158,0,0,0,0,0,0,0),('navigation',159,53,'node/%/revisions/%/revert','node/%/revisions/%/revert','Revert to earlier revision','a:0:{}','system',0,0,0,0,0,3,0,5,53,159,0,0,0,0,0,0,0),('navigation',160,53,'node/%/revisions/%/view','node/%/revisions/%/view','Revisions','a:0:{}','system',0,0,0,0,0,3,0,5,53,160,0,0,0,0,0,0,0),('management',161,144,'admin/structure/block/list/garland/add','admin/structure/block/list/garland/add','Add block','a:0:{}','system',-1,0,0,0,0,5,0,1,21,31,144,161,0,0,0,0,0),('management',162,154,'admin/structure/block/list/seven/add','admin/structure/block/list/seven/add','Add block','a:0:{}','system',-1,0,0,0,0,5,0,1,21,31,154,162,0,0,0,0,0),('management',163,155,'admin/structure/block/list/stark/add','admin/structure/block/list/stark/add','Add block','a:0:{}','system',-1,0,0,0,0,5,0,1,21,31,155,163,0,0,0,0,0),('management',164,157,'admin/config/regional/date-time/types/add','admin/config/regional/date-time/types/add','Add date type','a:1:{s:10:\"attributes\";a:1:{s:5:\"title\";s:18:\"Add new date type.\";}}','system',-1,0,0,0,-10,6,0,1,8,52,101,157,164,0,0,0,0),('management',165,143,'admin/config/regional/date-time/formats/add','admin/config/regional/date-time/formats/add','Add format','a:1:{s:10:\"attributes\";a:1:{s:5:\"title\";s:43:\"Allow users to add additional date formats.\";}}','system',-1,0,0,0,-10,6,0,1,8,52,101,143,165,0,0,0,0),('management',166,138,'admin/structure/menu/manage/%/add','admin/structure/menu/manage/%/add','Add link','a:0:{}','system',-1,0,0,0,0,5,0,1,21,48,138,166,0,0,0,0,0),('management',167,31,'admin/structure/block/manage/%/%','admin/structure/block/manage/%/%','Configure block','a:0:{}','system',0,0,0,0,0,4,0,1,21,31,167,0,0,0,0,0,0),('management',168,109,'admin/config/regional/language/delete/%','admin/config/regional/language/delete/%','Confirm','a:0:{}','system',0,0,0,0,0,5,0,1,8,52,109,168,0,0,0,0,0),('navigation',169,32,'user/%/cancel/confirm/%/%','user/%/cancel/confirm/%/%','Confirm account cancellation','a:0:{}','system',0,0,0,0,0,3,0,17,32,169,0,0,0,0,0,0,0),('management',170,141,'admin/structure/types/manage/%/delete','admin/structure/types/manage/%/delete','Delete','a:0:{}','system',0,0,0,0,0,5,0,1,21,37,141,170,0,0,0,0,0),('management',171,106,'admin/config/people/ip-blocking/delete/%','admin/config/people/ip-blocking/delete/%','Delete IP address','a:0:{}','system',0,0,0,0,0,5,0,1,8,49,106,171,0,0,0,0,0),('management',172,93,'admin/config/system/actions/delete/%','admin/config/system/actions/delete/%','Delete action','a:1:{s:10:\"attributes\";a:1:{s:5:\"title\";s:17:\"Delete an action.\";}}','system',0,0,0,0,0,5,0,1,8,57,93,172,0,0,0,0,0),('management',173,138,'admin/structure/menu/manage/%/delete','admin/structure/menu/manage/%/delete','Delete menu','a:0:{}','system',0,0,0,0,0,5,0,1,21,48,138,173,0,0,0,0,0),('management',174,48,'admin/structure/menu/item/%/delete','admin/structure/menu/item/%/delete','Delete menu link','a:0:{}','system',0,0,0,0,0,4,0,1,21,48,174,0,0,0,0,0,0),('management',175,121,'admin/people/permissions/roles/delete/%','admin/people/permissions/roles/delete/%','Delete role','a:0:{}','system',0,0,0,0,0,5,0,1,18,50,121,175,0,0,0,0,0),('management',176,127,'admin/config/regional/translate/delete/%','admin/config/regional/translate/delete/%','Delete string','a:0:{}','system',0,0,0,0,0,5,0,1,8,52,127,176,0,0,0,0,0),('management',177,131,'admin/config/content/formats/%/disable','admin/config/content/formats/%/disable','Disable text format','a:0:{}','system',0,0,0,0,0,6,0,1,8,36,126,131,177,0,0,0,0),('management',178,141,'admin/structure/types/manage/%/edit','admin/structure/types/manage/%/edit','Edit','a:0:{}','system',-1,0,0,0,0,5,0,1,21,37,141,178,0,0,0,0,0),('management',179,109,'admin/config/regional/language/edit/%','admin/config/regional/language/edit/%','Edit language','a:0:{}','system',0,0,0,0,0,5,0,1,8,52,109,179,0,0,0,0,0),('management',180,138,'admin/structure/menu/manage/%/edit','admin/structure/menu/manage/%/edit','Edit menu','a:0:{}','system',-1,0,0,0,0,5,0,1,21,48,138,180,0,0,0,0,0),('management',181,48,'admin/structure/menu/item/%/edit','admin/structure/menu/item/%/edit','Edit menu link','a:0:{}','system',0,0,0,0,0,4,0,1,21,48,181,0,0,0,0,0,0),('management',182,121,'admin/people/permissions/roles/edit/%','admin/people/permissions/roles/edit/%','Edit role','a:0:{}','system',0,0,0,0,0,5,0,1,18,50,121,182,0,0,0,0,0),('management',183,127,'admin/config/regional/translate/edit/%','admin/config/regional/translate/edit/%','Edit string','a:0:{}','system',0,0,0,0,0,5,0,1,8,52,127,183,0,0,0,0,0),('management',184,107,'admin/config/media/image-styles/edit/%','admin/config/media/image-styles/edit/%','Edit style','a:1:{s:10:\"attributes\";a:1:{s:5:\"title\";s:25:\"Configure an image style.\";}}','system',0,0,1,0,0,5,0,1,8,47,107,184,0,0,0,0,0),('management',185,138,'admin/structure/menu/manage/%/list','admin/structure/menu/manage/%/list','List links','a:0:{}','system',-1,0,0,0,-10,5,0,1,21,48,138,185,0,0,0,0,0),('management',186,48,'admin/structure/menu/item/%/reset','admin/structure/menu/item/%/reset','Reset menu link','a:0:{}','system',0,0,0,0,0,4,0,1,21,48,186,0,0,0,0,0,0),('management',187,139,'admin/config/regional/language/configure/session','admin/config/regional/language/configure/session','Session language detection configuration','a:0:{}','system',-1,0,0,0,0,6,0,1,8,52,109,139,187,0,0,0,0),('management',188,139,'admin/config/regional/language/configure/url','admin/config/regional/language/configure/url','URL language detection configuration','a:0:{}','system',-1,0,0,0,0,6,0,1,8,52,109,139,188,0,0,0,0),('management',189,107,'admin/config/media/image-styles/delete/%','admin/config/media/image-styles/delete/%','Delete style','a:1:{s:10:\"attributes\";a:1:{s:5:\"title\";s:22:\"Delete an image style.\";}}','system',0,0,0,0,0,5,0,1,8,47,107,189,0,0,0,0,0),('management',190,107,'admin/config/media/image-styles/revert/%','admin/config/media/image-styles/revert/%','Revert style','a:1:{s:10:\"attributes\";a:1:{s:5:\"title\";s:22:\"Revert an image style.\";}}','system',0,0,0,0,0,5,0,1,8,47,107,190,0,0,0,0,0),('management',191,141,'admin/structure/types/manage/%/comment/display','admin/structure/types/manage/%/comment/display','Comment display','a:0:{}','system',-1,0,0,0,4,5,0,1,21,37,141,191,0,0,0,0,0),('management',192,141,'admin/structure/types/manage/%/comment/fields','admin/structure/types/manage/%/comment/fields','Comment fields','a:0:{}','system',-1,0,1,0,3,5,0,1,21,37,141,192,0,0,0,0,0),('management',193,167,'admin/structure/block/manage/%/%/configure','admin/structure/block/manage/%/%/configure','Configure block','a:0:{}','system',-1,0,0,0,0,5,0,1,21,31,167,193,0,0,0,0,0),('management',194,167,'admin/structure/block/manage/%/%/delete','admin/structure/block/manage/%/%/delete','Delete block','a:0:{}','system',-1,0,0,0,0,5,0,1,21,31,167,194,0,0,0,0,0),('management',195,143,'admin/config/regional/date-time/formats/%/delete','admin/config/regional/date-time/formats/%/delete','Delete date format','a:1:{s:10:\"attributes\";a:1:{s:5:\"title\";s:47:\"Allow users to delete a configured date format.\";}}','system',0,0,0,0,0,6,0,1,8,52,101,143,195,0,0,0,0),('management',196,157,'admin/config/regional/date-time/types/%/delete','admin/config/regional/date-time/types/%/delete','Delete date type','a:1:{s:10:\"attributes\";a:1:{s:5:\"title\";s:45:\"Allow users to delete a configured date type.\";}}','system',0,0,0,0,0,6,0,1,8,52,101,157,196,0,0,0,0),('management',197,143,'admin/config/regional/date-time/formats/%/edit','admin/config/regional/date-time/formats/%/edit','Edit date format','a:1:{s:10:\"attributes\";a:1:{s:5:\"title\";s:45:\"Allow users to edit a configured date format.\";}}','system',0,0,0,0,0,6,0,1,8,52,101,143,197,0,0,0,0),('management',198,150,'admin/config/regional/date-time/locale/%/edit','admin/config/regional/date-time/locale/%/edit','Localize date formats','a:1:{s:10:\"attributes\";a:1:{s:5:\"title\";s:38:\"Configure date formats for each locale\";}}','system',0,0,0,0,0,6,0,1,8,52,101,150,198,0,0,0,0),('management',199,150,'admin/config/regional/date-time/locale/%/reset','admin/config/regional/date-time/locale/%/reset','Reset date formats','a:1:{s:10:\"attributes\";a:1:{s:5:\"title\";s:47:\"Reset localized date formats to global defaults\";}}','system',0,0,0,0,0,6,0,1,8,52,101,150,199,0,0,0,0),('management',200,184,'admin/config/media/image-styles/edit/%/add/%','admin/config/media/image-styles/edit/%/add/%','Add image effect','a:1:{s:10:\"attributes\";a:1:{s:5:\"title\";s:28:\"Add a new effect to a style.\";}}','system',0,0,0,0,0,6,0,1,8,47,107,184,200,0,0,0,0),('management',201,184,'admin/config/media/image-styles/edit/%/effects/%','admin/config/media/image-styles/edit/%/effects/%','Edit image effect','a:1:{s:10:\"attributes\";a:1:{s:5:\"title\";s:39:\"Edit an existing effect within a style.\";}}','system',0,0,1,0,0,6,0,1,8,47,107,184,201,0,0,0,0),('management',202,201,'admin/config/media/image-styles/edit/%/effects/%/delete','admin/config/media/image-styles/edit/%/effects/%/delete','Delete image effect','a:1:{s:10:\"attributes\";a:1:{s:5:\"title\";s:39:\"Delete an existing effect from a style.\";}}','system',0,0,0,0,0,7,0,1,8,47,107,184,201,202,0,0,0),('management',203,48,'admin/structure/menu/manage/main-menu','admin/structure/menu/manage/%','Menu principal','a:0:{}','menu',0,0,0,0,0,4,0,1,21,48,203,0,0,0,0,0,0),('management',204,48,'admin/structure/menu/manage/management','admin/structure/menu/manage/%','Management','a:0:{}','menu',0,0,0,0,0,4,0,1,21,48,204,0,0,0,0,0,0),('management',205,48,'admin/structure/menu/manage/navigation','admin/structure/menu/manage/%','Navigation','a:0:{}','menu',0,0,0,0,0,4,0,1,21,48,205,0,0,0,0,0,0),('management',206,48,'admin/structure/menu/manage/user-menu','admin/structure/menu/manage/%','User menu','a:0:{}','menu',0,0,0,0,0,4,0,1,21,48,206,0,0,0,0,0,0),('navigation',207,0,'search','search','Search','a:0:{}','system',1,0,0,0,0,1,0,207,0,0,0,0,0,0,0,0,0),('navigation',208,207,'search/node','search/node','Content','a:0:{}','system',-1,0,0,0,-10,2,0,207,208,0,0,0,0,0,0,0,0),('navigation',209,207,'search/user','search/user','Users','a:0:{}','system',-1,0,0,0,0,2,0,207,209,0,0,0,0,0,0,0,0),('navigation',210,208,'search/node/%','search/node/%','Content','a:0:{}','system',-1,0,0,0,0,3,0,207,208,210,0,0,0,0,0,0,0),('navigation',211,17,'user/%/shortcuts','user/%/shortcuts','Shortcuts','a:0:{}','system',-1,0,0,0,0,2,0,17,211,0,0,0,0,0,0,0,0),('management',212,19,'admin/reports/search','admin/reports/search','Top search phrases','a:1:{s:10:\"attributes\";a:1:{s:5:\"title\";s:33:\"View most popular search phrases.\";}}','system',0,0,0,0,0,3,0,1,19,212,0,0,0,0,0,0,0),('navigation',213,209,'search/user/%','search/user/%','Users','a:0:{}','system',-1,0,0,0,0,3,0,207,209,213,0,0,0,0,0,0,0),('management',214,12,'admin/help/number','admin/help/number','number','a:0:{}','system',-1,0,0,0,0,3,0,1,12,214,0,0,0,0,0,0,0),('management',215,12,'admin/help/overlay','admin/help/overlay','overlay','a:0:{}','system',-1,0,0,0,0,3,0,1,12,215,0,0,0,0,0,0,0),('management',216,12,'admin/help/path','admin/help/path','path','a:0:{}','system',-1,0,0,0,0,3,0,1,12,216,0,0,0,0,0,0,0),('management',217,12,'admin/help/rdf','admin/help/rdf','rdf','a:0:{}','system',-1,0,0,0,0,3,0,1,12,217,0,0,0,0,0,0,0),('management',218,12,'admin/help/search','admin/help/search','search','a:0:{}','system',-1,0,0,0,0,3,0,1,12,218,0,0,0,0,0,0,0),('management',219,12,'admin/help/shortcut','admin/help/shortcut','shortcut','a:0:{}','system',-1,0,0,0,0,3,0,1,12,219,0,0,0,0,0,0,0),('management',220,54,'admin/config/search/settings','admin/config/search/settings','Search settings','a:1:{s:10:\"attributes\";a:1:{s:5:\"title\";s:67:\"Configure relevance settings for search and other indexing options.\";}}','system',0,0,0,0,-10,4,0,1,8,54,220,0,0,0,0,0,0),('management',221,62,'admin/config/user-interface/shortcut','admin/config/user-interface/shortcut','Shortcuts','a:1:{s:10:\"attributes\";a:1:{s:5:\"title\";s:29:\"Add and modify shortcut sets.\";}}','system',0,0,1,0,0,4,0,1,8,62,221,0,0,0,0,0,0),('management',222,54,'admin/config/search/path','admin/config/search/path','URL aliases','a:1:{s:10:\"attributes\";a:1:{s:5:\"title\";s:46:\"Change your site\'s URL paths by aliasing them.\";}}','system',0,0,1,0,-5,4,0,1,8,54,222,0,0,0,0,0,0),('management',223,222,'admin/config/search/path/add','admin/config/search/path/add','Add alias','a:0:{}','system',-1,0,0,0,0,5,0,1,8,54,222,223,0,0,0,0,0),('management',224,221,'admin/config/user-interface/shortcut/add-set','admin/config/user-interface/shortcut/add-set','Add shortcut set','a:0:{}','system',-1,0,0,0,0,5,0,1,8,62,221,224,0,0,0,0,0),('management',225,220,'admin/config/search/settings/reindex','admin/config/search/settings/reindex','Clear index','a:0:{}','system',-1,0,0,0,0,5,0,1,8,54,220,225,0,0,0,0,0),('management',226,221,'admin/config/user-interface/shortcut/%','admin/config/user-interface/shortcut/%','Edit shortcuts','a:0:{}','system',0,0,1,0,0,5,0,1,8,62,221,226,0,0,0,0,0),('management',227,222,'admin/config/search/path/list','admin/config/search/path/list','List','a:0:{}','system',-1,0,0,0,-10,5,0,1,8,54,222,227,0,0,0,0,0),('management',228,226,'admin/config/user-interface/shortcut/%/add-link','admin/config/user-interface/shortcut/%/add-link','Add shortcut','a:0:{}','system',-1,0,0,0,0,6,0,1,8,62,221,226,228,0,0,0,0),('management',229,222,'admin/config/search/path/delete/%','admin/config/search/path/delete/%','Delete alias','a:0:{}','system',0,0,0,0,0,5,0,1,8,54,222,229,0,0,0,0,0),('management',230,226,'admin/config/user-interface/shortcut/%/delete','admin/config/user-interface/shortcut/%/delete','Delete shortcut set','a:0:{}','system',0,0,0,0,0,6,0,1,8,62,221,226,230,0,0,0,0),('management',231,222,'admin/config/search/path/edit/%','admin/config/search/path/edit/%','Edit alias','a:0:{}','system',0,0,0,0,0,5,0,1,8,54,222,231,0,0,0,0,0),('management',232,226,'admin/config/user-interface/shortcut/%/edit','admin/config/user-interface/shortcut/%/edit','Edit set name','a:0:{}','system',-1,0,0,0,10,6,0,1,8,62,221,226,232,0,0,0,0),('management',233,221,'admin/config/user-interface/shortcut/link/%','admin/config/user-interface/shortcut/link/%','Edit shortcut','a:0:{}','system',0,0,1,0,0,5,0,1,8,62,221,233,0,0,0,0,0),('management',234,226,'admin/config/user-interface/shortcut/%/links','admin/config/user-interface/shortcut/%/links','List links','a:0:{}','system',-1,0,0,0,0,6,0,1,8,62,221,226,234,0,0,0,0),('management',235,233,'admin/config/user-interface/shortcut/link/%/delete','admin/config/user-interface/shortcut/link/%/delete','Delete shortcut','a:0:{}','system',0,0,0,0,0,6,0,1,8,62,221,233,235,0,0,0,0),('shortcut-set-1',236,0,'node/add','node/add','Ajouter du contenu','a:0:{}','menu',0,0,0,0,-20,1,0,236,0,0,0,0,0,0,0,0,0),('shortcut-set-1',237,0,'admin/content','admin/content','Rechercher des contenus','a:0:{}','menu',0,0,0,0,-19,1,0,237,0,0,0,0,0,0,0,0,0),('main-menu',238,0,'<front>','','Accueil','a:0:{}','menu',0,1,0,0,0,1,0,238,0,0,0,0,0,0,0,0,0),('navigation',239,6,'node/add/article','node/add/article','Article','a:1:{s:10:\"attributes\";a:1:{s:5:\"title\";s:153:\"Utilisez les <em>articles</em> pour des contenus possédant une temporalité tels que des actualités, des communiqués de presse ou des billets de blog.\";}}','system',0,0,0,0,0,2,0,6,239,0,0,0,0,0,0,0,0),('navigation',240,6,'node/add/page','node/add/page','Page de base','a:1:{s:10:\"attributes\";a:1:{s:5:\"title\";s:99:\"Utilisez les <em>pages de base</em> pour votre contenu statique, tel que la page \'Qui sommes-nous\'.\";}}','system',0,0,0,0,0,2,0,6,240,0,0,0,0,0,0,0,0),('management',241,12,'admin/help/toolbar','admin/help/toolbar','toolbar','a:0:{}','system',-1,0,0,0,0,3,0,1,12,241,0,0,0,0,0,0,0),('management',242,19,'admin/reports/updates','admin/reports/updates','Available updates','a:1:{s:10:\"attributes\";a:1:{s:5:\"title\";s:82:\"Get a status report about available updates for your installed modules and themes.\";}}','system',0,0,0,0,-50,3,0,1,19,242,0,0,0,0,0,0,0),('management',243,16,'admin/modules/install','admin/modules/install','Install new module','a:0:{}','system',-1,0,0,0,25,3,0,1,16,243,0,0,0,0,0,0,0),('management',244,7,'admin/appearance/install','admin/appearance/install','Install new theme','a:0:{}','system',-1,0,0,0,25,3,0,1,7,244,0,0,0,0,0,0,0),('management',245,16,'admin/modules/update','admin/modules/update','Update','a:0:{}','system',-1,0,0,0,10,3,0,1,16,245,0,0,0,0,0,0,0),('management',246,7,'admin/appearance/update','admin/appearance/update','Update','a:0:{}','system',-1,0,0,0,10,3,0,1,7,246,0,0,0,0,0,0,0),('management',247,12,'admin/help/update','admin/help/update','update','a:0:{}','system',-1,0,0,0,0,3,0,1,12,247,0,0,0,0,0,0,0),('management',248,242,'admin/reports/updates/install','admin/reports/updates/install','Install new module or theme','a:0:{}','system',-1,0,0,0,25,4,0,1,19,242,248,0,0,0,0,0,0),('management',249,242,'admin/reports/updates/list','admin/reports/updates/list','List','a:0:{}','system',-1,0,0,0,0,4,0,1,19,242,249,0,0,0,0,0,0),('management',250,242,'admin/reports/updates/settings','admin/reports/updates/settings','Settings','a:0:{}','system',-1,0,0,0,50,4,0,1,19,242,250,0,0,0,0,0,0),('management',251,242,'admin/reports/updates/update','admin/reports/updates/update','Update','a:0:{}','system',-1,0,0,0,10,4,0,1,19,242,251,0,0,0,0,0,0),('management',252,91,'admin/structure/taxonomy/%/display','admin/structure/taxonomy/%/display','Manage display','a:0:{}','system',-1,0,0,0,2,5,0,1,21,58,91,252,0,0,0,0,0),('management',253,92,'admin/config/people/accounts/display','admin/config/people/accounts/display','Manage display','a:0:{}','system',-1,0,0,0,2,5,0,1,8,49,92,253,0,0,0,0,0),('management',254,91,'admin/structure/taxonomy/%/fields','admin/structure/taxonomy/%/fields','Manage fields','a:0:{}','system',-1,0,1,0,1,5,0,1,21,58,91,254,0,0,0,0,0),('management',255,92,'admin/config/people/accounts/fields','admin/config/people/accounts/fields','Manage fields','a:0:{}','system',-1,0,1,0,1,5,0,1,8,49,92,255,0,0,0,0,0),('management',256,253,'admin/config/people/accounts/display/full','admin/config/people/accounts/display/full','Compte utilisateur','a:0:{}','system',-1,0,0,0,0,6,0,1,8,49,92,253,256,0,0,0,0),('management',257,141,'admin/structure/types/manage/%/display','admin/structure/types/manage/%/display','Manage display','a:0:{}','system',-1,0,0,0,2,5,0,1,21,37,141,257,0,0,0,0,0),('management',258,141,'admin/structure/types/manage/%/fields','admin/structure/types/manage/%/fields','Manage fields','a:0:{}','system',-1,0,1,0,1,5,0,1,21,37,141,258,0,0,0,0,0),('management',259,252,'admin/structure/taxonomy/%/display/full','admin/structure/taxonomy/%/display/full','Page d\'un terme de taxonomie','a:0:{}','system',-1,0,0,0,0,6,0,1,21,58,91,252,259,0,0,0,0),('management',260,252,'admin/structure/taxonomy/%/display/default','admin/structure/taxonomy/%/display/default','Par défaut','a:0:{}','system',-1,0,0,0,-10,6,0,1,21,58,91,252,260,0,0,0,0),('management',261,253,'admin/config/people/accounts/display/default','admin/config/people/accounts/display/default','Par défaut','a:0:{}','system',-1,0,0,0,-10,6,0,1,8,49,92,253,261,0,0,0,0),('management',262,255,'admin/config/people/accounts/fields/%','admin/config/people/accounts/fields/%','','a:0:{}','system',0,0,0,0,0,6,0,1,8,49,92,255,262,0,0,0,0),('management',263,254,'admin/structure/taxonomy/%/fields/%','admin/structure/taxonomy/%/fields/%','','a:0:{}','system',0,0,0,0,0,6,0,1,21,58,91,254,263,0,0,0,0),('management',264,257,'admin/structure/types/manage/%/display/teaser','admin/structure/types/manage/%/display/teaser','Accroche','a:0:{}','system',-1,0,0,0,1,6,0,1,21,37,141,257,264,0,0,0,0),('management',265,257,'admin/structure/types/manage/%/display/full','admin/structure/types/manage/%/display/full','Contenu complet','a:0:{}','system',-1,0,0,0,0,6,0,1,21,37,141,257,265,0,0,0,0),('management',266,257,'admin/structure/types/manage/%/display/search_result','admin/structure/types/manage/%/display/search_result','Effectuer une recherche en mettant en évidence les données saisies','a:0:{}','system',-1,0,0,0,4,6,0,1,21,37,141,257,266,0,0,0,0),('management',267,257,'admin/structure/types/manage/%/display/search_index','admin/structure/types/manage/%/display/search_index','Index de recherche','a:0:{}','system',-1,0,0,0,3,6,0,1,21,37,141,257,267,0,0,0,0),('management',268,257,'admin/structure/types/manage/%/display/default','admin/structure/types/manage/%/display/default','Par défaut','a:0:{}','system',-1,0,0,0,-10,6,0,1,21,37,141,257,268,0,0,0,0),('management',269,257,'admin/structure/types/manage/%/display/rss','admin/structure/types/manage/%/display/rss','RSS','a:0:{}','system',-1,0,0,0,2,6,0,1,21,37,141,257,269,0,0,0,0),('management',270,258,'admin/structure/types/manage/%/fields/%','admin/structure/types/manage/%/fields/%','','a:0:{}','system',0,0,0,0,0,6,0,1,21,37,141,258,270,0,0,0,0),('management',271,263,'admin/structure/taxonomy/%/fields/%/delete','admin/structure/taxonomy/%/fields/%/delete','Delete','a:0:{}','system',-1,0,0,0,10,7,0,1,21,58,91,254,263,271,0,0,0),('management',272,263,'admin/structure/taxonomy/%/fields/%/edit','admin/structure/taxonomy/%/fields/%/edit','Edit','a:0:{}','system',-1,0,0,0,0,7,0,1,21,58,91,254,263,272,0,0,0),('management',273,263,'admin/structure/taxonomy/%/fields/%/field-settings','admin/structure/taxonomy/%/fields/%/field-settings','Field settings','a:0:{}','system',-1,0,0,0,0,7,0,1,21,58,91,254,263,273,0,0,0),('management',274,263,'admin/structure/taxonomy/%/fields/%/widget-type','admin/structure/taxonomy/%/fields/%/widget-type','Widget type','a:0:{}','system',-1,0,0,0,0,7,0,1,21,58,91,254,263,274,0,0,0),('management',275,262,'admin/config/people/accounts/fields/%/delete','admin/config/people/accounts/fields/%/delete','Delete','a:0:{}','system',-1,0,0,0,10,7,0,1,8,49,92,255,262,275,0,0,0),('management',276,262,'admin/config/people/accounts/fields/%/edit','admin/config/people/accounts/fields/%/edit','Edit','a:0:{}','system',-1,0,0,0,0,7,0,1,8,49,92,255,262,276,0,0,0),('management',277,262,'admin/config/people/accounts/fields/%/field-settings','admin/config/people/accounts/fields/%/field-settings','Field settings','a:0:{}','system',-1,0,0,0,0,7,0,1,8,49,92,255,262,277,0,0,0),('management',278,262,'admin/config/people/accounts/fields/%/widget-type','admin/config/people/accounts/fields/%/widget-type','Widget type','a:0:{}','system',-1,0,0,0,0,7,0,1,8,49,92,255,262,278,0,0,0),('management',279,191,'admin/structure/types/manage/%/comment/display/full','admin/structure/types/manage/%/comment/display/full','Commentaire complet','a:0:{}','system',-1,0,0,0,0,6,0,1,21,37,141,191,279,0,0,0,0),('management',280,191,'admin/structure/types/manage/%/comment/display/default','admin/structure/types/manage/%/comment/display/default','Par défaut','a:0:{}','system',-1,0,0,0,-10,6,0,1,21,37,141,191,280,0,0,0,0),('management',281,192,'admin/structure/types/manage/%/comment/fields/%','admin/structure/types/manage/%/comment/fields/%','','a:0:{}','system',0,0,0,0,0,6,0,1,21,37,141,192,281,0,0,0,0),('management',282,270,'admin/structure/types/manage/%/fields/%/delete','admin/structure/types/manage/%/fields/%/delete','Delete','a:0:{}','system',-1,0,0,0,10,7,0,1,21,37,141,258,270,282,0,0,0),('management',283,270,'admin/structure/types/manage/%/fields/%/edit','admin/structure/types/manage/%/fields/%/edit','Edit','a:0:{}','system',-1,0,0,0,0,7,0,1,21,37,141,258,270,283,0,0,0),('management',284,270,'admin/structure/types/manage/%/fields/%/field-settings','admin/structure/types/manage/%/fields/%/field-settings','Field settings','a:0:{}','system',-1,0,0,0,0,7,0,1,21,37,141,258,270,284,0,0,0),('management',285,270,'admin/structure/types/manage/%/fields/%/widget-type','admin/structure/types/manage/%/fields/%/widget-type','Widget type','a:0:{}','system',-1,0,0,0,0,7,0,1,21,37,141,258,270,285,0,0,0),('management',286,281,'admin/structure/types/manage/%/comment/fields/%/delete','admin/structure/types/manage/%/comment/fields/%/delete','Delete','a:0:{}','system',-1,0,0,0,10,7,0,1,21,37,141,192,281,286,0,0,0),('management',287,281,'admin/structure/types/manage/%/comment/fields/%/edit','admin/structure/types/manage/%/comment/fields/%/edit','Edit','a:0:{}','system',-1,0,0,0,0,7,0,1,21,37,141,192,281,287,0,0,0),('management',288,281,'admin/structure/types/manage/%/comment/fields/%/field-settings','admin/structure/types/manage/%/comment/fields/%/field-settings','Field settings','a:0:{}','system',-1,0,0,0,0,7,0,1,21,37,141,192,281,288,0,0,0),('management',289,281,'admin/structure/types/manage/%/comment/fields/%/widget-type','admin/structure/types/manage/%/comment/fields/%/widget-type','Widget type','a:0:{}','system',-1,0,0,0,0,7,0,1,21,37,141,192,281,289,0,0,0);

--
-- Table structure for table `dru5919_menu_router`
--

CREATE TABLE `dru5919_menu_router` (
  `path` varchar(255) NOT NULL DEFAULT '' COMMENT 'Primary Key: the Drupal path this entry describes',
  `load_functions` blob NOT NULL COMMENT 'A serialized array of function names (like node_load) to be called to load an object corresponding to a part of the current path.',
  `to_arg_functions` blob NOT NULL COMMENT 'A serialized array of function names (like user_uid_optional_to_arg) to be called to replace a part of the router path with another string.',
  `access_callback` varchar(255) NOT NULL DEFAULT '' COMMENT 'The callback which determines the access to this router path. Defaults to user_access.',
  `access_arguments` blob COMMENT 'A serialized array of arguments for the access callback.',
  `page_callback` varchar(255) NOT NULL DEFAULT '' COMMENT 'The name of the function that renders the page.',
  `page_arguments` blob COMMENT 'A serialized array of arguments for the page callback.',
  `delivery_callback` varchar(255) NOT NULL DEFAULT '' COMMENT 'The name of the function that sends the result of the page_callback function to the browser.',
  `fit` int(11) NOT NULL DEFAULT '0' COMMENT 'A numeric representation of how specific the path is.',
  `number_parts` smallint(6) NOT NULL DEFAULT '0' COMMENT 'Number of parts in this router path.',
  `context` int(11) NOT NULL DEFAULT '0' COMMENT 'Only for local tasks (tabs) - the context of a local task to control its placement.',
  `tab_parent` varchar(255) NOT NULL DEFAULT '' COMMENT 'Only for local tasks (tabs) - the router path of the parent page (which may also be a local task).',
  `tab_root` varchar(255) NOT NULL DEFAULT '' COMMENT 'Router path of the closest non-tab parent page. For pages that are not local tasks, this will be the same as the path.',
  `title` varchar(255) NOT NULL DEFAULT '' COMMENT 'The title for the current page, or the title for the tab if this is a local task.',
  `title_callback` varchar(255) NOT NULL DEFAULT '' COMMENT 'A function which will alter the title. Defaults to t()',
  `title_arguments` varchar(255) NOT NULL DEFAULT '' COMMENT 'A serialized array of arguments for the title callback. If empty, the title will be used as the sole argument for the title callback.',
  `theme_callback` varchar(255) NOT NULL DEFAULT '' COMMENT 'A function which returns the name of the theme that will be used to render this page. If left empty, the default theme will be used.',
  `theme_arguments` varchar(255) NOT NULL DEFAULT '' COMMENT 'A serialized array of arguments for the theme callback.',
  `type` int(11) NOT NULL DEFAULT '0' COMMENT 'Numeric representation of the type of the menu item, like MENU_LOCAL_TASK.',
  `description` text NOT NULL COMMENT 'A description of this item.',
  `position` varchar(255) NOT NULL DEFAULT '' COMMENT 'The position of the block (left or right) on the system administration page for this item.',
  `weight` int(11) NOT NULL DEFAULT '0' COMMENT 'Weight of the element. Lighter weights are higher up, heavier weights go down.',
  `include_file` mediumtext COMMENT 'The file to include for this element, usually the page callback function lives in this file.',
  PRIMARY KEY (`path`),
  KEY `fit` (`fit`),
  KEY `tab_parent` (`tab_parent`(64),`weight`,`title`),
  KEY `tab_root_weight_title` (`tab_root`(64),`weight`,`title`)
) ENGINE=InnoDB DEFAULT CHARSET=utf8 COMMENT='Maps paths to various callbacks (access, page and title)';

--
-- Dumping data for table `dru5919_menu_router`
--

INSERT INTO `dru5919_menu_router` VALUES ('admin','','','user_access','a:1:{i:0;s:27:\"access administration pages\";}','system_admin_menu_block_page','a:0:{}','',1,1,0,'','admin','Administration','t','','','a:0:{}',6,'','',9,'modules/system/system.admin.inc'),('admin/appearance','','','user_access','a:1:{i:0;s:17:\"administer themes\";}','system_themes_page','a:0:{}','',3,2,0,'','admin/appearance','Appearance','t','','','a:0:{}',6,'Select and configure your themes.','left',-6,'modules/system/system.admin.inc'),('admin/appearance/default','','','user_access','a:1:{i:0;s:17:\"administer themes\";}','system_theme_default','a:0:{}','',7,3,0,'','admin/appearance/default','Set default theme','t','','','a:0:{}',0,'','',0,'modules/system/system.admin.inc'),('admin/appearance/disable','','','user_access','a:1:{i:0;s:17:\"administer themes\";}','system_theme_disable','a:0:{}','',7,3,0,'','admin/appearance/disable','Disable theme','t','','','a:0:{}',0,'','',0,'modules/system/system.admin.inc'),('admin/appearance/enable','','','user_access','a:1:{i:0;s:17:\"administer themes\";}','system_theme_enable','a:0:{}','',7,3,0,'','admin/appearance/enable','Enable theme','t','','','a:0:{}',0,'','',0,'modules/system/system.admin.inc'),('admin/appearance/install','','','update_manager_access','a:0:{}','drupal_get_form','a:2:{i:0;s:27:\"update_manager_install_form\";i:1;s:5:\"theme\";}','',7,3,1,'admin/appearance','admin/appearance','Install new theme','t','','','a:0:{}',388,'','',25,'modules/update/update.manager.inc'),('admin/appearance/list','','','user_access','a:1:{i:0;s:17:\"administer themes\";}','system_themes_page','a:0:{}','',7,3,1,'admin/appearance','admin/appearance','List','t','','','a:0:{}',140,'Select and configure your theme','',-1,'modules/system/system.admin.inc'),('admin/appearance/settings','','','user_access','a:1:{i:0;s:17:\"administer themes\";}','drupal_get_form','a:1:{i:0;s:21:\"system_theme_settings\";}','',7,3,1,'admin/appearance','admin/appearance','Settings','t','','','a:0:{}',132,'Configure default and theme specific settings.','',20,'modules/system/system.admin.inc'),('admin/appearance/settings/bartik','','','_system_themes_access','a:1:{i:0;O:8:\"stdClass\":12:{s:8:\"filename\";s:25:\"themes/bartik/bartik.info\";s:4:\"name\";s:6:\"bartik\";s:4:\"type\";s:5:\"theme\";s:5:\"owner\";s:45:\"themes/engines/phptemplate/phptemplate.engine\";s:6:\"status\";s:1:\"1\";s:9:\"bootstrap\";s:1:\"0\";s:14:\"schema_version\";s:2:\"-1\";s:6:\"weight\";s:1:\"0\";s:4:\"info\";a:19:{s:4:\"name\";s:6:\"Bartik\";s:11:\"description\";s:48:\"A flexible, recolorable theme with many regions.\";s:7:\"package\";s:4:\"Core\";s:7:\"version\";s:4:\"7.41\";s:4:\"core\";s:3:\"7.x\";s:11:\"stylesheets\";a:2:{s:3:\"all\";a:3:{s:14:\"css/layout.css\";s:28:\"themes/bartik/css/layout.css\";s:13:\"css/style.css\";s:27:\"themes/bartik/css/style.css\";s:14:\"css/colors.css\";s:28:\"themes/bartik/css/colors.css\";}s:5:\"print\";a:1:{s:13:\"css/print.css\";s:27:\"themes/bartik/css/print.css\";}}s:7:\"regions\";a:20:{s:6:\"header\";s:6:\"Header\";s:4:\"help\";s:4:\"Help\";s:8:\"page_top\";s:8:\"Page top\";s:11:\"page_bottom\";s:11:\"Page bottom\";s:11:\"highlighted\";s:11:\"Highlighted\";s:8:\"featured\";s:8:\"Featured\";s:7:\"content\";s:7:\"Content\";s:13:\"sidebar_first\";s:13:\"Sidebar first\";s:14:\"sidebar_second\";s:14:\"Sidebar second\";s:14:\"triptych_first\";s:14:\"Triptych first\";s:15:\"triptych_middle\";s:15:\"Triptych middle\";s:13:\"triptych_last\";s:13:\"Triptych last\";s:18:\"footer_firstcolumn\";s:19:\"Footer first column\";s:19:\"footer_secondcolumn\";s:20:\"Footer second column\";s:18:\"footer_thirdcolumn\";s:19:\"Footer third column\";s:19:\"footer_fourthcolumn\";s:20:\"Footer fourth column\";s:6:\"footer\";s:6:\"Footer\";s:14:\"dashboard_main\";s:16:\"Dashboard (main)\";s:17:\"dashboard_sidebar\";s:19:\"Dashboard (sidebar)\";s:18:\"dashboard_inactive\";s:20:\"Dashboard (inactive)\";}s:8:\"settings\";a:1:{s:20:\"shortcut_module_link\";s:1:\"0\";}s:7:\"project\";s:6:\"drupal\";s:9:\"datestamp\";s:10:\"1445457729\";s:6:\"engine\";s:11:\"phptemplate\";s:8:\"features\";a:9:{i:0;s:4:\"logo\";i:1;s:7:\"favicon\";i:2;s:4:\"name\";i:3;s:6:\"slogan\";i:4;s:17:\"node_user_picture\";i:5;s:20:\"comment_user_picture\";i:6;s:25:\"comment_user_verification\";i:7;s:9:\"main_menu\";i:8;s:14:\"secondary_menu\";}s:10:\"screenshot\";s:28:\"themes/bartik/screenshot.png\";s:3:\"php\";s:5:\"5.2.4\";s:7:\"scripts\";a:0:{}s:5:\"mtime\";i:1445457729;s:15:\"overlay_regions\";a:5:{i:0;s:14:\"dashboard_main\";i:1;s:17:\"dashboard_sidebar\";i:2;s:18:\"dashboard_inactive\";i:3;s:7:\"content\";i:4;s:4:\"help\";}s:14:\"regions_hidden\";a:2:{i:0;s:8:\"page_top\";i:1;s:11:\"page_bottom\";}s:28:\"overlay_supplemental_regions\";a:1:{i:0;s:8:\"page_top\";}}s:6:\"prefix\";s:11:\"phptemplate\";s:11:\"stylesheets\";a:2:{s:3:\"all\";a:3:{s:14:\"css/layout.css\";s:28:\"themes/bartik/css/layout.css\";s:13:\"css/style.css\";s:27:\"themes/bartik/css/style.css\";s:14:\"css/colors.css\";s:28:\"themes/bartik/css/colors.css\";}s:5:\"print\";a:1:{s:13:\"css/print.css\";s:27:\"themes/bartik/css/print.css\";}}s:6:\"engine\";s:11:\"phptemplate\";}}','drupal_get_form','a:2:{i:0;s:21:\"system_theme_settings\";i:1;s:6:\"bartik\";}','',15,4,1,'admin/appearance/settings','admin/appearance','Bartik','t','','','a:0:{}',132,'','',0,'modules/system/system.admin.inc'),('admin/appearance/settings/garland','','','_system_themes_access','a:1:{i:0;O:8:\"stdClass\":12:{s:8:\"filename\";s:27:\"themes/garland/garland.info\";s:4:\"name\";s:7:\"garland\";s:4:\"type\";s:5:\"theme\";s:5:\"owner\";s:45:\"themes/engines/phptemplate/phptemplate.engine\";s:6:\"status\";s:1:\"0\";s:9:\"bootstrap\";s:1:\"0\";s:14:\"schema_version\";s:2:\"-1\";s:6:\"weight\";s:1:\"0\";s:4:\"info\";a:19:{s:4:\"name\";s:7:\"Garland\";s:11:\"description\";s:111:\"A multi-column theme which can be configured to modify colors and switch between fixed and fluid width layouts.\";s:7:\"package\";s:4:\"Core\";s:7:\"version\";s:4:\"7.41\";s:4:\"core\";s:3:\"7.x\";s:11:\"stylesheets\";a:2:{s:3:\"all\";a:1:{s:9:\"style.css\";s:24:\"themes/garland/style.css\";}s:5:\"print\";a:1:{s:9:\"print.css\";s:24:\"themes/garland/print.css\";}}s:8:\"settings\";a:1:{s:13:\"garland_width\";s:5:\"fluid\";}s:7:\"project\";s:6:\"drupal\";s:9:\"datestamp\";s:10:\"1445457729\";s:6:\"engine\";s:11:\"phptemplate\";s:7:\"regions\";a:12:{s:13:\"sidebar_first\";s:12:\"Left sidebar\";s:14:\"sidebar_second\";s:13:\"Right sidebar\";s:7:\"content\";s:7:\"Content\";s:6:\"header\";s:6:\"Header\";s:6:\"footer\";s:6:\"Footer\";s:11:\"highlighted\";s:11:\"Highlighted\";s:4:\"help\";s:4:\"Help\";s:8:\"page_top\";s:8:\"Page top\";s:11:\"page_bottom\";s:11:\"Page bottom\";s:14:\"dashboard_main\";s:16:\"Dashboard (main)\";s:17:\"dashboard_sidebar\";s:19:\"Dashboard (sidebar)\";s:18:\"dashboard_inactive\";s:20:\"Dashboard (inactive)\";}s:8:\"features\";a:9:{i:0;s:4:\"logo\";i:1;s:7:\"favicon\";i:2;s:4:\"name\";i:3;s:6:\"slogan\";i:4;s:17:\"node_user_picture\";i:5;s:20:\"comment_user_picture\";i:6;s:25:\"comment_user_verification\";i:7;s:9:\"main_menu\";i:8;s:14:\"secondary_menu\";}s:10:\"screenshot\";s:29:\"themes/garland/screenshot.png\";s:3:\"php\";s:5:\"5.2.4\";s:7:\"scripts\";a:0:{}s:5:\"mtime\";i:1445457729;s:15:\"overlay_regions\";a:5:{i:0;s:14:\"dashboard_main\";i:1;s:17:\"dashboard_sidebar\";i:2;s:18:\"dashboard_inactive\";i:3;s:7:\"content\";i:4;s:4:\"help\";}s:14:\"regions_hidden\";a:2:{i:0;s:8:\"page_top\";i:1;s:11:\"page_bottom\";}s:28:\"overlay_supplemental_regions\";a:1:{i:0;s:8:\"page_top\";}}s:6:\"prefix\";s:11:\"phptemplate\";s:11:\"stylesheets\";a:2:{s:3:\"all\";a:1:{s:9:\"style.css\";s:24:\"themes/garland/style.css\";}s:5:\"print\";a:1:{s:9:\"print.css\";s:24:\"themes/garland/print.css\";}}s:6:\"engine\";s:11:\"phptemplate\";}}','drupal_get_form','a:2:{i:0;s:21:\"system_theme_settings\";i:1;s:7:\"garland\";}','',15,4,1,'admin/appearance/settings','admin/appearance','Garland','t','','','a:0:{}',132,'','',0,'modules/system/system.admin.inc'),('admin/appearance/settings/global','','','user_access','a:1:{i:0;s:17:\"administer themes\";}','drupal_get_form','a:1:{i:0;s:21:\"system_theme_settings\";}','',15,4,1,'admin/appearance/settings','admin/appearance','Global settings','t','','','a:0:{}',140,'','',-1,'modules/system/system.admin.inc'),('admin/appearance/settings/seven','','','_system_themes_access','a:1:{i:0;O:8:\"stdClass\":12:{s:8:\"filename\";s:23:\"themes/seven/seven.info\";s:4:\"name\";s:5:\"seven\";s:4:\"type\";s:5:\"theme\";s:5:\"owner\";s:45:\"themes/engines/phptemplate/phptemplate.engine\";s:6:\"status\";s:1:\"1\";s:9:\"bootstrap\";s:1:\"0\";s:14:\"schema_version\";s:2:\"-1\";s:6:\"weight\";s:1:\"0\";s:4:\"info\";a:19:{s:4:\"name\";s:5:\"Seven\";s:11:\"description\";s:65:\"A simple one-column, tableless, fluid width administration theme.\";s:7:\"package\";s:4:\"Core\";s:7:\"version\";s:4:\"7.41\";s:4:\"core\";s:3:\"7.x\";s:11:\"stylesheets\";a:1:{s:6:\"screen\";a:2:{s:9:\"reset.css\";s:22:\"themes/seven/reset.css\";s:9:\"style.css\";s:22:\"themes/seven/style.css\";}}s:8:\"settings\";a:1:{s:20:\"shortcut_module_link\";s:1:\"1\";}s:7:\"regions\";a:8:{s:7:\"content\";s:7:\"Content\";s:4:\"help\";s:4:\"Help\";s:8:\"page_top\";s:8:\"Page top\";s:11:\"page_bottom\";s:11:\"Page bottom\";s:13:\"sidebar_first\";s:13:\"First sidebar\";s:14:\"dashboard_main\";s:16:\"Dashboard (main)\";s:17:\"dashboard_sidebar\";s:19:\"Dashboard (sidebar)\";s:18:\"dashboard_inactive\";s:20:\"Dashboard (inactive)\";}s:14:\"regions_hidden\";a:3:{i:0;s:13:\"sidebar_first\";i:1;s:8:\"page_top\";i:2;s:11:\"page_bottom\";}s:7:\"project\";s:6:\"drupal\";s:9:\"datestamp\";s:10:\"1445457729\";s:6:\"engine\";s:11:\"phptemplate\";s:8:\"features\";a:9:{i:0;s:4:\"logo\";i:1;s:7:\"favicon\";i:2;s:4:\"name\";i:3;s:6:\"slogan\";i:4;s:17:\"node_user_picture\";i:5;s:20:\"comment_user_picture\";i:6;s:25:\"comment_user_verification\";i:7;s:9:\"main_menu\";i:8;s:14:\"secondary_menu\";}s:10:\"screenshot\";s:27:\"themes/seven/screenshot.png\";s:3:\"php\";s:5:\"5.2.4\";s:7:\"scripts\";a:0:{}s:5:\"mtime\";i:1445457729;s:15:\"overlay_regions\";a:5:{i:0;s:14:\"dashboard_main\";i:1;s:17:\"dashboard_sidebar\";i:2;s:18:\"dashboard_inactive\";i:3;s:7:\"content\";i:4;s:4:\"help\";}s:28:\"overlay_supplemental_regions\";a:1:{i:0;s:8:\"page_top\";}}s:6:\"prefix\";s:11:\"phptemplate\";s:11:\"stylesheets\";a:1:{s:6:\"screen\";a:2:{s:9:\"reset.css\";s:22:\"themes/seven/reset.css\";s:9:\"style.css\";s:22:\"themes/seven/style.css\";}}s:6:\"engine\";s:11:\"phptemplate\";}}','drupal_get_form','a:2:{i:0;s:21:\"system_theme_settings\";i:1;s:5:\"seven\";}','',15,4,1,'admin/appearance/settings','admin/appearance','Seven','t','','','a:0:{}',132,'','',0,'modules/system/system.admin.inc'),('admin/appearance/settings/stark','','','_system_themes_access','a:1:{i:0;O:8:\"stdClass\":12:{s:8:\"filename\";s:23:\"themes/stark/stark.info\";s:4:\"name\";s:5:\"stark\";s:4:\"type\";s:5:\"theme\";s:5:\"owner\";s:45:\"themes/engines/phptemplate/phptemplate.engine\";s:6:\"status\";s:1:\"0\";s:9:\"bootstrap\";s:1:\"0\";s:14:\"schema_version\";s:2:\"-1\";s:6:\"weight\";s:1:\"0\";s:4:\"info\";a:18:{s:4:\"name\";s:5:\"Stark\";s:11:\"description\";s:208:\"This theme demonstrates Drupal\'s default HTML markup and CSS styles. To learn how to build your own theme and override Drupal\'s default code, see the <a href=\"http://drupal.org/theme-guide\">Theming Guide</a>.\";s:7:\"package\";s:4:\"Core\";s:7:\"version\";s:4:\"7.41\";s:4:\"core\";s:3:\"7.x\";s:11:\"stylesheets\";a:1:{s:3:\"all\";a:1:{s:10:\"layout.css\";s:23:\"themes/stark/layout.css\";}}s:7:\"project\";s:6:\"drupal\";s:9:\"datestamp\";s:10:\"1445457729\";s:6:\"engine\";s:11:\"phptemplate\";s:7:\"regions\";a:12:{s:13:\"sidebar_first\";s:12:\"Left sidebar\";s:14:\"sidebar_second\";s:13:\"Right sidebar\";s:7:\"content\";s:7:\"Content\";s:6:\"header\";s:6:\"Header\";s:6:\"footer\";s:6:\"Footer\";s:11:\"highlighted\";s:11:\"Highlighted\";s:4:\"help\";s:4:\"Help\";s:8:\"page_top\";s:8:\"Page top\";s:11:\"page_bottom\";s:11:\"Page bottom\";s:14:\"dashboard_main\";s:16:\"Dashboard (main)\";s:17:\"dashboard_sidebar\";s:19:\"Dashboard (sidebar)\";s:18:\"dashboard_inactive\";s:20:\"Dashboard (inactive)\";}s:8:\"features\";a:9:{i:0;s:4:\"logo\";i:1;s:7:\"favicon\";i:2;s:4:\"name\";i:3;s:6:\"slogan\";i:4;s:17:\"node_user_picture\";i:5;s:20:\"comment_user_picture\";i:6;s:25:\"comment_user_verification\";i:7;s:9:\"main_menu\";i:8;s:14:\"secondary_menu\";}s:10:\"screenshot\";s:27:\"themes/stark/screenshot.png\";s:3:\"php\";s:5:\"5.2.4\";s:7:\"scripts\";a:0:{}s:5:\"mtime\";i:1445457729;s:15:\"overlay_regions\";a:5:{i:0;s:14:\"dashboard_main\";i:1;s:17:\"dashboard_sidebar\";i:2;s:18:\"dashboard_inactive\";i:3;s:7:\"content\";i:4;s:4:\"help\";}s:14:\"regions_hidden\";a:2:{i:0;s:8:\"page_top\";i:1;s:11:\"page_bottom\";}s:28:\"overlay_supplemental_regions\";a:1:{i:0;s:8:\"page_top\";}}s:6:\"prefix\";s:11:\"phptemplate\";s:11:\"stylesheets\";a:1:{s:3:\"all\";a:1:{s:10:\"layout.css\";s:23:\"themes/stark/layout.css\";}}s:6:\"engine\";s:11:\"phptemplate\";}}','drupal_get_form','a:2:{i:0;s:21:\"system_theme_settings\";i:1;s:5:\"stark\";}','',15,4,1,'admin/appearance/settings','admin/appearance','Stark','t','','','a:0:{}',132,'','',0,'modules/system/system.admin.inc'),('admin/appearance/update','','','update_manager_access','a:0:{}','drupal_get_form','a:2:{i:0;s:26:\"update_manager_update_form\";i:1;s:5:\"theme\";}','',7,3,1,'admin/appearance','admin/appearance','Update','t','','','a:0:{}',132,'','',10,'modules/update/update.manager.inc'),('admin/compact','','','user_access','a:1:{i:0;s:27:\"access administration pages\";}','system_admin_compact_page','a:0:{}','',3,2,0,'','admin/compact','Compact mode','t','','','a:0:{}',0,'','',0,'modules/system/system.admin.inc'),('admin/config','','','user_access','a:1:{i:0;s:27:\"access administration pages\";}','system_admin_config_page','a:0:{}','',3,2,0,'','admin/config','Configuration','t','','','a:0:{}',6,'Administer settings.','',0,'modules/system/system.admin.inc'),('admin/config/content','','','user_access','a:1:{i:0;s:27:\"access administration pages\";}','system_admin_menu_block_page','a:0:{}','',7,3,0,'','admin/config/content','Content authoring','t','','','a:0:{}',6,'Settings related to formatting and authoring content.','left',-15,'modules/system/system.admin.inc'),('admin/config/content/formats','','','user_access','a:1:{i:0;s:18:\"administer filters\";}','drupal_get_form','a:1:{i:0;s:21:\"filter_admin_overview\";}','',15,4,0,'','admin/config/content/formats','Text formats','t','','','a:0:{}',6,'Configure how content input by users is filtered, including allowed HTML tags. Also allows enabling of module-provided filters.','',0,'modules/filter/filter.admin.inc'),('admin/config/content/formats/%','a:1:{i:4;s:18:\"filter_format_load\";}','','user_access','a:1:{i:0;s:18:\"administer filters\";}','filter_admin_format_page','a:1:{i:0;i:4;}','',30,5,0,'','admin/config/content/formats/%','','filter_admin_format_title','a:1:{i:0;i:4;}','','a:0:{}',6,'','',0,'modules/filter/filter.admin.inc'),('admin/config/content/formats/%/disable','a:1:{i:4;s:18:\"filter_format_load\";}','','_filter_disable_format_access','a:1:{i:0;i:4;}','drupal_get_form','a:2:{i:0;s:20:\"filter_admin_disable\";i:1;i:4;}','',61,6,0,'','admin/config/content/formats/%/disable','Disable text format','t','','','a:0:{}',6,'','',0,'modules/filter/filter.admin.inc'),('admin/config/content/formats/add','','','user_access','a:1:{i:0;s:18:\"administer filters\";}','filter_admin_format_page','a:0:{}','',31,5,1,'admin/config/content/formats','admin/config/content/formats','Add text format','t','','','a:0:{}',388,'','',1,'modules/filter/filter.admin.inc'),('admin/config/content/formats/list','','','user_access','a:1:{i:0;s:18:\"administer filters\";}','drupal_get_form','a:1:{i:0;s:21:\"filter_admin_overview\";}','',31,5,1,'admin/config/content/formats','admin/config/content/formats','List','t','','','a:0:{}',140,'','',0,'modules/filter/filter.admin.inc'),('admin/config/development','','','user_access','a:1:{i:0;s:27:\"access administration pages\";}','system_admin_menu_block_page','a:0:{}','',7,3,0,'','admin/config/development','Development','t','','','a:0:{}',6,'Development tools.','right',-10,'modules/system/system.admin.inc'),('admin/config/development/logging','','','user_access','a:1:{i:0;s:29:\"administer site configuration\";}','drupal_get_form','a:1:{i:0;s:23:\"system_logging_settings\";}','',15,4,0,'','admin/config/development/logging','Logging and errors','t','','','a:0:{}',6,'Settings for logging and alerts modules. Various modules can route Drupal\'s system events to different destinations, such as syslog, database, email, etc.','',-15,'modules/system/system.admin.inc'),('admin/config/development/maintenance','','','user_access','a:1:{i:0;s:29:\"administer site configuration\";}','drupal_get_form','a:1:{i:0;s:28:\"system_site_maintenance_mode\";}','',15,4,0,'','admin/config/development/maintenance','Maintenance mode','t','','','a:0:{}',6,'Take the site offline for maintenance or bring it back online.','',-10,'modules/system/system.admin.inc'),('admin/config/development/performance','','','user_access','a:1:{i:0;s:29:\"administer site configuration\";}','drupal_get_form','a:1:{i:0;s:27:\"system_performance_settings\";}','',15,4,0,'','admin/config/development/performance','Performance','t','','','a:0:{}',6,'Enable or disable page caching for anonymous users and set CSS and JS bandwidth optimization options.','',-20,'modules/system/system.admin.inc'),('admin/config/media','','','user_access','a:1:{i:0;s:27:\"access administration pages\";}','system_admin_menu_block_page','a:0:{}','',7,3,0,'','admin/config/media','Media','t','','','a:0:{}',6,'Media tools.','left',-10,'modules/system/system.admin.inc'),('admin/config/media/file-system','','','user_access','a:1:{i:0;s:29:\"administer site configuration\";}','drupal_get_form','a:1:{i:0;s:27:\"system_file_system_settings\";}','',15,4,0,'','admin/config/media/file-system','File system','t','','','a:0:{}',6,'Tell Drupal where to store uploaded files and how they are accessed.','',-10,'modules/system/system.admin.inc'),('admin/config/media/image-styles','','','user_access','a:1:{i:0;s:23:\"administer image styles\";}','image_style_list','a:0:{}','',15,4,0,'','admin/config/media/image-styles','Image styles','t','','','a:0:{}',6,'Configure styles that can be used for resizing or adjusting images on display.','',0,'modules/image/image.admin.inc'),('admin/config/media/image-styles/add','','','user_access','a:1:{i:0;s:23:\"administer image styles\";}','drupal_get_form','a:1:{i:0;s:20:\"image_style_add_form\";}','',31,5,1,'admin/config/media/image-styles','admin/config/media/image-styles','Add style','t','','','a:0:{}',388,'Add a new image style.','',2,'modules/image/image.admin.inc'),('admin/config/media/image-styles/delete/%','a:1:{i:5;a:1:{s:16:\"image_style_load\";a:2:{i:0;N;i:1;s:1:\"1\";}}}','','user_access','a:1:{i:0;s:23:\"administer image styles\";}','drupal_get_form','a:2:{i:0;s:23:\"image_style_delete_form\";i:1;i:5;}','',62,6,0,'','admin/config/media/image-styles/delete/%','Delete style','t','','','a:0:{}',6,'Delete an image style.','',0,'modules/image/image.admin.inc'),('admin/config/media/image-styles/edit/%','a:1:{i:5;s:16:\"image_style_load\";}','','user_access','a:1:{i:0;s:23:\"administer image styles\";}','drupal_get_form','a:2:{i:0;s:16:\"image_style_form\";i:1;i:5;}','',62,6,0,'','admin/config/media/image-styles/edit/%','Edit style','t','','','a:0:{}',6,'Configure an image style.','',0,'modules/image/image.admin.inc'),('admin/config/media/image-styles/edit/%/add/%','a:2:{i:5;a:1:{s:16:\"image_style_load\";a:1:{i:0;i:5;}}i:7;a:1:{s:28:\"image_effect_definition_load\";a:1:{i:0;i:5;}}}','','user_access','a:1:{i:0;s:23:\"administer image styles\";}','drupal_get_form','a:3:{i:0;s:17:\"image_effect_form\";i:1;i:5;i:2;i:7;}','',250,8,0,'','admin/config/media/image-styles/edit/%/add/%','Add image effect','t','','','a:0:{}',6,'Add a new effect to a style.','',0,'modules/image/image.admin.inc'),('admin/config/media/image-styles/edit/%/effects/%','a:2:{i:5;a:1:{s:16:\"image_style_load\";a:2:{i:0;i:5;i:1;s:1:\"3\";}}i:7;a:1:{s:17:\"image_effect_load\";a:2:{i:0;i:5;i:1;s:1:\"3\";}}}','','user_access','a:1:{i:0;s:23:\"administer image styles\";}','drupal_get_form','a:3:{i:0;s:17:\"image_effect_form\";i:1;i:5;i:2;i:7;}','',250,8,0,'','admin/config/media/image-styles/edit/%/effects/%','Edit image effect','t','','','a:0:{}',6,'Edit an existing effect within a style.','',0,'modules/image/image.admin.inc'),('admin/config/media/image-styles/edit/%/effects/%/delete','a:2:{i:5;a:1:{s:16:\"image_style_load\";a:2:{i:0;i:5;i:1;s:1:\"3\";}}i:7;a:1:{s:17:\"image_effect_load\";a:2:{i:0;i:5;i:1;s:1:\"3\";}}}','','user_access','a:1:{i:0;s:23:\"administer image styles\";}','drupal_get_form','a:3:{i:0;s:24:\"image_effect_delete_form\";i:1;i:5;i:2;i:7;}','',501,9,0,'','admin/config/media/image-styles/edit/%/effects/%/delete','Delete image effect','t','','','a:0:{}',6,'Delete an existing effect from a style.','',0,'modules/image/image.admin.inc'),('admin/config/media/image-styles/list','','','user_access','a:1:{i:0;s:23:\"administer image styles\";}','image_style_list','a:0:{}','',31,5,1,'admin/config/media/image-styles','admin/config/media/image-styles','List','t','','','a:0:{}',140,'List the current image styles on the site.','',1,'modules/image/image.admin.inc'),('admin/config/media/image-styles/revert/%','a:1:{i:5;a:1:{s:16:\"image_style_load\";a:2:{i:0;N;i:1;s:1:\"2\";}}}','','user_access','a:1:{i:0;s:23:\"administer image styles\";}','drupal_get_form','a:2:{i:0;s:23:\"image_style_revert_form\";i:1;i:5;}','',62,6,0,'','admin/config/media/image-styles/revert/%','Revert style','t','','','a:0:{}',6,'Revert an image style.','',0,'modules/image/image.admin.inc'),('admin/config/media/image-toolkit','','','user_access','a:1:{i:0;s:29:\"administer site configuration\";}','drupal_get_form','a:1:{i:0;s:29:\"system_image_toolkit_settings\";}','',15,4,0,'','admin/config/media/image-toolkit','Image toolkit','t','','','a:0:{}',6,'Choose which image toolkit to use if you have installed optional toolkits.','',20,'modules/system/system.admin.inc'),('admin/config/people','','','user_access','a:1:{i:0;s:27:\"access administration pages\";}','system_admin_menu_block_page','a:0:{}','',7,3,0,'','admin/config/people','People','t','','','a:0:{}',6,'Configure user accounts.','left',-20,'modules/system/system.admin.inc'),('admin/config/people/accounts','','','user_access','a:1:{i:0;s:16:\"administer users\";}','drupal_get_form','a:1:{i:0;s:19:\"user_admin_settings\";}','',15,4,0,'','admin/config/people/accounts','Account settings','t','','','a:0:{}',6,'Configure default behavior of users, including registration requirements, e-mails, fields, and user pictures.','',-10,'modules/user/user.admin.inc'),('admin/config/people/accounts/display','','','user_access','a:1:{i:0;s:16:\"administer users\";}','drupal_get_form','a:4:{i:0;s:30:\"field_ui_display_overview_form\";i:1;s:4:\"user\";i:2;s:4:\"user\";i:3;s:7:\"default\";}','',31,5,1,'admin/config/people/accounts','admin/config/people/accounts','Manage display','t','','','a:0:{}',132,'','',2,'modules/field_ui/field_ui.admin.inc'),('admin/config/people/accounts/display/default','','','_field_ui_view_mode_menu_access','a:5:{i:0;s:4:\"user\";i:1;s:4:\"user\";i:2;s:7:\"default\";i:3;s:11:\"user_access\";i:4;s:16:\"administer users\";}','drupal_get_form','a:4:{i:0;s:30:\"field_ui_display_overview_form\";i:1;s:4:\"user\";i:2;s:4:\"user\";i:3;s:7:\"default\";}','',63,6,1,'admin/config/people/accounts/display','admin/config/people/accounts','Par défaut','t','','','a:0:{}',140,'','',-10,'modules/field_ui/field_ui.admin.inc'),('admin/config/people/accounts/display/full','','','_field_ui_view_mode_menu_access','a:5:{i:0;s:4:\"user\";i:1;s:4:\"user\";i:2;s:4:\"full\";i:3;s:11:\"user_access\";i:4;s:16:\"administer users\";}','drupal_get_form','a:4:{i:0;s:30:\"field_ui_display_overview_form\";i:1;s:4:\"user\";i:2;s:4:\"user\";i:3;s:4:\"full\";}','',63,6,1,'admin/config/people/accounts/display','admin/config/people/accounts','Compte utilisateur','t','','','a:0:{}',132,'','',0,'modules/field_ui/field_ui.admin.inc'),('admin/config/people/accounts/fields','','','user_access','a:1:{i:0;s:16:\"administer users\";}','drupal_get_form','a:3:{i:0;s:28:\"field_ui_field_overview_form\";i:1;s:4:\"user\";i:2;s:4:\"user\";}','',31,5,1,'admin/config/people/accounts','admin/config/people/accounts','Manage fields','t','','','a:0:{}',132,'','',1,'modules/field_ui/field_ui.admin.inc'),('admin/config/people/accounts/fields/%','a:1:{i:5;a:1:{s:18:\"field_ui_menu_load\";a:4:{i:0;s:4:\"user\";i:1;s:4:\"user\";i:2;s:1:\"0\";i:3;s:4:\"%map\";}}}','','user_access','a:1:{i:0;s:16:\"administer users\";}','drupal_get_form','a:2:{i:0;s:24:\"field_ui_field_edit_form\";i:1;i:5;}','',62,6,0,'','admin/config/people/accounts/fields/%','','field_ui_menu_title','a:1:{i:0;i:5;}','','a:0:{}',6,'','',0,'modules/field_ui/field_ui.admin.inc'),('admin/config/people/accounts/fields/%/delete','a:1:{i:5;a:1:{s:18:\"field_ui_menu_load\";a:4:{i:0;s:4:\"user\";i:1;s:4:\"user\";i:2;s:1:\"0\";i:3;s:4:\"%map\";}}}','','user_access','a:1:{i:0;s:16:\"administer users\";}','drupal_get_form','a:2:{i:0;s:26:\"field_ui_field_delete_form\";i:1;i:5;}','',125,7,1,'admin/config/people/accounts/fields/%','admin/config/people/accounts/fields/%','Delete','t','','','a:0:{}',132,'','',10,'modules/field_ui/field_ui.admin.inc'),('admin/config/people/accounts/fields/%/edit','a:1:{i:5;a:1:{s:18:\"field_ui_menu_load\";a:4:{i:0;s:4:\"user\";i:1;s:4:\"user\";i:2;s:1:\"0\";i:3;s:4:\"%map\";}}}','','user_access','a:1:{i:0;s:16:\"administer users\";}','drupal_get_form','a:2:{i:0;s:24:\"field_ui_field_edit_form\";i:1;i:5;}','',125,7,1,'admin/config/people/accounts/fields/%','admin/config/people/accounts/fields/%','Edit','t','','','a:0:{}',140,'','',0,'modules/field_ui/field_ui.admin.inc'),('admin/config/people/accounts/fields/%/field-settings','a:1:{i:5;a:1:{s:18:\"field_ui_menu_load\";a:4:{i:0;s:4:\"user\";i:1;s:4:\"user\";i:2;s:1:\"0\";i:3;s:4:\"%map\";}}}','','user_access','a:1:{i:0;s:16:\"administer users\";}','drupal_get_form','a:2:{i:0;s:28:\"field_ui_field_settings_form\";i:1;i:5;}','',125,7,1,'admin/config/people/accounts/fields/%','admin/config/people/accounts/fields/%','Field settings','t','','','a:0:{}',132,'','',0,'modules/field_ui/field_ui.admin.inc'),('admin/config/people/accounts/fields/%/widget-type','a:1:{i:5;a:1:{s:18:\"field_ui_menu_load\";a:4:{i:0;s:4:\"user\";i:1;s:4:\"user\";i:2;s:1:\"0\";i:3;s:4:\"%map\";}}}','','user_access','a:1:{i:0;s:16:\"administer users\";}','drupal_get_form','a:2:{i:0;s:25:\"field_ui_widget_type_form\";i:1;i:5;}','',125,7,1,'admin/config/people/accounts/fields/%','admin/config/people/accounts/fields/%','Widget type','t','','','a:0:{}',132,'','',0,'modules/field_ui/field_ui.admin.inc'),('admin/config/people/accounts/settings','','','user_access','a:1:{i:0;s:16:\"administer users\";}','drupal_get_form','a:1:{i:0;s:19:\"user_admin_settings\";}','',31,5,1,'admin/config/people/accounts','admin/config/people/accounts','Settings','t','','','a:0:{}',140,'','',-10,'modules/user/user.admin.inc'),('admin/config/people/ip-blocking','','','user_access','a:1:{i:0;s:18:\"block IP addresses\";}','system_ip_blocking','a:0:{}','',15,4,0,'','admin/config/people/ip-blocking','IP address blocking','t','','','a:0:{}',6,'Manage blocked IP addresses.','',10,'modules/system/system.admin.inc'),('admin/config/people/ip-blocking/delete/%','a:1:{i:5;s:15:\"blocked_ip_load\";}','','user_access','a:1:{i:0;s:18:\"block IP addresses\";}','drupal_get_form','a:2:{i:0;s:25:\"system_ip_blocking_delete\";i:1;i:5;}','',62,6,0,'','admin/config/people/ip-blocking/delete/%','Delete IP address','t','','','a:0:{}',6,'','',0,'modules/system/system.admin.inc'),('admin/config/regional','','','user_access','a:1:{i:0;s:27:\"access administration pages\";}','system_admin_menu_block_page','a:0:{}','',7,3,0,'','admin/config/regional','Regional and language','t','','','a:0:{}',6,'Regional settings, localization and translation.','left',-5,'modules/system/system.admin.inc'),('admin/config/regional/date-time','','','user_access','a:1:{i:0;s:29:\"administer site configuration\";}','drupal_get_form','a:1:{i:0;s:25:\"system_date_time_settings\";}','',15,4,0,'','admin/config/regional/date-time','Date and time','t','','','a:0:{}',6,'Configure display formats for date and time.','',-15,'modules/system/system.admin.inc'),('admin/config/regional/date-time/formats','','','user_access','a:1:{i:0;s:29:\"administer site configuration\";}','system_date_time_formats','a:0:{}','',31,5,1,'admin/config/regional/date-time','admin/config/regional/date-time','Formats','t','','','a:0:{}',132,'Configure display format strings for date and time.','',-9,'modules/system/system.admin.inc'),('admin/config/regional/date-time/formats/%/delete','a:1:{i:5;N;}','','user_access','a:1:{i:0;s:29:\"administer site configuration\";}','drupal_get_form','a:2:{i:0;s:30:\"system_date_delete_format_form\";i:1;i:5;}','',125,7,0,'','admin/config/regional/date-time/formats/%/delete','Delete date format','t','','','a:0:{}',6,'Allow users to delete a configured date format.','',0,'modules/system/system.admin.inc'),('admin/config/regional/date-time/formats/%/edit','a:1:{i:5;N;}','','user_access','a:1:{i:0;s:29:\"administer site configuration\";}','drupal_get_form','a:2:{i:0;s:34:\"system_configure_date_formats_form\";i:1;i:5;}','',125,7,0,'','admin/config/regional/date-time/formats/%/edit','Edit date format','t','','','a:0:{}',6,'Allow users to edit a configured date format.','',0,'modules/system/system.admin.inc'),('admin/config/regional/date-time/formats/add','','','user_access','a:1:{i:0;s:29:\"administer site configuration\";}','drupal_get_form','a:1:{i:0;s:34:\"system_configure_date_formats_form\";}','',63,6,1,'admin/config/regional/date-time/formats','admin/config/regional/date-time','Add format','t','','','a:0:{}',388,'Allow users to add additional date formats.','',-10,'modules/system/system.admin.inc'),('admin/config/regional/date-time/formats/lookup','','','user_access','a:1:{i:0;s:29:\"administer site configuration\";}','system_date_time_lookup','a:0:{}','',63,6,0,'','admin/config/regional/date-time/formats/lookup','Date and time lookup','t','','','a:0:{}',0,'','',0,'modules/system/system.admin.inc'),('admin/config/regional/date-time/locale','','','user_access','a:1:{i:0;s:29:\"administer site configuration\";}','locale_date_format_language_overview_page','a:0:{}','',31,5,1,'admin/config/regional/date-time','admin/config/regional/date-time','Localize','t','','','a:0:{}',132,'Configure date formats for each locale','',-8,'modules/locale/locale.admin.inc'),('admin/config/regional/date-time/locale/%/edit','a:1:{i:5;N;}','','user_access','a:1:{i:0;s:29:\"administer site configuration\";}','drupal_get_form','a:2:{i:0;s:23:\"locale_date_format_form\";i:1;i:5;}','',125,7,0,'','admin/config/regional/date-time/locale/%/edit','Localize date formats','t','','','a:0:{}',6,'Configure date formats for each locale','',0,'modules/locale/locale.admin.inc'),('admin/config/regional/date-time/locale/%/reset','a:1:{i:5;N;}','','user_access','a:1:{i:0;s:29:\"administer site configuration\";}','drupal_get_form','a:2:{i:0;s:29:\"locale_date_format_reset_form\";i:1;i:5;}','',125,7,0,'','admin/config/regional/date-time/locale/%/reset','Reset date formats','t','','','a:0:{}',6,'Reset localized date formats to global defaults','',0,'modules/locale/locale.admin.inc'),('admin/config/regional/date-time/types','','','user_access','a:1:{i:0;s:29:\"administer site configuration\";}','drupal_get_form','a:1:{i:0;s:25:\"system_date_time_settings\";}','',31,5,1,'admin/config/regional/date-time','admin/config/regional/date-time','Types','t','','','a:0:{}',140,'Configure display formats for date and time.','',-10,'modules/system/system.admin.inc'),('admin/config/regional/date-time/types/%/delete','a:1:{i:5;N;}','','user_access','a:1:{i:0;s:29:\"administer site configuration\";}','drupal_get_form','a:2:{i:0;s:35:\"system_delete_date_format_type_form\";i:1;i:5;}','',125,7,0,'','admin/config/regional/date-time/types/%/delete','Delete date type','t','','','a:0:{}',6,'Allow users to delete a configured date type.','',0,'modules/system/system.admin.inc'),('admin/config/regional/date-time/types/add','','','user_access','a:1:{i:0;s:29:\"administer site configuration\";}','drupal_get_form','a:1:{i:0;s:32:\"system_add_date_format_type_form\";}','',63,6,1,'admin/config/regional/date-time/types','admin/config/regional/date-time','Add date type','t','','','a:0:{}',388,'Add new date type.','',-10,'modules/system/system.admin.inc'),('admin/config/regional/language','','','user_access','a:1:{i:0;s:20:\"administer languages\";}','drupal_get_form','a:1:{i:0;s:30:\"locale_languages_overview_form\";}','',15,4,0,'','admin/config/regional/language','Languages','t','','','a:0:{}',6,'Configure languages for content and the user interface.','',-10,'modules/locale/locale.admin.inc'),('admin/config/regional/language/add','','','user_access','a:1:{i:0;s:20:\"administer languages\";}','locale_languages_add_screen','a:0:{}','',31,5,1,'admin/config/regional/language','admin/config/regional/language','Add language','t','','','a:0:{}',388,'','',5,'modules/locale/locale.admin.inc'),('admin/config/regional/language/configure','','','user_access','a:1:{i:0;s:20:\"administer languages\";}','drupal_get_form','a:1:{i:0;s:31:\"locale_languages_configure_form\";}','',31,5,1,'admin/config/regional/language','admin/config/regional/language','Detection and selection','t','','','a:0:{}',132,'','',10,'modules/locale/locale.admin.inc'),('admin/config/regional/language/configure/session','','','user_access','a:1:{i:0;s:20:\"administer languages\";}','drupal_get_form','a:1:{i:0;s:38:\"locale_language_providers_session_form\";}','',63,6,0,'','admin/config/regional/language/configure/session','Session language detection configuration','t','','','a:0:{}',4,'','',0,'modules/locale/locale.admin.inc'),('admin/config/regional/language/configure/url','','','user_access','a:1:{i:0;s:20:\"administer languages\";}','drupal_get_form','a:1:{i:0;s:34:\"locale_language_providers_url_form\";}','',63,6,0,'','admin/config/regional/language/configure/url','URL language detection configuration','t','','','a:0:{}',4,'','',0,'modules/locale/locale.admin.inc'),('admin/config/regional/language/delete/%','a:1:{i:5;N;}','','user_access','a:1:{i:0;s:20:\"administer languages\";}','drupal_get_form','a:2:{i:0;s:28:\"locale_languages_delete_form\";i:1;i:5;}','',62,6,0,'','admin/config/regional/language/delete/%','Confirm','t','','','a:0:{}',6,'','',0,'modules/locale/locale.admin.inc'),('admin/config/regional/language/edit/%','a:1:{i:5;N;}','','user_access','a:1:{i:0;s:20:\"administer languages\";}','drupal_get_form','a:2:{i:0;s:26:\"locale_languages_edit_form\";i:1;i:5;}','',62,6,0,'','admin/config/regional/language/edit/%','Edit language','t','','','a:0:{}',6,'','',0,'modules/locale/locale.admin.inc'),('admin/config/regional/language/overview','','','user_access','a:1:{i:0;s:20:\"administer languages\";}','drupal_get_form','a:1:{i:0;s:30:\"locale_languages_overview_form\";}','',31,5,1,'admin/config/regional/language','admin/config/regional/language','List','t','','','a:0:{}',140,'','',0,'modules/locale/locale.admin.inc'),('admin/config/regional/settings','','','user_access','a:1:{i:0;s:29:\"administer site configuration\";}','drupal_get_form','a:1:{i:0;s:24:\"system_regional_settings\";}','',15,4,0,'','admin/config/regional/settings','Regional settings','t','','','a:0:{}',6,'Settings for the site\'s default time zone and country.','',-20,'modules/system/system.admin.inc'),('admin/config/regional/translate','','','user_access','a:1:{i:0;s:19:\"translate interface\";}','locale_translate_overview_screen','a:0:{}','',15,4,0,'','admin/config/regional/translate','Translate interface','t','','','a:0:{}',6,'Translate the built in interface and optionally other text.','',-5,'modules/locale/locale.admin.inc'),('admin/config/regional/translate/delete/%','a:1:{i:5;N;}','','user_access','a:1:{i:0;s:19:\"translate interface\";}','locale_translate_delete_page','a:1:{i:0;i:5;}','',62,6,0,'','admin/config/regional/translate/delete/%','Delete string','t','','','a:0:{}',6,'','',0,'modules/locale/locale.admin.inc'),('admin/config/regional/translate/edit/%','a:1:{i:5;N;}','','user_access','a:1:{i:0;s:19:\"translate interface\";}','drupal_get_form','a:2:{i:0;s:26:\"locale_translate_edit_form\";i:1;i:5;}','',62,6,0,'','admin/config/regional/translate/edit/%','Edit string','t','','','a:0:{}',6,'','',0,'modules/locale/locale.admin.inc'),('admin/config/regional/translate/export','','','user_access','a:1:{i:0;s:19:\"translate interface\";}','locale_translate_export_screen','a:0:{}','',31,5,1,'admin/config/regional/translate','admin/config/regional/translate','Export','t','','','a:0:{}',132,'','',30,'modules/locale/locale.admin.inc'),('admin/config/regional/translate/import','','','user_access','a:1:{i:0;s:19:\"translate interface\";}','drupal_get_form','a:1:{i:0;s:28:\"locale_translate_import_form\";}','',31,5,1,'admin/config/regional/translate','admin/config/regional/translate','Import','t','','','a:0:{}',132,'','',20,'modules/locale/locale.admin.inc'),('admin/config/regional/translate/overview','','','user_access','a:1:{i:0;s:19:\"translate interface\";}','locale_translate_overview_screen','a:0:{}','',31,5,1,'admin/config/regional/translate','admin/config/regional/translate','Overview','t','','','a:0:{}',140,'','',0,'modules/locale/locale.admin.inc'),('admin/config/regional/translate/translate','','','user_access','a:1:{i:0;s:19:\"translate interface\";}','locale_translate_seek_screen','a:0:{}','',31,5,1,'admin/config/regional/translate','admin/config/regional/translate','Translate','t','','','a:0:{}',132,'','',10,'modules/locale/locale.admin.inc'),('admin/config/search','','','user_access','a:1:{i:0;s:27:\"access administration pages\";}','system_admin_menu_block_page','a:0:{}','',7,3,0,'','admin/config/search','Search and metadata','t','','','a:0:{}',6,'Local site search, metadata and SEO.','left',-10,'modules/system/system.admin.inc'),('admin/config/search/clean-urls','','','user_access','a:1:{i:0;s:29:\"administer site configuration\";}','drupal_get_form','a:1:{i:0;s:25:\"system_clean_url_settings\";}','',15,4,0,'','admin/config/search/clean-urls','Clean URLs','t','','','a:0:{}',6,'Enable or disable clean URLs for your site.','',5,'modules/system/system.admin.inc'),('admin/config/search/clean-urls/check','','','1','a:0:{}','drupal_json_output','a:1:{i:0;a:1:{s:6:\"status\";b:1;}}','',31,5,0,'','admin/config/search/clean-urls/check','Clean URL check','t','','','a:0:{}',0,'','',0,'modules/system/system.admin.inc'),('admin/config/search/path','','','user_access','a:1:{i:0;s:22:\"administer url aliases\";}','path_admin_overview','a:0:{}','',15,4,0,'','admin/config/search/path','URL aliases','t','','','a:0:{}',6,'Change your site\'s URL paths by aliasing them.','',-5,'modules/path/path.admin.inc'),('admin/config/search/path/add','','','user_access','a:1:{i:0;s:22:\"administer url aliases\";}','path_admin_edit','a:0:{}','',31,5,1,'admin/config/search/path','admin/config/search/path','Add alias','t','','','a:0:{}',388,'','',0,'modules/path/path.admin.inc'),('admin/config/search/path/delete/%','a:1:{i:5;s:9:\"path_load\";}','','user_access','a:1:{i:0;s:22:\"administer url aliases\";}','drupal_get_form','a:2:{i:0;s:25:\"path_admin_delete_confirm\";i:1;i:5;}','',62,6,0,'','admin/config/search/path/delete/%','Delete alias','t','','','a:0:{}',6,'','',0,'modules/path/path.admin.inc'),('admin/config/search/path/edit/%','a:1:{i:5;s:9:\"path_load\";}','','user_access','a:1:{i:0;s:22:\"administer url aliases\";}','path_admin_edit','a:1:{i:0;i:5;}','',62,6,0,'','admin/config/search/path/edit/%','Edit alias','t','','','a:0:{}',6,'','',0,'modules/path/path.admin.inc'),('admin/config/search/path/list','','','user_access','a:1:{i:0;s:22:\"administer url aliases\";}','path_admin_overview','a:0:{}','',31,5,1,'admin/config/search/path','admin/config/search/path','List','t','','','a:0:{}',140,'','',-10,'modules/path/path.admin.inc'),('admin/config/search/settings','','','user_access','a:1:{i:0;s:17:\"administer search\";}','drupal_get_form','a:1:{i:0;s:21:\"search_admin_settings\";}','',15,4,0,'','admin/config/search/settings','Search settings','t','','','a:0:{}',6,'Configure relevance settings for search and other indexing options.','',-10,'modules/search/search.admin.inc'),('admin/config/search/settings/reindex','','','user_access','a:1:{i:0;s:17:\"administer search\";}','drupal_get_form','a:1:{i:0;s:22:\"search_reindex_confirm\";}','',31,5,0,'','admin/config/search/settings/reindex','Clear index','t','','','a:0:{}',4,'','',0,'modules/search/search.admin.inc'),('admin/config/services','','','user_access','a:1:{i:0;s:27:\"access administration pages\";}','system_admin_menu_block_page','a:0:{}','',7,3,0,'','admin/config/services','Web services','t','','','a:0:{}',6,'Tools related to web services.','right',0,'modules/system/system.admin.inc'),('admin/config/services/rss-publishing','','','user_access','a:1:{i:0;s:29:\"administer site configuration\";}','drupal_get_form','a:1:{i:0;s:25:\"system_rss_feeds_settings\";}','',15,4,0,'','admin/config/services/rss-publishing','RSS publishing','t','','','a:0:{}',6,'Configure the site description, the number of items per feed and whether feeds should be titles/teasers/full-text.','',0,'modules/system/system.admin.inc'),('admin/config/system','','','user_access','a:1:{i:0;s:27:\"access administration pages\";}','system_admin_menu_block_page','a:0:{}','',7,3,0,'','admin/config/system','System','t','','','a:0:{}',6,'General system related configuration.','right',-20,'modules/system/system.admin.inc'),('admin/config/system/actions','','','user_access','a:1:{i:0;s:18:\"administer actions\";}','system_actions_manage','a:0:{}','',15,4,0,'','admin/config/system/actions','Actions','t','','','a:0:{}',6,'Manage the actions defined for your site.','',0,'modules/system/system.admin.inc'),('admin/config/system/actions/configure','','','user_access','a:1:{i:0;s:18:\"administer actions\";}','drupal_get_form','a:1:{i:0;s:24:\"system_actions_configure\";}','',31,5,0,'','admin/config/system/actions/configure','Configure an advanced action','t','','','a:0:{}',4,'','',0,'modules/system/system.admin.inc'),('admin/config/system/actions/delete/%','a:1:{i:5;s:12:\"actions_load\";}','','user_access','a:1:{i:0;s:18:\"administer actions\";}','drupal_get_form','a:2:{i:0;s:26:\"system_actions_delete_form\";i:1;i:5;}','',62,6,0,'','admin/config/system/actions/delete/%','Delete action','t','','','a:0:{}',6,'Delete an action.','',0,'modules/system/system.admin.inc'),('admin/config/system/actions/manage','','','user_access','a:1:{i:0;s:18:\"administer actions\";}','system_actions_manage','a:0:{}','',31,5,1,'admin/config/system/actions','admin/config/system/actions','Manage actions','t','','','a:0:{}',140,'Manage the actions defined for your site.','',-2,'modules/system/system.admin.inc'),('admin/config/system/actions/orphan','','','user_access','a:1:{i:0;s:18:\"administer actions\";}','system_actions_remove_orphans','a:0:{}','',31,5,0,'','admin/config/system/actions/orphan','Remove orphans','t','','','a:0:{}',0,'','',0,'modules/system/system.admin.inc'),('admin/config/system/cron','','','user_access','a:1:{i:0;s:29:\"administer site configuration\";}','drupal_get_form','a:1:{i:0;s:20:\"system_cron_settings\";}','',15,4,0,'','admin/config/system/cron','Cron','t','','','a:0:{}',6,'Manage automatic site maintenance tasks.','',20,'modules/system/system.admin.inc'),('admin/config/system/site-information','','','user_access','a:1:{i:0;s:29:\"administer site configuration\";}','drupal_get_form','a:1:{i:0;s:32:\"system_site_information_settings\";}','',15,4,0,'','admin/config/system/site-information','Site information','t','','','a:0:{}',6,'Change site name, e-mail address, slogan, default front page, and number of posts per page, error pages.','',-20,'modules/system/system.admin.inc'),('admin/config/user-interface','','','user_access','a:1:{i:0;s:27:\"access administration pages\";}','system_admin_menu_block_page','a:0:{}','',7,3,0,'','admin/config/user-interface','User interface','t','','','a:0:{}',6,'Tools that enhance the user interface.','right',-15,'modules/system/system.admin.inc'),('admin/config/user-interface/shortcut','','','user_access','a:1:{i:0;s:20:\"administer shortcuts\";}','shortcut_set_admin','a:0:{}','',15,4,0,'','admin/config/user-interface/shortcut','Shortcuts','t','','','a:0:{}',6,'Add and modify shortcut sets.','',0,'modules/shortcut/shortcut.admin.inc'),('admin/config/user-interface/shortcut/%','a:1:{i:4;s:17:\"shortcut_set_load\";}','','shortcut_set_edit_access','a:1:{i:0;i:4;}','drupal_get_form','a:2:{i:0;s:22:\"shortcut_set_customize\";i:1;i:4;}','',30,5,0,'','admin/config/user-interface/shortcut/%','Edit shortcuts','shortcut_set_title_callback','a:1:{i:0;i:4;}','','a:0:{}',6,'','',0,'modules/shortcut/shortcut.admin.inc'),('admin/config/user-interface/shortcut/%/add-link','a:1:{i:4;s:17:\"shortcut_set_load\";}','','shortcut_set_edit_access','a:1:{i:0;i:4;}','drupal_get_form','a:2:{i:0;s:17:\"shortcut_link_add\";i:1;i:4;}','',61,6,1,'admin/config/user-interface/shortcut/%','admin/config/user-interface/shortcut/%','Add shortcut','t','','','a:0:{}',388,'','',0,'modules/shortcut/shortcut.admin.inc'),('admin/config/user-interface/shortcut/%/add-link-inline','a:1:{i:4;s:17:\"shortcut_set_load\";}','','shortcut_set_edit_access','a:1:{i:0;i:4;}','shortcut_link_add_inline','a:1:{i:0;i:4;}','',61,6,0,'','admin/config/user-interface/shortcut/%/add-link-inline','Add shortcut','t','','','a:0:{}',0,'','',0,'modules/shortcut/shortcut.admin.inc'),('admin/config/user-interface/shortcut/%/delete','a:1:{i:4;s:17:\"shortcut_set_load\";}','','shortcut_set_delete_access','a:1:{i:0;i:4;}','drupal_get_form','a:2:{i:0;s:24:\"shortcut_set_delete_form\";i:1;i:4;}','',61,6,0,'','admin/config/user-interface/shortcut/%/delete','Delete shortcut set','t','','','a:0:{}',6,'','',0,'modules/shortcut/shortcut.admin.inc'),('admin/config/user-interface/shortcut/%/edit','a:1:{i:4;s:17:\"shortcut_set_load\";}','','shortcut_set_edit_access','a:1:{i:0;i:4;}','drupal_get_form','a:2:{i:0;s:22:\"shortcut_set_edit_form\";i:1;i:4;}','',61,6,1,'admin/config/user-interface/shortcut/%','admin/config/user-interface/shortcut/%','Edit set name','t','','','a:0:{}',132,'','',10,'modules/shortcut/shortcut.admin.inc'),('admin/config/user-interface/shortcut/%/links','a:1:{i:4;s:17:\"shortcut_set_load\";}','','shortcut_set_edit_access','a:1:{i:0;i:4;}','drupal_get_form','a:2:{i:0;s:22:\"shortcut_set_customize\";i:1;i:4;}','',61,6,1,'admin/config/user-interface/shortcut/%','admin/config/user-interface/shortcut/%','List links','t','','','a:0:{}',140,'','',0,'modules/shortcut/shortcut.admin.inc'),('admin/config/user-interface/shortcut/add-set','','','user_access','a:1:{i:0;s:20:\"administer shortcuts\";}','drupal_get_form','a:1:{i:0;s:21:\"shortcut_set_add_form\";}','',31,5,1,'admin/config/user-interface/shortcut','admin/config/user-interface/shortcut','Add shortcut set','t','','','a:0:{}',388,'','',0,'modules/shortcut/shortcut.admin.inc'),('admin/config/user-interface/shortcut/link/%','a:1:{i:5;s:14:\"menu_link_load\";}','','shortcut_link_access','a:1:{i:0;i:5;}','drupal_get_form','a:2:{i:0;s:18:\"shortcut_link_edit\";i:1;i:5;}','',62,6,0,'','admin/config/user-interface/shortcut/link/%','Edit shortcut','t','','','a:0:{}',6,'','',0,'modules/shortcut/shortcut.admin.inc'),('admin/config/user-interface/shortcut/link/%/delete','a:1:{i:5;s:14:\"menu_link_load\";}','','shortcut_link_access','a:1:{i:0;i:5;}','drupal_get_form','a:2:{i:0;s:20:\"shortcut_link_delete\";i:1;i:5;}','',125,7,0,'','admin/config/user-interface/shortcut/link/%/delete','Delete shortcut','t','','','a:0:{}',6,'','',0,'modules/shortcut/shortcut.admin.inc'),('admin/config/workflow','','','user_access','a:1:{i:0;s:27:\"access administration pages\";}','system_admin_menu_block_page','a:0:{}','',7,3,0,'','admin/config/workflow','Workflow','t','','','a:0:{}',6,'Content workflow, editorial workflow tools.','right',5,'modules/system/system.admin.inc'),('admin/content','','','user_access','a:1:{i:0;s:23:\"access content overview\";}','drupal_get_form','a:1:{i:0;s:18:\"node_admin_content\";}','',3,2,0,'','admin/content','Content','t','','','a:0:{}',6,'Administer content and comments.','',-10,'modules/node/node.admin.inc'),('admin/content/comment','','','user_access','a:1:{i:0;s:19:\"administer comments\";}','comment_admin','a:0:{}','',7,3,1,'admin/content','admin/content','Comments','t','','','a:0:{}',134,'List and edit site comments and the comment approval queue.','',0,'modules/comment/comment.admin.inc'),('admin/content/comment/approval','','','user_access','a:1:{i:0;s:19:\"administer comments\";}','comment_admin','a:1:{i:0;s:8:\"approval\";}','',15,4,1,'admin/content/comment','admin/content','Unapproved comments','comment_count_unpublished','','','a:0:{}',132,'','',0,'modules/comment/comment.admin.inc'),('admin/content/comment/new','','','user_access','a:1:{i:0;s:19:\"administer comments\";}','comment_admin','a:0:{}','',15,4,1,'admin/content/comment','admin/content','Published comments','t','','','a:0:{}',140,'','',-10,'modules/comment/comment.admin.inc'),('admin/content/node','','','user_access','a:1:{i:0;s:23:\"access content overview\";}','drupal_get_form','a:1:{i:0;s:18:\"node_admin_content\";}','',7,3,1,'admin/content','admin/content','Content','t','','','a:0:{}',140,'','',-10,'modules/node/node.admin.inc'),('admin/dashboard','','','user_access','a:1:{i:0;s:16:\"access dashboard\";}','dashboard_admin','a:0:{}','',3,2,0,'','admin/dashboard','Dashboard','t','','','a:0:{}',6,'View and customize your dashboard.','',-15,''),('admin/dashboard/block-content/%/%','a:2:{i:3;N;i:4;N;}','','user_access','a:1:{i:0;s:17:\"administer blocks\";}','dashboard_show_block_content','a:2:{i:0;i:3;i:1;i:4;}','',28,5,0,'','admin/dashboard/block-content/%/%','','t','','','a:0:{}',0,'','',0,''),('admin/dashboard/configure','','','user_access','a:1:{i:0;s:17:\"administer blocks\";}','dashboard_admin_blocks','a:0:{}','',7,3,0,'','admin/dashboard/configure','Configure available dashboard blocks','t','','','a:0:{}',4,'Configure which blocks can be shown on the dashboard.','',0,''),('admin/dashboard/customize','','','user_access','a:1:{i:0;s:16:\"access dashboard\";}','dashboard_admin','a:1:{i:0;b:1;}','',7,3,0,'','admin/dashboard/customize','Customize dashboard','t','','','a:0:{}',4,'Customize your dashboard.','',0,''),('admin/dashboard/drawer','','','user_access','a:1:{i:0;s:17:\"administer blocks\";}','dashboard_show_disabled','a:0:{}','',7,3,0,'','admin/dashboard/drawer','','t','','','a:0:{}',0,'','',0,''),('admin/dashboard/update','','','user_access','a:1:{i:0;s:17:\"administer blocks\";}','dashboard_update','a:0:{}','',7,3,0,'','admin/dashboard/update','','t','','','a:0:{}',0,'','',0,''),('admin/help','','','user_access','a:1:{i:0;s:27:\"access administration pages\";}','help_main','a:0:{}','',3,2,0,'','admin/help','Help','t','','','a:0:{}',6,'Reference for usage, configuration, and modules.','',9,'modules/help/help.admin.inc'),('admin/help/block','','','user_access','a:1:{i:0;s:27:\"access administration pages\";}','help_page','a:1:{i:0;i:2;}','',7,3,0,'','admin/help/block','block','t','','','a:0:{}',4,'','',0,'modules/help/help.admin.inc'),('admin/help/color','','','user_access','a:1:{i:0;s:27:\"access administration pages\";}','help_page','a:1:{i:0;i:2;}','',7,3,0,'','admin/help/color','color','t','','','a:0:{}',4,'','',0,'modules/help/help.admin.inc'),('admin/help/comment','','','user_access','a:1:{i:0;s:27:\"access administration pages\";}','help_page','a:1:{i:0;i:2;}','',7,3,0,'','admin/help/comment','comment','t','','','a:0:{}',4,'','',0,'modules/help/help.admin.inc'),('admin/help/contextual','','','user_access','a:1:{i:0;s:27:\"access administration pages\";}','help_page','a:1:{i:0;i:2;}','',7,3,0,'','admin/help/contextual','contextual','t','','','a:0:{}',4,'','',0,'modules/help/help.admin.inc'),('admin/help/dashboard','','','user_access','a:1:{i:0;s:27:\"access administration pages\";}','help_page','a:1:{i:0;i:2;}','',7,3,0,'','admin/help/dashboard','dashboard','t','','','a:0:{}',4,'','',0,'modules/help/help.admin.inc'),('admin/help/dblog','','','user_access','a:1:{i:0;s:27:\"access administration pages\";}','help_page','a:1:{i:0;i:2;}','',7,3,0,'','admin/help/dblog','dblog','t','','','a:0:{}',4,'','',0,'modules/help/help.admin.inc'),('admin/help/field','','','user_access','a:1:{i:0;s:27:\"access administration pages\";}','help_page','a:1:{i:0;i:2;}','',7,3,0,'','admin/help/field','field','t','','','a:0:{}',4,'','',0,'modules/help/help.admin.inc'),('admin/help/field_sql_storage','','','user_access','a:1:{i:0;s:27:\"access administration pages\";}','help_page','a:1:{i:0;i:2;}','',7,3,0,'','admin/help/field_sql_storage','field_sql_storage','t','','','a:0:{}',4,'','',0,'modules/help/help.admin.inc'),('admin/help/field_ui','','','user_access','a:1:{i:0;s:27:\"access administration pages\";}','help_page','a:1:{i:0;i:2;}','',7,3,0,'','admin/help/field_ui','field_ui','t','','','a:0:{}',4,'','',0,'modules/help/help.admin.inc'),('admin/help/file','','','user_access','a:1:{i:0;s:27:\"access administration pages\";}','help_page','a:1:{i:0;i:2;}','',7,3,0,'','admin/help/file','file','t','','','a:0:{}',4,'','',0,'modules/help/help.admin.inc'),('admin/help/filter','','','user_access','a:1:{i:0;s:27:\"access administration pages\";}','help_page','a:1:{i:0;i:2;}','',7,3,0,'','admin/help/filter','filter','t','','','a:0:{}',4,'','',0,'modules/help/help.admin.inc'),('admin/help/help','','','user_access','a:1:{i:0;s:27:\"access administration pages\";}','help_page','a:1:{i:0;i:2;}','',7,3,0,'','admin/help/help','help','t','','','a:0:{}',4,'','',0,'modules/help/help.admin.inc'),('admin/help/image','','','user_access','a:1:{i:0;s:27:\"access administration pages\";}','help_page','a:1:{i:0;i:2;}','',7,3,0,'','admin/help/image','image','t','','','a:0:{}',4,'','',0,'modules/help/help.admin.inc'),('admin/help/list','','','user_access','a:1:{i:0;s:27:\"access administration pages\";}','help_page','a:1:{i:0;i:2;}','',7,3,0,'','admin/help/list','list','t','','','a:0:{}',4,'','',0,'modules/help/help.admin.inc'),('admin/help/locale','','','user_access','a:1:{i:0;s:27:\"access administration pages\";}','help_page','a:1:{i:0;i:2;}','',7,3,0,'','admin/help/locale','locale','t','','','a:0:{}',4,'','',0,'modules/help/help.admin.inc'),('admin/help/menu','','','user_access','a:1:{i:0;s:27:\"access administration pages\";}','help_page','a:1:{i:0;i:2;}','',7,3,0,'','admin/help/menu','menu','t','','','a:0:{}',4,'','',0,'modules/help/help.admin.inc'),('admin/help/node','','','user_access','a:1:{i:0;s:27:\"access administration pages\";}','help_page','a:1:{i:0;i:2;}','',7,3,0,'','admin/help/node','node','t','','','a:0:{}',4,'','',0,'modules/help/help.admin.inc'),('admin/help/number','','','user_access','a:1:{i:0;s:27:\"access administration pages\";}','help_page','a:1:{i:0;i:2;}','',7,3,0,'','admin/help/number','number','t','','','a:0:{}',4,'','',0,'modules/help/help.admin.inc'),('admin/help/options','','','user_access','a:1:{i:0;s:27:\"access administration pages\";}','help_page','a:1:{i:0;i:2;}','',7,3,0,'','admin/help/options','options','t','','','a:0:{}',4,'','',0,'modules/help/help.admin.inc'),('admin/help/overlay','','','user_access','a:1:{i:0;s:27:\"access administration pages\";}','help_page','a:1:{i:0;i:2;}','',7,3,0,'','admin/help/overlay','overlay','t','','','a:0:{}',4,'','',0,'modules/help/help.admin.inc'),('admin/help/path','','','user_access','a:1:{i:0;s:27:\"access administration pages\";}','help_page','a:1:{i:0;i:2;}','',7,3,0,'','admin/help/path','path','t','','','a:0:{}',4,'','',0,'modules/help/help.admin.inc'),('admin/help/rdf','','','user_access','a:1:{i:0;s:27:\"access administration pages\";}','help_page','a:1:{i:0;i:2;}','',7,3,0,'','admin/help/rdf','rdf','t','','','a:0:{}',4,'','',0,'modules/help/help.admin.inc'),('admin/help/search','','','user_access','a:1:{i:0;s:27:\"access administration pages\";}','help_page','a:1:{i:0;i:2;}','',7,3,0,'','admin/help/search','search','t','','','a:0:{}',4,'','',0,'modules/help/help.admin.inc'),('admin/help/shortcut','','','user_access','a:1:{i:0;s:27:\"access administration pages\";}','help_page','a:1:{i:0;i:2;}','',7,3,0,'','admin/help/shortcut','shortcut','t','','','a:0:{}',4,'','',0,'modules/help/help.admin.inc'),('admin/help/system','','','user_access','a:1:{i:0;s:27:\"access administration pages\";}','help_page','a:1:{i:0;i:2;}','',7,3,0,'','admin/help/system','system','t','','','a:0:{}',4,'','',0,'modules/help/help.admin.inc'),('admin/help/taxonomy','','','user_access','a:1:{i:0;s:27:\"access administration pages\";}','help_page','a:1:{i:0;i:2;}','',7,3,0,'','admin/help/taxonomy','taxonomy','t','','','a:0:{}',4,'','',0,'modules/help/help.admin.inc'),('admin/help/text','','','user_access','a:1:{i:0;s:27:\"access administration pages\";}','help_page','a:1:{i:0;i:2;}','',7,3,0,'','admin/help/text','text','t','','','a:0:{}',4,'','',0,'modules/help/help.admin.inc'),('admin/help/toolbar','','','user_access','a:1:{i:0;s:27:\"access administration pages\";}','help_page','a:1:{i:0;i:2;}','',7,3,0,'','admin/help/toolbar','toolbar','t','','','a:0:{}',4,'','',0,'modules/help/help.admin.inc'),('admin/help/update','','','user_access','a:1:{i:0;s:27:\"access administration pages\";}','help_page','a:1:{i:0;i:2;}','',7,3,0,'','admin/help/update','update','t','','','a:0:{}',4,'','',0,'modules/help/help.admin.inc'),('admin/help/user','','','user_access','a:1:{i:0;s:27:\"access administration pages\";}','help_page','a:1:{i:0;i:2;}','',7,3,0,'','admin/help/user','user','t','','','a:0:{}',4,'','',0,'modules/help/help.admin.inc'),('admin/index','','','user_access','a:1:{i:0;s:27:\"access administration pages\";}','system_admin_index','a:0:{}','',3,2,1,'admin','admin','Index','t','','','a:0:{}',132,'','',-18,'modules/system/system.admin.inc'),('admin/modules','','','user_access','a:1:{i:0;s:18:\"administer modules\";}','drupal_get_form','a:1:{i:0;s:14:\"system_modules\";}','',3,2,0,'','admin/modules','Modules','t','','','a:0:{}',6,'Extend site functionality.','',-2,'modules/system/system.admin.inc'),('admin/modules/install','','','update_manager_access','a:0:{}','drupal_get_form','a:2:{i:0;s:27:\"update_manager_install_form\";i:1;s:6:\"module\";}','',7,3,1,'admin/modules','admin/modules','Install new module','t','','','a:0:{}',388,'','',25,'modules/update/update.manager.inc'),('admin/modules/list','','','user_access','a:1:{i:0;s:18:\"administer modules\";}','drupal_get_form','a:1:{i:0;s:14:\"system_modules\";}','',7,3,1,'admin/modules','admin/modules','List','t','','','a:0:{}',140,'','',0,'modules/system/system.admin.inc'),('admin/modules/list/confirm','','','user_access','a:1:{i:0;s:18:\"administer modules\";}','drupal_get_form','a:1:{i:0;s:14:\"system_modules\";}','',15,4,0,'','admin/modules/list/confirm','List','t','','','a:0:{}',4,'','',0,'modules/system/system.admin.inc'),('admin/modules/uninstall','','','user_access','a:1:{i:0;s:18:\"administer modules\";}','drupal_get_form','a:1:{i:0;s:24:\"system_modules_uninstall\";}','',7,3,1,'admin/modules','admin/modules','Uninstall','t','','','a:0:{}',132,'','',20,'modules/system/system.admin.inc'),('admin/modules/uninstall/confirm','','','user_access','a:1:{i:0;s:18:\"administer modules\";}','drupal_get_form','a:1:{i:0;s:24:\"system_modules_uninstall\";}','',15,4,0,'','admin/modules/uninstall/confirm','Uninstall','t','','','a:0:{}',4,'','',0,'modules/system/system.admin.inc'),('admin/modules/update','','','update_manager_access','a:0:{}','drupal_get_form','a:2:{i:0;s:26:\"update_manager_update_form\";i:1;s:6:\"module\";}','',7,3,1,'admin/modules','admin/modules','Update','t','','','a:0:{}',132,'','',10,'modules/update/update.manager.inc'),('admin/people','','','user_access','a:1:{i:0;s:16:\"administer users\";}','user_admin','a:1:{i:0;s:4:\"list\";}','',3,2,0,'','admin/people','People','t','','','a:0:{}',6,'Manage user accounts, roles, and permissions.','left',-4,'modules/user/user.admin.inc'),('admin/people/create','','','user_access','a:1:{i:0;s:16:\"administer users\";}','user_admin','a:1:{i:0;s:6:\"create\";}','',7,3,1,'admin/people','admin/people','Add user','t','','','a:0:{}',388,'','',0,'modules/user/user.admin.inc'),('admin/people/people','','','user_access','a:1:{i:0;s:16:\"administer users\";}','user_admin','a:1:{i:0;s:4:\"list\";}','',7,3,1,'admin/people','admin/people','List','t','','','a:0:{}',140,'Find and manage people interacting with your site.','',-10,'modules/user/user.admin.inc'),('admin/people/permissions','','','user_access','a:1:{i:0;s:22:\"administer permissions\";}','drupal_get_form','a:1:{i:0;s:22:\"user_admin_permissions\";}','',7,3,1,'admin/people','admin/people','Permissions','t','','','a:0:{}',132,'Determine access to features by selecting permissions for roles.','',0,'modules/user/user.admin.inc'),('admin/people/permissions/list','','','user_access','a:1:{i:0;s:22:\"administer permissions\";}','drupal_get_form','a:1:{i:0;s:22:\"user_admin_permissions\";}','',15,4,1,'admin/people/permissions','admin/people','Permissions','t','','','a:0:{}',140,'Determine access to features by selecting permissions for roles.','',-8,'modules/user/user.admin.inc'),('admin/people/permissions/roles','','','user_access','a:1:{i:0;s:22:\"administer permissions\";}','drupal_get_form','a:1:{i:0;s:16:\"user_admin_roles\";}','',15,4,1,'admin/people/permissions','admin/people','Roles','t','','','a:0:{}',132,'List, edit, or add user roles.','',-5,'modules/user/user.admin.inc'),('admin/people/permissions/roles/delete/%','a:1:{i:5;s:14:\"user_role_load\";}','','user_role_edit_access','a:1:{i:0;i:5;}','drupal_get_form','a:2:{i:0;s:30:\"user_admin_role_delete_confirm\";i:1;i:5;}','',62,6,0,'','admin/people/permissions/roles/delete/%','Delete role','t','','','a:0:{}',6,'','',0,'modules/user/user.admin.inc'),('admin/people/permissions/roles/edit/%','a:1:{i:5;s:14:\"user_role_load\";}','','user_role_edit_access','a:1:{i:0;i:5;}','drupal_get_form','a:2:{i:0;s:15:\"user_admin_role\";i:1;i:5;}','',62,6,0,'','admin/people/permissions/roles/edit/%','Edit role','t','','','a:0:{}',6,'','',0,'modules/user/user.admin.inc'),('admin/reports','','','user_access','a:1:{i:0;s:19:\"access site reports\";}','system_admin_menu_block_page','a:0:{}','',3,2,0,'','admin/reports','Reports','t','','','a:0:{}',6,'View reports, updates, and errors.','left',5,'modules/system/system.admin.inc'),('admin/reports/access-denied','','','user_access','a:1:{i:0;s:19:\"access site reports\";}','dblog_top','a:1:{i:0;s:13:\"access denied\";}','',7,3,0,'','admin/reports/access-denied','Top \'access denied\' errors','t','','','a:0:{}',6,'View \'access denied\' errors (403s).','',0,'modules/dblog/dblog.admin.inc'),('admin/reports/dblog','','','user_access','a:1:{i:0;s:19:\"access site reports\";}','dblog_overview','a:0:{}','',7,3,0,'','admin/reports/dblog','Recent log messages','t','','','a:0:{}',6,'View events that have recently been logged.','',-1,'modules/dblog/dblog.admin.inc'),('admin/reports/event/%','a:1:{i:3;N;}','','user_access','a:1:{i:0;s:19:\"access site reports\";}','dblog_event','a:1:{i:0;i:3;}','',14,4,0,'','admin/reports/event/%','Details','t','','','a:0:{}',6,'','',0,'modules/dblog/dblog.admin.inc'),('admin/reports/fields','','','user_access','a:1:{i:0;s:24:\"administer content types\";}','field_ui_fields_list','a:0:{}','',7,3,0,'','admin/reports/fields','Field list','t','','','a:0:{}',6,'Overview of fields on all entity types.','',0,'modules/field_ui/field_ui.admin.inc'),('admin/reports/page-not-found','','','user_access','a:1:{i:0;s:19:\"access site reports\";}','dblog_top','a:1:{i:0;s:14:\"page not found\";}','',7,3,0,'','admin/reports/page-not-found','Top \'page not found\' errors','t','','','a:0:{}',6,'View \'page not found\' errors (404s).','',0,'modules/dblog/dblog.admin.inc'),('admin/reports/search','','','user_access','a:1:{i:0;s:19:\"access site reports\";}','dblog_top','a:1:{i:0;s:6:\"search\";}','',7,3,0,'','admin/reports/search','Top search phrases','t','','','a:0:{}',6,'View most popular search phrases.','',0,'modules/dblog/dblog.admin.inc'),('admin/reports/status','','','user_access','a:1:{i:0;s:29:\"administer site configuration\";}','system_status','a:0:{}','',7,3,0,'','admin/reports/status','Status report','t','','','a:0:{}',6,'Get a status report about your site\'s operation and any detected problems.','',-60,'modules/system/system.admin.inc'),('admin/reports/status/php','','','user_access','a:1:{i:0;s:29:\"administer site configuration\";}','system_php','a:0:{}','',15,4,0,'','admin/reports/status/php','PHP','t','','','a:0:{}',0,'','',0,'modules/system/system.admin.inc'),('admin/reports/status/rebuild','','','user_access','a:1:{i:0;s:27:\"access administration pages\";}','drupal_get_form','a:1:{i:0;s:30:\"node_configure_rebuild_confirm\";}','',15,4,0,'','admin/reports/status/rebuild','Rebuild permissions','t','','','a:0:{}',0,'','',0,'modules/node/node.admin.inc'),('admin/reports/status/run-cron','','','user_access','a:1:{i:0;s:29:\"administer site configuration\";}','system_run_cron','a:0:{}','',15,4,0,'','admin/reports/status/run-cron','Run cron','t','','','a:0:{}',0,'','',0,'modules/system/system.admin.inc'),('admin/reports/updates','','','user_access','a:1:{i:0;s:29:\"administer site configuration\";}','update_status','a:0:{}','',7,3,0,'','admin/reports/updates','Available updates','t','','','a:0:{}',6,'Get a status report about available updates for your installed modules and themes.','',-50,'modules/update/update.report.inc'),('admin/reports/updates/check','','','user_access','a:1:{i:0;s:29:\"administer site configuration\";}','update_manual_status','a:0:{}','',15,4,0,'','admin/reports/updates/check','Manual update check','t','','','a:0:{}',0,'','',0,'modules/update/update.fetch.inc'),('admin/reports/updates/install','','','update_manager_access','a:0:{}','drupal_get_form','a:2:{i:0;s:27:\"update_manager_install_form\";i:1;s:6:\"report\";}','',15,4,1,'admin/reports/updates','admin/reports/updates','Install new module or theme','t','','','a:0:{}',388,'','',25,'modules/update/update.manager.inc'),('admin/reports/updates/list','','','user_access','a:1:{i:0;s:29:\"administer site configuration\";}','update_status','a:0:{}','',15,4,1,'admin/reports/updates','admin/reports/updates','List','t','','','a:0:{}',140,'','',0,'modules/update/update.report.inc'),('admin/reports/updates/settings','','','user_access','a:1:{i:0;s:29:\"administer site configuration\";}','drupal_get_form','a:1:{i:0;s:15:\"update_settings\";}','',15,4,1,'admin/reports/updates','admin/reports/updates','Settings','t','','','a:0:{}',132,'','',50,'modules/update/update.settings.inc'),('admin/reports/updates/update','','','update_manager_access','a:0:{}','drupal_get_form','a:2:{i:0;s:26:\"update_manager_update_form\";i:1;s:6:\"report\";}','',15,4,1,'admin/reports/updates','admin/reports/updates','Update','t','','','a:0:{}',132,'','',10,'modules/update/update.manager.inc'),('admin/structure','','','user_access','a:1:{i:0;s:27:\"access administration pages\";}','system_admin_menu_block_page','a:0:{}','',3,2,0,'','admin/structure','Structure','t','','','a:0:{}',6,'Administer blocks, content types, menus, etc.','right',-8,'modules/system/system.admin.inc'),('admin/structure/block','','','user_access','a:1:{i:0;s:17:\"administer blocks\";}','block_admin_display','a:1:{i:0;s:6:\"bartik\";}','',7,3,0,'','admin/structure/block','Blocks','t','','','a:0:{}',6,'Configure what block content appears in your site\'s sidebars and other regions.','',0,'modules/block/block.admin.inc'),('admin/structure/block/add','','','user_access','a:1:{i:0;s:17:\"administer blocks\";}','drupal_get_form','a:1:{i:0;s:20:\"block_add_block_form\";}','',15,4,1,'admin/structure/block','admin/structure/block','Add block','t','','','a:0:{}',388,'','',0,'modules/block/block.admin.inc'),('admin/structure/block/demo/bartik','','','_block_themes_access','a:1:{i:0;O:8:\"stdClass\":12:{s:8:\"filename\";s:25:\"themes/bartik/bartik.info\";s:4:\"name\";s:6:\"bartik\";s:4:\"type\";s:5:\"theme\";s:5:\"owner\";s:45:\"themes/engines/phptemplate/phptemplate.engine\";s:6:\"status\";s:1:\"1\";s:9:\"bootstrap\";s:1:\"0\";s:14:\"schema_version\";s:2:\"-1\";s:6:\"weight\";s:1:\"0\";s:4:\"info\";a:19:{s:4:\"name\";s:6:\"Bartik\";s:11:\"description\";s:48:\"A flexible, recolorable theme with many regions.\";s:7:\"package\";s:4:\"Core\";s:7:\"version\";s:4:\"7.41\";s:4:\"core\";s:3:\"7.x\";s:11:\"stylesheets\";a:2:{s:3:\"all\";a:3:{s:14:\"css/layout.css\";s:28:\"themes/bartik/css/layout.css\";s:13:\"css/style.css\";s:27:\"themes/bartik/css/style.css\";s:14:\"css/colors.css\";s:28:\"themes/bartik/css/colors.css\";}s:5:\"print\";a:1:{s:13:\"css/print.css\";s:27:\"themes/bartik/css/print.css\";}}s:7:\"regions\";a:20:{s:6:\"header\";s:6:\"Header\";s:4:\"help\";s:4:\"Help\";s:8:\"page_top\";s:8:\"Page top\";s:11:\"page_bottom\";s:11:\"Page bottom\";s:11:\"highlighted\";s:11:\"Highlighted\";s:8:\"featured\";s:8:\"Featured\";s:7:\"content\";s:7:\"Content\";s:13:\"sidebar_first\";s:13:\"Sidebar first\";s:14:\"sidebar_second\";s:14:\"Sidebar second\";s:14:\"triptych_first\";s:14:\"Triptych first\";s:15:\"triptych_middle\";s:15:\"Triptych middle\";s:13:\"triptych_last\";s:13:\"Triptych last\";s:18:\"footer_firstcolumn\";s:19:\"Footer first column\";s:19:\"footer_secondcolumn\";s:20:\"Footer second column\";s:18:\"footer_thirdcolumn\";s:19:\"Footer third column\";s:19:\"footer_fourthcolumn\";s:20:\"Footer fourth column\";s:6:\"footer\";s:6:\"Footer\";s:14:\"dashboard_main\";s:16:\"Dashboard (main)\";s:17:\"dashboard_sidebar\";s:19:\"Dashboard (sidebar)\";s:18:\"dashboard_inactive\";s:20:\"Dashboard (inactive)\";}s:8:\"settings\";a:1:{s:20:\"shortcut_module_link\";s:1:\"0\";}s:7:\"project\";s:6:\"drupal\";s:9:\"datestamp\";s:10:\"1445457729\";s:6:\"engine\";s:11:\"phptemplate\";s:8:\"features\";a:9:{i:0;s:4:\"logo\";i:1;s:7:\"favicon\";i:2;s:4:\"name\";i:3;s:6:\"slogan\";i:4;s:17:\"node_user_picture\";i:5;s:20:\"comment_user_picture\";i:6;s:25:\"comment_user_verification\";i:7;s:9:\"main_menu\";i:8;s:14:\"secondary_menu\";}s:10:\"screenshot\";s:28:\"themes/bartik/screenshot.png\";s:3:\"php\";s:5:\"5.2.4\";s:7:\"scripts\";a:0:{}s:5:\"mtime\";i:1445457729;s:15:\"overlay_regions\";a:5:{i:0;s:14:\"dashboard_main\";i:1;s:17:\"dashboard_sidebar\";i:2;s:18:\"dashboard_inactive\";i:3;s:7:\"content\";i:4;s:4:\"help\";}s:14:\"regions_hidden\";a:2:{i:0;s:8:\"page_top\";i:1;s:11:\"page_bottom\";}s:28:\"overlay_supplemental_regions\";a:1:{i:0;s:8:\"page_top\";}}s:6:\"prefix\";s:11:\"phptemplate\";s:11:\"stylesheets\";a:2:{s:3:\"all\";a:3:{s:14:\"css/layout.css\";s:28:\"themes/bartik/css/layout.css\";s:13:\"css/style.css\";s:27:\"themes/bartik/css/style.css\";s:14:\"css/colors.css\";s:28:\"themes/bartik/css/colors.css\";}s:5:\"print\";a:1:{s:13:\"css/print.css\";s:27:\"themes/bartik/css/print.css\";}}s:6:\"engine\";s:11:\"phptemplate\";}}','block_admin_demo','a:1:{i:0;s:6:\"bartik\";}','',31,5,0,'','admin/structure/block/demo/bartik','Bartik','t','','_block_custom_theme','a:1:{i:0;s:6:\"bartik\";}',0,'','',0,'modules/block/block.admin.inc'),('admin/structure/block/demo/garland','','','_block_themes_access','a:1:{i:0;O:8:\"stdClass\":12:{s:8:\"filename\";s:27:\"themes/garland/garland.info\";s:4:\"name\";s:7:\"garland\";s:4:\"type\";s:5:\"theme\";s:5:\"owner\";s:45:\"themes/engines/phptemplate/phptemplate.engine\";s:6:\"status\";s:1:\"0\";s:9:\"bootstrap\";s:1:\"0\";s:14:\"schema_version\";s:2:\"-1\";s:6:\"weight\";s:1:\"0\";s:4:\"info\";a:19:{s:4:\"name\";s:7:\"Garland\";s:11:\"description\";s:111:\"A multi-column theme which can be configured to modify colors and switch between fixed and fluid width layouts.\";s:7:\"package\";s:4:\"Core\";s:7:\"version\";s:4:\"7.41\";s:4:\"core\";s:3:\"7.x\";s:11:\"stylesheets\";a:2:{s:3:\"all\";a:1:{s:9:\"style.css\";s:24:\"themes/garland/style.css\";}s:5:\"print\";a:1:{s:9:\"print.css\";s:24:\"themes/garland/print.css\";}}s:8:\"settings\";a:1:{s:13:\"garland_width\";s:5:\"fluid\";}s:7:\"project\";s:6:\"drupal\";s:9:\"datestamp\";s:10:\"1445457729\";s:6:\"engine\";s:11:\"phptemplate\";s:7:\"regions\";a:12:{s:13:\"sidebar_first\";s:12:\"Left sidebar\";s:14:\"sidebar_second\";s:13:\"Right sidebar\";s:7:\"content\";s:7:\"Content\";s:6:\"header\";s:6:\"Header\";s:6:\"footer\";s:6:\"Footer\";s:11:\"highlighted\";s:11:\"Highlighted\";s:4:\"help\";s:4:\"Help\";s:8:\"page_top\";s:8:\"Page top\";s:11:\"page_bottom\";s:11:\"Page bottom\";s:14:\"dashboard_main\";s:16:\"Dashboard (main)\";s:17:\"dashboard_sidebar\";s:19:\"Dashboard (sidebar)\";s:18:\"dashboard_inactive\";s:20:\"Dashboard (inactive)\";}s:8:\"features\";a:9:{i:0;s:4:\"logo\";i:1;s:7:\"favicon\";i:2;s:4:\"name\";i:3;s:6:\"slogan\";i:4;s:17:\"node_user_picture\";i:5;s:20:\"comment_user_picture\";i:6;s:25:\"comment_user_verification\";i:7;s:9:\"main_menu\";i:8;s:14:\"secondary_menu\";}s:10:\"screenshot\";s:29:\"themes/garland/screenshot.png\";s:3:\"php\";s:5:\"5.2.4\";s:7:\"scripts\";a:0:{}s:5:\"mtime\";i:1445457729;s:15:\"overlay_regions\";a:5:{i:0;s:14:\"dashboard_main\";i:1;s:17:\"dashboard_sidebar\";i:2;s:18:\"dashboard_inactive\";i:3;s:7:\"content\";i:4;s:4:\"help\";}s:14:\"regions_hidden\";a:2:{i:0;s:8:\"page_top\";i:1;s:11:\"page_bottom\";}s:28:\"overlay_supplemental_regions\";a:1:{i:0;s:8:\"page_top\";}}s:6:\"prefix\";s:11:\"phptemplate\";s:11:\"stylesheets\";a:2:{s:3:\"all\";a:1:{s:9:\"style.css\";s:24:\"themes/garland/style.css\";}s:5:\"print\";a:1:{s:9:\"print.css\";s:24:\"themes/garland/print.css\";}}s:6:\"engine\";s:11:\"phptemplate\";}}','block_admin_demo','a:1:{i:0;s:7:\"garland\";}','',31,5,0,'','admin/structure/block/demo/garland','Garland','t','','_block_custom_theme','a:1:{i:0;s:7:\"garland\";}',0,'','',0,'modules/block/block.admin.inc'),('admin/structure/block/demo/seven','','','_block_themes_access','a:1:{i:0;O:8:\"stdClass\":12:{s:8:\"filename\";s:23:\"themes/seven/seven.info\";s:4:\"name\";s:5:\"seven\";s:4:\"type\";s:5:\"theme\";s:5:\"owner\";s:45:\"themes/engines/phptemplate/phptemplate.engine\";s:6:\"status\";s:1:\"1\";s:9:\"bootstrap\";s:1:\"0\";s:14:\"schema_version\";s:2:\"-1\";s:6:\"weight\";s:1:\"0\";s:4:\"info\";a:19:{s:4:\"name\";s:5:\"Seven\";s:11:\"description\";s:65:\"A simple one-column, tableless, fluid width administration theme.\";s:7:\"package\";s:4:\"Core\";s:7:\"version\";s:4:\"7.41\";s:4:\"core\";s:3:\"7.x\";s:11:\"stylesheets\";a:1:{s:6:\"screen\";a:2:{s:9:\"reset.css\";s:22:\"themes/seven/reset.css\";s:9:\"style.css\";s:22:\"themes/seven/style.css\";}}s:8:\"settings\";a:1:{s:20:\"shortcut_module_link\";s:1:\"1\";}s:7:\"regions\";a:8:{s:7:\"content\";s:7:\"Content\";s:4:\"help\";s:4:\"Help\";s:8:\"page_top\";s:8:\"Page top\";s:11:\"page_bottom\";s:11:\"Page bottom\";s:13:\"sidebar_first\";s:13:\"First sidebar\";s:14:\"dashboard_main\";s:16:\"Dashboard (main)\";s:17:\"dashboard_sidebar\";s:19:\"Dashboard (sidebar)\";s:18:\"dashboard_inactive\";s:20:\"Dashboard (inactive)\";}s:14:\"regions_hidden\";a:3:{i:0;s:13:\"sidebar_first\";i:1;s:8:\"page_top\";i:2;s:11:\"page_bottom\";}s:7:\"project\";s:6:\"drupal\";s:9:\"datestamp\";s:10:\"1445457729\";s:6:\"engine\";s:11:\"phptemplate\";s:8:\"features\";a:9:{i:0;s:4:\"logo\";i:1;s:7:\"favicon\";i:2;s:4:\"name\";i:3;s:6:\"slogan\";i:4;s:17:\"node_user_picture\";i:5;s:20:\"comment_user_picture\";i:6;s:25:\"comment_user_verification\";i:7;s:9:\"main_menu\";i:8;s:14:\"secondary_menu\";}s:10:\"screenshot\";s:27:\"themes/seven/screenshot.png\";s:3:\"php\";s:5:\"5.2.4\";s:7:\"scripts\";a:0:{}s:5:\"mtime\";i:1445457729;s:15:\"overlay_regions\";a:5:{i:0;s:14:\"dashboard_main\";i:1;s:17:\"dashboard_sidebar\";i:2;s:18:\"dashboard_inactive\";i:3;s:7:\"content\";i:4;s:4:\"help\";}s:28:\"overlay_supplemental_regions\";a:1:{i:0;s:8:\"page_top\";}}s:6:\"prefix\";s:11:\"phptemplate\";s:11:\"stylesheets\";a:1:{s:6:\"screen\";a:2:{s:9:\"reset.css\";s:22:\"themes/seven/reset.css\";s:9:\"style.css\";s:22:\"themes/seven/style.css\";}}s:6:\"engine\";s:11:\"phptemplate\";}}','block_admin_demo','a:1:{i:0;s:5:\"seven\";}','',31,5,0,'','admin/structure/block/demo/seven','Seven','t','','_block_custom_theme','a:1:{i:0;s:5:\"seven\";}',0,'','',0,'modules/block/block.admin.inc'),('admin/structure/block/demo/stark','','','_block_themes_access','a:1:{i:0;O:8:\"stdClass\":12:{s:8:\"filename\";s:23:\"themes/stark/stark.info\";s:4:\"name\";s:5:\"stark\";s:4:\"type\";s:5:\"theme\";s:5:\"owner\";s:45:\"themes/engines/phptemplate/phptemplate.engine\";s:6:\"status\";s:1:\"0\";s:9:\"bootstrap\";s:1:\"0\";s:14:\"schema_version\";s:2:\"-1\";s:6:\"weight\";s:1:\"0\";s:4:\"info\";a:18:{s:4:\"name\";s:5:\"Stark\";s:11:\"description\";s:208:\"This theme demonstrates Drupal\'s default HTML markup and CSS styles. To learn how to build your own theme and override Drupal\'s default code, see the <a href=\"http://drupal.org/theme-guide\">Theming Guide</a>.\";s:7:\"package\";s:4:\"Core\";s:7:\"version\";s:4:\"7.41\";s:4:\"core\";s:3:\"7.x\";s:11:\"stylesheets\";a:1:{s:3:\"all\";a:1:{s:10:\"layout.css\";s:23:\"themes/stark/layout.css\";}}s:7:\"project\";s:6:\"drupal\";s:9:\"datestamp\";s:10:\"1445457729\";s:6:\"engine\";s:11:\"phptemplate\";s:7:\"regions\";a:12:{s:13:\"sidebar_first\";s:12:\"Left sidebar\";s:14:\"sidebar_second\";s:13:\"Right sidebar\";s:7:\"content\";s:7:\"Content\";s:6:\"header\";s:6:\"Header\";s:6:\"footer\";s:6:\"Footer\";s:11:\"highlighted\";s:11:\"Highlighted\";s:4:\"help\";s:4:\"Help\";s:8:\"page_top\";s:8:\"Page top\";s:11:\"page_bottom\";s:11:\"Page bottom\";s:14:\"dashboard_main\";s:16:\"Dashboard (main)\";s:17:\"dashboard_sidebar\";s:19:\"Dashboard (sidebar)\";s:18:\"dashboard_inactive\";s:20:\"Dashboard (inactive)\";}s:8:\"features\";a:9:{i:0;s:4:\"logo\";i:1;s:7:\"favicon\";i:2;s:4:\"name\";i:3;s:6:\"slogan\";i:4;s:17:\"node_user_picture\";i:5;s:20:\"comment_user_picture\";i:6;s:25:\"comment_user_verification\";i:7;s:9:\"main_menu\";i:8;s:14:\"secondary_menu\";}s:10:\"screenshot\";s:27:\"themes/stark/screenshot.png\";s:3:\"php\";s:5:\"5.2.4\";s:7:\"scripts\";a:0:{}s:5:\"mtime\";i:1445457729;s:15:\"overlay_regions\";a:5:{i:0;s:14:\"dashboard_main\";i:1;s:17:\"dashboard_sidebar\";i:2;s:18:\"dashboard_inactive\";i:3;s:7:\"content\";i:4;s:4:\"help\";}s:14:\"regions_hidden\";a:2:{i:0;s:8:\"page_top\";i:1;s:11:\"page_bottom\";}s:28:\"overlay_supplemental_regions\";a:1:{i:0;s:8:\"page_top\";}}s:6:\"prefix\";s:11:\"phptemplate\";s:11:\"stylesheets\";a:1:{s:3:\"all\";a:1:{s:10:\"layout.css\";s:23:\"themes/stark/layout.css\";}}s:6:\"engine\";s:11:\"phptemplate\";}}','block_admin_demo','a:1:{i:0;s:5:\"stark\";}','',31,5,0,'','admin/structure/block/demo/stark','Stark','t','','_block_custom_theme','a:1:{i:0;s:5:\"stark\";}',0,'','',0,'modules/block/block.admin.inc'),('admin/structure/block/list/bartik','','','_block_themes_access','a:1:{i:0;O:8:\"stdClass\":12:{s:8:\"filename\";s:25:\"themes/bartik/bartik.info\";s:4:\"name\";s:6:\"bartik\";s:4:\"type\";s:5:\"theme\";s:5:\"owner\";s:45:\"themes/engines/phptemplate/phptemplate.engine\";s:6:\"status\";s:1:\"1\";s:9:\"bootstrap\";s:1:\"0\";s:14:\"schema_version\";s:2:\"-1\";s:6:\"weight\";s:1:\"0\";s:4:\"info\";a:19:{s:4:\"name\";s:6:\"Bartik\";s:11:\"description\";s:48:\"A flexible, recolorable theme with many regions.\";s:7:\"package\";s:4:\"Core\";s:7:\"version\";s:4:\"7.41\";s:4:\"core\";s:3:\"7.x\";s:11:\"stylesheets\";a:2:{s:3:\"all\";a:3:{s:14:\"css/layout.css\";s:28:\"themes/bartik/css/layout.css\";s:13:\"css/style.css\";s:27:\"themes/bartik/css/style.css\";s:14:\"css/colors.css\";s:28:\"themes/bartik/css/colors.css\";}s:5:\"print\";a:1:{s:13:\"css/print.css\";s:27:\"themes/bartik/css/print.css\";}}s:7:\"regions\";a:20:{s:6:\"header\";s:6:\"Header\";s:4:\"help\";s:4:\"Help\";s:8:\"page_top\";s:8:\"Page top\";s:11:\"page_bottom\";s:11:\"Page bottom\";s:11:\"highlighted\";s:11:\"Highlighted\";s:8:\"featured\";s:8:\"Featured\";s:7:\"content\";s:7:\"Content\";s:13:\"sidebar_first\";s:13:\"Sidebar first\";s:14:\"sidebar_second\";s:14:\"Sidebar second\";s:14:\"triptych_first\";s:14:\"Triptych first\";s:15:\"triptych_middle\";s:15:\"Triptych middle\";s:13:\"triptych_last\";s:13:\"Triptych last\";s:18:\"footer_firstcolumn\";s:19:\"Footer first column\";s:19:\"footer_secondcolumn\";s:20:\"Footer second column\";s:18:\"footer_thirdcolumn\";s:19:\"Footer third column\";s:19:\"footer_fourthcolumn\";s:20:\"Footer fourth column\";s:6:\"footer\";s:6:\"Footer\";s:14:\"dashboard_main\";s:16:\"Dashboard (main)\";s:17:\"dashboard_sidebar\";s:19:\"Dashboard (sidebar)\";s:18:\"dashboard_inactive\";s:20:\"Dashboard (inactive)\";}s:8:\"settings\";a:1:{s:20:\"shortcut_module_link\";s:1:\"0\";}s:7:\"project\";s:6:\"drupal\";s:9:\"datestamp\";s:10:\"1445457729\";s:6:\"engine\";s:11:\"phptemplate\";s:8:\"features\";a:9:{i:0;s:4:\"logo\";i:1;s:7:\"favicon\";i:2;s:4:\"name\";i:3;s:6:\"slogan\";i:4;s:17:\"node_user_picture\";i:5;s:20:\"comment_user_picture\";i:6;s:25:\"comment_user_verification\";i:7;s:9:\"main_menu\";i:8;s:14:\"secondary_menu\";}s:10:\"screenshot\";s:28:\"themes/bartik/screenshot.png\";s:3:\"php\";s:5:\"5.2.4\";s:7:\"scripts\";a:0:{}s:5:\"mtime\";i:1445457729;s:15:\"overlay_regions\";a:5:{i:0;s:14:\"dashboard_main\";i:1;s:17:\"dashboard_sidebar\";i:2;s:18:\"dashboard_inactive\";i:3;s:7:\"content\";i:4;s:4:\"help\";}s:14:\"regions_hidden\";a:2:{i:0;s:8:\"page_top\";i:1;s:11:\"page_bottom\";}s:28:\"overlay_supplemental_regions\";a:1:{i:0;s:8:\"page_top\";}}s:6:\"prefix\";s:11:\"phptemplate\";s:11:\"stylesheets\";a:2:{s:3:\"all\";a:3:{s:14:\"css/layout.css\";s:28:\"themes/bartik/css/layout.css\";s:13:\"css/style.css\";s:27:\"themes/bartik/css/style.css\";s:14:\"css/colors.css\";s:28:\"themes/bartik/css/colors.css\";}s:5:\"print\";a:1:{s:13:\"css/print.css\";s:27:\"themes/bartik/css/print.css\";}}s:6:\"engine\";s:11:\"phptemplate\";}}','block_admin_display','a:1:{i:0;s:6:\"bartik\";}','',31,5,1,'admin/structure/block','admin/structure/block','Bartik','t','','','a:0:{}',140,'','',-10,'modules/block/block.admin.inc'),('admin/structure/block/list/garland','','','_block_themes_access','a:1:{i:0;O:8:\"stdClass\":12:{s:8:\"filename\";s:27:\"themes/garland/garland.info\";s:4:\"name\";s:7:\"garland\";s:4:\"type\";s:5:\"theme\";s:5:\"owner\";s:45:\"themes/engines/phptemplate/phptemplate.engine\";s:6:\"status\";s:1:\"0\";s:9:\"bootstrap\";s:1:\"0\";s:14:\"schema_version\";s:2:\"-1\";s:6:\"weight\";s:1:\"0\";s:4:\"info\";a:19:{s:4:\"name\";s:7:\"Garland\";s:11:\"description\";s:111:\"A multi-column theme which can be configured to modify colors and switch between fixed and fluid width layouts.\";s:7:\"package\";s:4:\"Core\";s:7:\"version\";s:4:\"7.41\";s:4:\"core\";s:3:\"7.x\";s:11:\"stylesheets\";a:2:{s:3:\"all\";a:1:{s:9:\"style.css\";s:24:\"themes/garland/style.css\";}s:5:\"print\";a:1:{s:9:\"print.css\";s:24:\"themes/garland/print.css\";}}s:8:\"settings\";a:1:{s:13:\"garland_width\";s:5:\"fluid\";}s:7:\"project\";s:6:\"drupal\";s:9:\"datestamp\";s:10:\"1445457729\";s:6:\"engine\";s:11:\"phptemplate\";s:7:\"regions\";a:12:{s:13:\"sidebar_first\";s:12:\"Left sidebar\";s:14:\"sidebar_second\";s:13:\"Right sidebar\";s:7:\"content\";s:7:\"Content\";s:6:\"header\";s:6:\"Header\";s:6:\"footer\";s:6:\"Footer\";s:11:\"highlighted\";s:11:\"Highlighted\";s:4:\"help\";s:4:\"Help\";s:8:\"page_top\";s:8:\"Page top\";s:11:\"page_bottom\";s:11:\"Page bottom\";s:14:\"dashboard_main\";s:16:\"Dashboard (main)\";s:17:\"dashboard_sidebar\";s:19:\"Dashboard (sidebar)\";s:18:\"dashboard_inactive\";s:20:\"Dashboard (inactive)\";}s:8:\"features\";a:9:{i:0;s:4:\"logo\";i:1;s:7:\"favicon\";i:2;s:4:\"name\";i:3;s:6:\"slogan\";i:4;s:17:\"node_user_picture\";i:5;s:20:\"comment_user_picture\";i:6;s:25:\"comment_user_verification\";i:7;s:9:\"main_menu\";i:8;s:14:\"secondary_menu\";}s:10:\"screenshot\";s:29:\"themes/garland/screenshot.png\";s:3:\"php\";s:5:\"5.2.4\";s:7:\"scripts\";a:0:{}s:5:\"mtime\";i:1445457729;s:15:\"overlay_regions\";a:5:{i:0;s:14:\"dashboard_main\";i:1;s:17:\"dashboard_sidebar\";i:2;s:18:\"dashboard_inactive\";i:3;s:7:\"content\";i:4;s:4:\"help\";}s:14:\"regions_hidden\";a:2:{i:0;s:8:\"page_top\";i:1;s:11:\"page_bottom\";}s:28:\"overlay_supplemental_regions\";a:1:{i:0;s:8:\"page_top\";}}s:6:\"prefix\";s:11:\"phptemplate\";s:11:\"stylesheets\";a:2:{s:3:\"all\";a:1:{s:9:\"style.css\";s:24:\"themes/garland/style.css\";}s:5:\"print\";a:1:{s:9:\"print.css\";s:24:\"themes/garland/print.css\";}}s:6:\"engine\";s:11:\"phptemplate\";}}','block_admin_display','a:1:{i:0;s:7:\"garland\";}','',31,5,1,'admin/structure/block','admin/structure/block','Garland','t','','','a:0:{}',132,'','',0,'modules/block/block.admin.inc'),('admin/structure/block/list/garland/add','','','user_access','a:1:{i:0;s:17:\"administer blocks\";}','drupal_get_form','a:1:{i:0;s:20:\"block_add_block_form\";}','',63,6,1,'admin/structure/block/list/garland','admin/structure/block','Add block','t','','','a:0:{}',388,'','',0,'modules/block/block.admin.inc'),('admin/structure/block/list/seven','','','_block_themes_access','a:1:{i:0;O:8:\"stdClass\":12:{s:8:\"filename\";s:23:\"themes/seven/seven.info\";s:4:\"name\";s:5:\"seven\";s:4:\"type\";s:5:\"theme\";s:5:\"owner\";s:45:\"themes/engines/phptemplate/phptemplate.engine\";s:6:\"status\";s:1:\"1\";s:9:\"bootstrap\";s:1:\"0\";s:14:\"schema_version\";s:2:\"-1\";s:6:\"weight\";s:1:\"0\";s:4:\"info\";a:19:{s:4:\"name\";s:5:\"Seven\";s:11:\"description\";s:65:\"A simple one-column, tableless, fluid width administration theme.\";s:7:\"package\";s:4:\"Core\";s:7:\"version\";s:4:\"7.41\";s:4:\"core\";s:3:\"7.x\";s:11:\"stylesheets\";a:1:{s:6:\"screen\";a:2:{s:9:\"reset.css\";s:22:\"themes/seven/reset.css\";s:9:\"style.css\";s:22:\"themes/seven/style.css\";}}s:8:\"settings\";a:1:{s:20:\"shortcut_module_link\";s:1:\"1\";}s:7:\"regions\";a:8:{s:7:\"content\";s:7:\"Content\";s:4:\"help\";s:4:\"Help\";s:8:\"page_top\";s:8:\"Page top\";s:11:\"page_bottom\";s:11:\"Page bottom\";s:13:\"sidebar_first\";s:13:\"First sidebar\";s:14:\"dashboard_main\";s:16:\"Dashboard (main)\";s:17:\"dashboard_sidebar\";s:19:\"Dashboard (sidebar)\";s:18:\"dashboard_inactive\";s:20:\"Dashboard (inactive)\";}s:14:\"regions_hidden\";a:3:{i:0;s:13:\"sidebar_first\";i:1;s:8:\"page_top\";i:2;s:11:\"page_bottom\";}s:7:\"project\";s:6:\"drupal\";s:9:\"datestamp\";s:10:\"1445457729\";s:6:\"engine\";s:11:\"phptemplate\";s:8:\"features\";a:9:{i:0;s:4:\"logo\";i:1;s:7:\"favicon\";i:2;s:4:\"name\";i:3;s:6:\"slogan\";i:4;s:17:\"node_user_picture\";i:5;s:20:\"comment_user_picture\";i:6;s:25:\"comment_user_verification\";i:7;s:9:\"main_menu\";i:8;s:14:\"secondary_menu\";}s:10:\"screenshot\";s:27:\"themes/seven/screenshot.png\";s:3:\"php\";s:5:\"5.2.4\";s:7:\"scripts\";a:0:{}s:5:\"mtime\";i:1445457729;s:15:\"overlay_regions\";a:5:{i:0;s:14:\"dashboard_main\";i:1;s:17:\"dashboard_sidebar\";i:2;s:18:\"dashboard_inactive\";i:3;s:7:\"content\";i:4;s:4:\"help\";}s:28:\"overlay_supplemental_regions\";a:1:{i:0;s:8:\"page_top\";}}s:6:\"prefix\";s:11:\"phptemplate\";s:11:\"stylesheets\";a:1:{s:6:\"screen\";a:2:{s:9:\"reset.css\";s:22:\"themes/seven/reset.css\";s:9:\"style.css\";s:22:\"themes/seven/style.css\";}}s:6:\"engine\";s:11:\"phptemplate\";}}','block_admin_display','a:1:{i:0;s:5:\"seven\";}','',31,5,1,'admin/structure/block','admin/structure/block','Seven','t','','','a:0:{}',132,'','',0,'modules/block/block.admin.inc'),('admin/structure/block/list/seven/add','','','user_access','a:1:{i:0;s:17:\"administer blocks\";}','drupal_get_form','a:1:{i:0;s:20:\"block_add_block_form\";}','',63,6,1,'admin/structure/block/list/seven','admin/structure/block','Add block','t','','','a:0:{}',388,'','',0,'modules/block/block.admin.inc'),('admin/structure/block/list/stark','','','_block_themes_access','a:1:{i:0;O:8:\"stdClass\":12:{s:8:\"filename\";s:23:\"themes/stark/stark.info\";s:4:\"name\";s:5:\"stark\";s:4:\"type\";s:5:\"theme\";s:5:\"owner\";s:45:\"themes/engines/phptemplate/phptemplate.engine\";s:6:\"status\";s:1:\"0\";s:9:\"bootstrap\";s:1:\"0\";s:14:\"schema_version\";s:2:\"-1\";s:6:\"weight\";s:1:\"0\";s:4:\"info\";a:18:{s:4:\"name\";s:5:\"Stark\";s:11:\"description\";s:208:\"This theme demonstrates Drupal\'s default HTML markup and CSS styles. To learn how to build your own theme and override Drupal\'s default code, see the <a href=\"http://drupal.org/theme-guide\">Theming Guide</a>.\";s:7:\"package\";s:4:\"Core\";s:7:\"version\";s:4:\"7.41\";s:4:\"core\";s:3:\"7.x\";s:11:\"stylesheets\";a:1:{s:3:\"all\";a:1:{s:10:\"layout.css\";s:23:\"themes/stark/layout.css\";}}s:7:\"project\";s:6:\"drupal\";s:9:\"datestamp\";s:10:\"1445457729\";s:6:\"engine\";s:11:\"phptemplate\";s:7:\"regions\";a:12:{s:13:\"sidebar_first\";s:12:\"Left sidebar\";s:14:\"sidebar_second\";s:13:\"Right sidebar\";s:7:\"content\";s:7:\"Content\";s:6:\"header\";s:6:\"Header\";s:6:\"footer\";s:6:\"Footer\";s:11:\"highlighted\";s:11:\"Highlighted\";s:4:\"help\";s:4:\"Help\";s:8:\"page_top\";s:8:\"Page top\";s:11:\"page_bottom\";s:11:\"Page bottom\";s:14:\"dashboard_main\";s:16:\"Dashboard (main)\";s:17:\"dashboard_sidebar\";s:19:\"Dashboard (sidebar)\";s:18:\"dashboard_inactive\";s:20:\"Dashboard (inactive)\";}s:8:\"features\";a:9:{i:0;s:4:\"logo\";i:1;s:7:\"favicon\";i:2;s:4:\"name\";i:3;s:6:\"slogan\";i:4;s:17:\"node_user_picture\";i:5;s:20:\"comment_user_picture\";i:6;s:25:\"comment_user_verification\";i:7;s:9:\"main_menu\";i:8;s:14:\"secondary_menu\";}s:10:\"screenshot\";s:27:\"themes/stark/screenshot.png\";s:3:\"php\";s:5:\"5.2.4\";s:7:\"scripts\";a:0:{}s:5:\"mtime\";i:1445457729;s:15:\"overlay_regions\";a:5:{i:0;s:14:\"dashboard_main\";i:1;s:17:\"dashboard_sidebar\";i:2;s:18:\"dashboard_inactive\";i:3;s:7:\"content\";i:4;s:4:\"help\";}s:14:\"regions_hidden\";a:2:{i:0;s:8:\"page_top\";i:1;s:11:\"page_bottom\";}s:28:\"overlay_supplemental_regions\";a:1:{i:0;s:8:\"page_top\";}}s:6:\"prefix\";s:11:\"phptemplate\";s:11:\"stylesheets\";a:1:{s:3:\"all\";a:1:{s:10:\"layout.css\";s:23:\"themes/stark/layout.css\";}}s:6:\"engine\";s:11:\"phptemplate\";}}','block_admin_display','a:1:{i:0;s:5:\"stark\";}','',31,5,1,'admin/structure/block','admin/structure/block','Stark','t','','','a:0:{}',132,'','',0,'modules/block/block.admin.inc'),('admin/structure/block/list/stark/add','','','user_access','a:1:{i:0;s:17:\"administer blocks\";}','drupal_get_form','a:1:{i:0;s:20:\"block_add_block_form\";}','',63,6,1,'admin/structure/block/list/stark','admin/structure/block','Add block','t','','','a:0:{}',388,'','',0,'modules/block/block.admin.inc'),('admin/structure/block/manage/%/%','a:2:{i:4;N;i:5;N;}','','user_access','a:1:{i:0;s:17:\"administer blocks\";}','drupal_get_form','a:3:{i:0;s:21:\"block_admin_configure\";i:1;i:4;i:2;i:5;}','',60,6,0,'','admin/structure/block/manage/%/%','Configure block','t','','','a:0:{}',6,'','',0,'modules/block/block.admin.inc'),('admin/structure/block/manage/%/%/configure','a:2:{i:4;N;i:5;N;}','','user_access','a:1:{i:0;s:17:\"administer blocks\";}','drupal_get_form','a:3:{i:0;s:21:\"block_admin_configure\";i:1;i:4;i:2;i:5;}','',121,7,2,'admin/structure/block/manage/%/%','admin/structure/block/manage/%/%','Configure block','t','','','a:0:{}',140,'','',0,'modules/block/block.admin.inc'),('admin/structure/block/manage/%/%/delete','a:2:{i:4;N;i:5;N;}','','user_access','a:1:{i:0;s:17:\"administer blocks\";}','drupal_get_form','a:3:{i:0;s:25:\"block_custom_block_delete\";i:1;i:4;i:2;i:5;}','',121,7,0,'admin/structure/block/manage/%/%','admin/structure/block/manage/%/%','Delete block','t','','','a:0:{}',132,'','',0,'modules/block/block.admin.inc'),('admin/structure/menu','','','user_access','a:1:{i:0;s:15:\"administer menu\";}','menu_overview_page','a:0:{}','',7,3,0,'','admin/structure/menu','Menus','t','','','a:0:{}',6,'Add new menus to your site, edit existing menus, and rename and reorganize menu links.','',0,'modules/menu/menu.admin.inc'),('admin/structure/menu/add','','','user_access','a:1:{i:0;s:15:\"administer menu\";}','drupal_get_form','a:2:{i:0;s:14:\"menu_edit_menu\";i:1;s:3:\"add\";}','',15,4,1,'admin/structure/menu','admin/structure/menu','Add menu','t','','','a:0:{}',388,'','',0,'modules/menu/menu.admin.inc'),('admin/structure/menu/item/%/delete','a:1:{i:4;s:14:\"menu_link_load\";}','','user_access','a:1:{i:0;s:15:\"administer menu\";}','menu_item_delete_page','a:1:{i:0;i:4;}','',61,6,0,'','admin/structure/menu/item/%/delete','Delete menu link','t','','','a:0:{}',6,'','',0,'modules/menu/menu.admin.inc'),('admin/structure/menu/item/%/edit','a:1:{i:4;s:14:\"menu_link_load\";}','','user_access','a:1:{i:0;s:15:\"administer menu\";}','drupal_get_form','a:4:{i:0;s:14:\"menu_edit_item\";i:1;s:4:\"edit\";i:2;i:4;i:3;N;}','',61,6,0,'','admin/structure/menu/item/%/edit','Edit menu link','t','','','a:0:{}',6,'','',0,'modules/menu/menu.admin.inc'),('admin/structure/menu/item/%/reset','a:1:{i:4;s:14:\"menu_link_load\";}','','user_access','a:1:{i:0;s:15:\"administer menu\";}','drupal_get_form','a:2:{i:0;s:23:\"menu_reset_item_confirm\";i:1;i:4;}','',61,6,0,'','admin/structure/menu/item/%/reset','Reset menu link','t','','','a:0:{}',6,'','',0,'modules/menu/menu.admin.inc'),('admin/structure/menu/list','','','user_access','a:1:{i:0;s:15:\"administer menu\";}','menu_overview_page','a:0:{}','',15,4,1,'admin/structure/menu','admin/structure/menu','List menus','t','','','a:0:{}',140,'','',-10,'modules/menu/menu.admin.inc'),('admin/structure/menu/manage/%','a:1:{i:4;s:9:\"menu_load\";}','','user_access','a:1:{i:0;s:15:\"administer menu\";}','drupal_get_form','a:2:{i:0;s:18:\"menu_overview_form\";i:1;i:4;}','',30,5,0,'','admin/structure/menu/manage/%','Customize menu','menu_overview_title','a:1:{i:0;i:4;}','','a:0:{}',6,'','',0,'modules/menu/menu.admin.inc'),('admin/structure/menu/manage/%/add','a:1:{i:4;s:9:\"menu_load\";}','','user_access','a:1:{i:0;s:15:\"administer menu\";}','drupal_get_form','a:4:{i:0;s:14:\"menu_edit_item\";i:1;s:3:\"add\";i:2;N;i:3;i:4;}','',61,6,1,'admin/structure/menu/manage/%','admin/structure/menu/manage/%','Add link','t','','','a:0:{}',388,'','',0,'modules/menu/menu.admin.inc'),('admin/structure/menu/manage/%/delete','a:1:{i:4;s:9:\"menu_load\";}','','user_access','a:1:{i:0;s:15:\"administer menu\";}','menu_delete_menu_page','a:1:{i:0;i:4;}','',61,6,0,'','admin/structure/menu/manage/%/delete','Delete menu','t','','','a:0:{}',6,'','',0,'modules/menu/menu.admin.inc'),('admin/structure/menu/manage/%/edit','a:1:{i:4;s:9:\"menu_load\";}','','user_access','a:1:{i:0;s:15:\"administer menu\";}','drupal_get_form','a:3:{i:0;s:14:\"menu_edit_menu\";i:1;s:4:\"edit\";i:2;i:4;}','',61,6,3,'admin/structure/menu/manage/%','admin/structure/menu/manage/%','Edit menu','t','','','a:0:{}',132,'','',0,'modules/menu/menu.admin.inc'),('admin/structure/menu/manage/%/list','a:1:{i:4;s:9:\"menu_load\";}','','user_access','a:1:{i:0;s:15:\"administer menu\";}','drupal_get_form','a:2:{i:0;s:18:\"menu_overview_form\";i:1;i:4;}','',61,6,3,'admin/structure/menu/manage/%','admin/structure/menu/manage/%','List links','t','','','a:0:{}',140,'','',-10,'modules/menu/menu.admin.inc'),('admin/structure/menu/parents','','','user_access','a:1:{i:0;s:15:\"administer menu\";}','menu_parent_options_js','a:0:{}','',15,4,0,'','admin/structure/menu/parents','Parent menu items','t','','','a:0:{}',0,'','',0,''),('admin/structure/menu/settings','','','user_access','a:1:{i:0;s:15:\"administer menu\";}','drupal_get_form','a:1:{i:0;s:14:\"menu_configure\";}','',15,4,1,'admin/structure/menu','admin/structure/menu','Settings','t','','','a:0:{}',132,'','',5,'modules/menu/menu.admin.inc'),('admin/structure/taxonomy','','','user_access','a:1:{i:0;s:19:\"administer taxonomy\";}','drupal_get_form','a:1:{i:0;s:30:\"taxonomy_overview_vocabularies\";}','',7,3,0,'','admin/structure/taxonomy','Taxonomy','t','','','a:0:{}',6,'Manage tagging, categorization, and classification of your content.','',0,'modules/taxonomy/taxonomy.admin.inc'),('admin/structure/taxonomy/%','a:1:{i:3;s:37:\"taxonomy_vocabulary_machine_name_load\";}','','user_access','a:1:{i:0;s:19:\"administer taxonomy\";}','drupal_get_form','a:2:{i:0;s:23:\"taxonomy_overview_terms\";i:1;i:3;}','',14,4,0,'','admin/structure/taxonomy/%','','entity_label','a:2:{i:0;s:19:\"taxonomy_vocabulary\";i:1;i:3;}','','a:0:{}',6,'','',0,'modules/taxonomy/taxonomy.admin.inc'),('admin/structure/taxonomy/%/add','a:1:{i:3;s:37:\"taxonomy_vocabulary_machine_name_load\";}','','user_access','a:1:{i:0;s:19:\"administer taxonomy\";}','drupal_get_form','a:3:{i:0;s:18:\"taxonomy_form_term\";i:1;a:0:{}i:2;i:3;}','',29,5,1,'admin/structure/taxonomy/%','admin/structure/taxonomy/%','Add term','t','','','a:0:{}',388,'','',0,'modules/taxonomy/taxonomy.admin.inc'),('admin/structure/taxonomy/%/display','a:1:{i:3;s:37:\"taxonomy_vocabulary_machine_name_load\";}','','user_access','a:1:{i:0;s:19:\"administer taxonomy\";}','drupal_get_form','a:4:{i:0;s:30:\"field_ui_display_overview_form\";i:1;s:13:\"taxonomy_term\";i:2;i:3;i:3;s:7:\"default\";}','',29,5,1,'admin/structure/taxonomy/%','admin/structure/taxonomy/%','Manage display','t','','','a:0:{}',132,'','',2,'modules/field_ui/field_ui.admin.inc'),('admin/structure/taxonomy/%/display/default','a:1:{i:3;s:37:\"taxonomy_vocabulary_machine_name_load\";}','','_field_ui_view_mode_menu_access','a:5:{i:0;s:13:\"taxonomy_term\";i:1;i:3;i:2;s:7:\"default\";i:3;s:11:\"user_access\";i:4;s:19:\"administer taxonomy\";}','drupal_get_form','a:4:{i:0;s:30:\"field_ui_display_overview_form\";i:1;s:13:\"taxonomy_term\";i:2;i:3;i:3;s:7:\"default\";}','',59,6,1,'admin/structure/taxonomy/%/display','admin/structure/taxonomy/%','Par défaut','t','','','a:0:{}',140,'','',-10,'modules/field_ui/field_ui.admin.inc'),('admin/structure/taxonomy/%/display/full','a:1:{i:3;s:37:\"taxonomy_vocabulary_machine_name_load\";}','','_field_ui_view_mode_menu_access','a:5:{i:0;s:13:\"taxonomy_term\";i:1;i:3;i:2;s:4:\"full\";i:3;s:11:\"user_access\";i:4;s:19:\"administer taxonomy\";}','drupal_get_form','a:4:{i:0;s:30:\"field_ui_display_overview_form\";i:1;s:13:\"taxonomy_term\";i:2;i:3;i:3;s:4:\"full\";}','',59,6,1,'admin/structure/taxonomy/%/display','admin/structure/taxonomy/%','Page d\'un terme de taxonomie','t','','','a:0:{}',132,'','',0,'modules/field_ui/field_ui.admin.inc'),('admin/structure/taxonomy/%/edit','a:1:{i:3;s:37:\"taxonomy_vocabulary_machine_name_load\";}','','user_access','a:1:{i:0;s:19:\"administer taxonomy\";}','drupal_get_form','a:2:{i:0;s:24:\"taxonomy_form_vocabulary\";i:1;i:3;}','',29,5,1,'admin/structure/taxonomy/%','admin/structure/taxonomy/%','Edit','t','','','a:0:{}',132,'','',-10,'modules/taxonomy/taxonomy.admin.inc'),('admin/structure/taxonomy/%/fields','a:1:{i:3;s:37:\"taxonomy_vocabulary_machine_name_load\";}','','user_access','a:1:{i:0;s:19:\"administer taxonomy\";}','drupal_get_form','a:3:{i:0;s:28:\"field_ui_field_overview_form\";i:1;s:13:\"taxonomy_term\";i:2;i:3;}','',29,5,1,'admin/structure/taxonomy/%','admin/structure/taxonomy/%','Manage fields','t','','','a:0:{}',132,'','',1,'modules/field_ui/field_ui.admin.inc'),('admin/structure/taxonomy/%/fields/%','a:2:{i:3;a:1:{s:37:\"taxonomy_vocabulary_machine_name_load\";a:4:{i:0;s:13:\"taxonomy_term\";i:1;i:3;i:2;s:1:\"3\";i:3;s:4:\"%map\";}}i:5;a:1:{s:18:\"field_ui_menu_load\";a:4:{i:0;s:13:\"taxonomy_term\";i:1;i:3;i:2;s:1:\"3\";i:3;s:4:\"%map\";}}}','','user_access','a:1:{i:0;s:19:\"administer taxonomy\";}','drupal_get_form','a:2:{i:0;s:24:\"field_ui_field_edit_form\";i:1;i:5;}','',58,6,0,'','admin/structure/taxonomy/%/fields/%','','field_ui_menu_title','a:1:{i:0;i:5;}','','a:0:{}',6,'','',0,'modules/field_ui/field_ui.admin.inc'),('admin/structure/taxonomy/%/fields/%/delete','a:2:{i:3;a:1:{s:37:\"taxonomy_vocabulary_machine_name_load\";a:4:{i:0;s:13:\"taxonomy_term\";i:1;i:3;i:2;s:1:\"3\";i:3;s:4:\"%map\";}}i:5;a:1:{s:18:\"field_ui_menu_load\";a:4:{i:0;s:13:\"taxonomy_term\";i:1;i:3;i:2;s:1:\"3\";i:3;s:4:\"%map\";}}}','','user_access','a:1:{i:0;s:19:\"administer taxonomy\";}','drupal_get_form','a:2:{i:0;s:26:\"field_ui_field_delete_form\";i:1;i:5;}','',117,7,1,'admin/structure/taxonomy/%/fields/%','admin/structure/taxonomy/%/fields/%','Delete','t','','','a:0:{}',132,'','',10,'modules/field_ui/field_ui.admin.inc'),('admin/structure/taxonomy/%/fields/%/edit','a:2:{i:3;a:1:{s:37:\"taxonomy_vocabulary_machine_name_load\";a:4:{i:0;s:13:\"taxonomy_term\";i:1;i:3;i:2;s:1:\"3\";i:3;s:4:\"%map\";}}i:5;a:1:{s:18:\"field_ui_menu_load\";a:4:{i:0;s:13:\"taxonomy_term\";i:1;i:3;i:2;s:1:\"3\";i:3;s:4:\"%map\";}}}','','user_access','a:1:{i:0;s:19:\"administer taxonomy\";}','drupal_get_form','a:2:{i:0;s:24:\"field_ui_field_edit_form\";i:1;i:5;}','',117,7,1,'admin/structure/taxonomy/%/fields/%','admin/structure/taxonomy/%/fields/%','Edit','t','','','a:0:{}',140,'','',0,'modules/field_ui/field_ui.admin.inc'),('admin/structure/taxonomy/%/fields/%/field-settings','a:2:{i:3;a:1:{s:37:\"taxonomy_vocabulary_machine_name_load\";a:4:{i:0;s:13:\"taxonomy_term\";i:1;i:3;i:2;s:1:\"3\";i:3;s:4:\"%map\";}}i:5;a:1:{s:18:\"field_ui_menu_load\";a:4:{i:0;s:13:\"taxonomy_term\";i:1;i:3;i:2;s:1:\"3\";i:3;s:4:\"%map\";}}}','','user_access','a:1:{i:0;s:19:\"administer taxonomy\";}','drupal_get_form','a:2:{i:0;s:28:\"field_ui_field_settings_form\";i:1;i:5;}','',117,7,1,'admin/structure/taxonomy/%/fields/%','admin/structure/taxonomy/%/fields/%','Field settings','t','','','a:0:{}',132,'','',0,'modules/field_ui/field_ui.admin.inc'),('admin/structure/taxonomy/%/fields/%/widget-type','a:2:{i:3;a:1:{s:37:\"taxonomy_vocabulary_machine_name_load\";a:4:{i:0;s:13:\"taxonomy_term\";i:1;i:3;i:2;s:1:\"3\";i:3;s:4:\"%map\";}}i:5;a:1:{s:18:\"field_ui_menu_load\";a:4:{i:0;s:13:\"taxonomy_term\";i:1;i:3;i:2;s:1:\"3\";i:3;s:4:\"%map\";}}}','','user_access','a:1:{i:0;s:19:\"administer taxonomy\";}','drupal_get_form','a:2:{i:0;s:25:\"field_ui_widget_type_form\";i:1;i:5;}','',117,7,1,'admin/structure/taxonomy/%/fields/%','admin/structure/taxonomy/%/fields/%','Widget type','t','','','a:0:{}',132,'','',0,'modules/field_ui/field_ui.admin.inc'),('admin/structure/taxonomy/%/list','a:1:{i:3;s:37:\"taxonomy_vocabulary_machine_name_load\";}','','user_access','a:1:{i:0;s:19:\"administer taxonomy\";}','drupal_get_form','a:2:{i:0;s:23:\"taxonomy_overview_terms\";i:1;i:3;}','',29,5,1,'admin/structure/taxonomy/%','admin/structure/taxonomy/%','List','t','','','a:0:{}',140,'','',-20,'modules/taxonomy/taxonomy.admin.inc'),('admin/structure/taxonomy/add','','','user_access','a:1:{i:0;s:19:\"administer taxonomy\";}','drupal_get_form','a:1:{i:0;s:24:\"taxonomy_form_vocabulary\";}','',15,4,1,'admin/structure/taxonomy','admin/structure/taxonomy','Add vocabulary','t','','','a:0:{}',388,'','',0,'modules/taxonomy/taxonomy.admin.inc'),('admin/structure/taxonomy/list','','','user_access','a:1:{i:0;s:19:\"administer taxonomy\";}','drupal_get_form','a:1:{i:0;s:30:\"taxonomy_overview_vocabularies\";}','',15,4,1,'admin/structure/taxonomy','admin/structure/taxonomy','List','t','','','a:0:{}',140,'','',-10,'modules/taxonomy/taxonomy.admin.inc'),('admin/structure/types','','','user_access','a:1:{i:0;s:24:\"administer content types\";}','node_overview_types','a:0:{}','',7,3,0,'','admin/structure/types','Content types','t','','','a:0:{}',6,'Manage content types, including default status, front page promotion, comment settings, etc.','',0,'modules/node/content_types.inc'),('admin/structure/types/add','','','user_access','a:1:{i:0;s:24:\"administer content types\";}','drupal_get_form','a:1:{i:0;s:14:\"node_type_form\";}','',15,4,1,'admin/structure/types','admin/structure/types','Add content type','t','','','a:0:{}',388,'','',0,'modules/node/content_types.inc'),('admin/structure/types/list','','','user_access','a:1:{i:0;s:24:\"administer content types\";}','node_overview_types','a:0:{}','',15,4,1,'admin/structure/types','admin/structure/types','List','t','','','a:0:{}',140,'','',-10,'modules/node/content_types.inc'),('admin/structure/types/manage/%','a:1:{i:4;s:14:\"node_type_load\";}','','user_access','a:1:{i:0;s:24:\"administer content types\";}','drupal_get_form','a:2:{i:0;s:14:\"node_type_form\";i:1;i:4;}','',30,5,0,'','admin/structure/types/manage/%','Edit content type','node_type_page_title','a:1:{i:0;i:4;}','','a:0:{}',6,'','',0,'modules/node/content_types.inc'),('admin/structure/types/manage/%/comment/display','a:1:{i:4;s:22:\"comment_node_type_load\";}','','user_access','a:1:{i:0;s:24:\"administer content types\";}','drupal_get_form','a:4:{i:0;s:30:\"field_ui_display_overview_form\";i:1;s:7:\"comment\";i:2;i:4;i:3;s:7:\"default\";}','',123,7,1,'admin/structure/types/manage/%','admin/structure/types/manage/%','Comment display','t','','','a:0:{}',132,'','',4,'modules/field_ui/field_ui.admin.inc'),('admin/structure/types/manage/%/comment/display/default','a:1:{i:4;s:22:\"comment_node_type_load\";}','','_field_ui_view_mode_menu_access','a:5:{i:0;s:7:\"comment\";i:1;i:4;i:2;s:7:\"default\";i:3;s:11:\"user_access\";i:4;s:24:\"administer content types\";}','drupal_get_form','a:4:{i:0;s:30:\"field_ui_display_overview_form\";i:1;s:7:\"comment\";i:2;i:4;i:3;s:7:\"default\";}','',247,8,1,'admin/structure/types/manage/%/comment/display','admin/structure/types/manage/%','Par défaut','t','','','a:0:{}',140,'','',-10,'modules/field_ui/field_ui.admin.inc'),('admin/structure/types/manage/%/comment/display/full','a:1:{i:4;s:22:\"comment_node_type_load\";}','','_field_ui_view_mode_menu_access','a:5:{i:0;s:7:\"comment\";i:1;i:4;i:2;s:4:\"full\";i:3;s:11:\"user_access\";i:4;s:24:\"administer content types\";}','drupal_get_form','a:4:{i:0;s:30:\"field_ui_display_overview_form\";i:1;s:7:\"comment\";i:2;i:4;i:3;s:4:\"full\";}','',247,8,1,'admin/structure/types/manage/%/comment/display','admin/structure/types/manage/%','Commentaire complet','t','','','a:0:{}',132,'','',0,'modules/field_ui/field_ui.admin.inc'),('admin/structure/types/manage/%/comment/fields','a:1:{i:4;s:22:\"comment_node_type_load\";}','','user_access','a:1:{i:0;s:24:\"administer content types\";}','drupal_get_form','a:3:{i:0;s:28:\"field_ui_field_overview_form\";i:1;s:7:\"comment\";i:2;i:4;}','',123,7,1,'admin/structure/types/manage/%','admin/structure/types/manage/%','Comment fields','t','','','a:0:{}',132,'','',3,'modules/field_ui/field_ui.admin.inc'),('admin/structure/types/manage/%/comment/fields/%','a:2:{i:4;a:1:{s:22:\"comment_node_type_load\";a:4:{i:0;s:7:\"comment\";i:1;i:4;i:2;s:1:\"4\";i:3;s:4:\"%map\";}}i:7;a:1:{s:18:\"field_ui_menu_load\";a:4:{i:0;s:7:\"comment\";i:1;i:4;i:2;s:1:\"4\";i:3;s:4:\"%map\";}}}','','user_access','a:1:{i:0;s:24:\"administer content types\";}','drupal_get_form','a:2:{i:0;s:24:\"field_ui_field_edit_form\";i:1;i:7;}','',246,8,0,'','admin/structure/types/manage/%/comment/fields/%','','field_ui_menu_title','a:1:{i:0;i:7;}','','a:0:{}',6,'','',0,'modules/field_ui/field_ui.admin.inc'),('admin/structure/types/manage/%/comment/fields/%/delete','a:2:{i:4;a:1:{s:22:\"comment_node_type_load\";a:4:{i:0;s:7:\"comment\";i:1;i:4;i:2;s:1:\"4\";i:3;s:4:\"%map\";}}i:7;a:1:{s:18:\"field_ui_menu_load\";a:4:{i:0;s:7:\"comment\";i:1;i:4;i:2;s:1:\"4\";i:3;s:4:\"%map\";}}}','','user_access','a:1:{i:0;s:24:\"administer content types\";}','drupal_get_form','a:2:{i:0;s:26:\"field_ui_field_delete_form\";i:1;i:7;}','',493,9,1,'admin/structure/types/manage/%/comment/fields/%','admin/structure/types/manage/%/comment/fields/%','Delete','t','','','a:0:{}',132,'','',10,'modules/field_ui/field_ui.admin.inc'),('admin/structure/types/manage/%/comment/fields/%/edit','a:2:{i:4;a:1:{s:22:\"comment_node_type_load\";a:4:{i:0;s:7:\"comment\";i:1;i:4;i:2;s:1:\"4\";i:3;s:4:\"%map\";}}i:7;a:1:{s:18:\"field_ui_menu_load\";a:4:{i:0;s:7:\"comment\";i:1;i:4;i:2;s:1:\"4\";i:3;s:4:\"%map\";}}}','','user_access','a:1:{i:0;s:24:\"administer content types\";}','drupal_get_form','a:2:{i:0;s:24:\"field_ui_field_edit_form\";i:1;i:7;}','',493,9,1,'admin/structure/types/manage/%/comment/fields/%','admin/structure/types/manage/%/comment/fields/%','Edit','t','','','a:0:{}',140,'','',0,'modules/field_ui/field_ui.admin.inc'),('admin/structure/types/manage/%/comment/fields/%/field-settings','a:2:{i:4;a:1:{s:22:\"comment_node_type_load\";a:4:{i:0;s:7:\"comment\";i:1;i:4;i:2;s:1:\"4\";i:3;s:4:\"%map\";}}i:7;a:1:{s:18:\"field_ui_menu_load\";a:4:{i:0;s:7:\"comment\";i:1;i:4;i:2;s:1:\"4\";i:3;s:4:\"%map\";}}}','','user_access','a:1:{i:0;s:24:\"administer content types\";}','drupal_get_form','a:2:{i:0;s:28:\"field_ui_field_settings_form\";i:1;i:7;}','',493,9,1,'admin/structure/types/manage/%/comment/fields/%','admin/structure/types/manage/%/comment/fields/%','Field settings','t','','','a:0:{}',132,'','',0,'modules/field_ui/field_ui.admin.inc'),('admin/structure/types/manage/%/comment/fields/%/widget-type','a:2:{i:4;a:1:{s:22:\"comment_node_type_load\";a:4:{i:0;s:7:\"comment\";i:1;i:4;i:2;s:1:\"4\";i:3;s:4:\"%map\";}}i:7;a:1:{s:18:\"field_ui_menu_load\";a:4:{i:0;s:7:\"comment\";i:1;i:4;i:2;s:1:\"4\";i:3;s:4:\"%map\";}}}','','user_access','a:1:{i:0;s:24:\"administer content types\";}','drupal_get_form','a:2:{i:0;s:25:\"field_ui_widget_type_form\";i:1;i:7;}','',493,9,1,'admin/structure/types/manage/%/comment/fields/%','admin/structure/types/manage/%/comment/fields/%','Widget type','t','','','a:0:{}',132,'','',0,'modules/field_ui/field_ui.admin.inc'),('admin/structure/types/manage/%/delete','a:1:{i:4;s:14:\"node_type_load\";}','','user_access','a:1:{i:0;s:24:\"administer content types\";}','drupal_get_form','a:2:{i:0;s:24:\"node_type_delete_confirm\";i:1;i:4;}','',61,6,0,'','admin/structure/types/manage/%/delete','Delete','t','','','a:0:{}',6,'','',0,'modules/node/content_types.inc'),('admin/structure/types/manage/%/display','a:1:{i:4;s:14:\"node_type_load\";}','','user_access','a:1:{i:0;s:24:\"administer content types\";}','drupal_get_form','a:4:{i:0;s:30:\"field_ui_display_overview_form\";i:1;s:4:\"node\";i:2;i:4;i:3;s:7:\"default\";}','',61,6,1,'admin/structure/types/manage/%','admin/structure/types/manage/%','Manage display','t','','','a:0:{}',132,'','',2,'modules/field_ui/field_ui.admin.inc'),('admin/structure/types/manage/%/display/default','a:1:{i:4;s:14:\"node_type_load\";}','','_field_ui_view_mode_menu_access','a:5:{i:0;s:4:\"node\";i:1;i:4;i:2;s:7:\"default\";i:3;s:11:\"user_access\";i:4;s:24:\"administer content types\";}','drupal_get_form','a:4:{i:0;s:30:\"field_ui_display_overview_form\";i:1;s:4:\"node\";i:2;i:4;i:3;s:7:\"default\";}','',123,7,1,'admin/structure/types/manage/%/display','admin/structure/types/manage/%','Par défaut','t','','','a:0:{}',140,'','',-10,'modules/field_ui/field_ui.admin.inc'),('admin/structure/types/manage/%/display/full','a:1:{i:4;s:14:\"node_type_load\";}','','_field_ui_view_mode_menu_access','a:5:{i:0;s:4:\"node\";i:1;i:4;i:2;s:4:\"full\";i:3;s:11:\"user_access\";i:4;s:24:\"administer content types\";}','drupal_get_form','a:4:{i:0;s:30:\"field_ui_display_overview_form\";i:1;s:4:\"node\";i:2;i:4;i:3;s:4:\"full\";}','',123,7,1,'admin/structure/types/manage/%/display','admin/structure/types/manage/%','Contenu complet','t','','','a:0:{}',132,'','',0,'modules/field_ui/field_ui.admin.inc'),('admin/structure/types/manage/%/display/rss','a:1:{i:4;s:14:\"node_type_load\";}','','_field_ui_view_mode_menu_access','a:5:{i:0;s:4:\"node\";i:1;i:4;i:2;s:3:\"rss\";i:3;s:11:\"user_access\";i:4;s:24:\"administer content types\";}','drupal_get_form','a:4:{i:0;s:30:\"field_ui_display_overview_form\";i:1;s:4:\"node\";i:2;i:4;i:3;s:3:\"rss\";}','',123,7,1,'admin/structure/types/manage/%/display','admin/structure/types/manage/%','RSS','t','','','a:0:{}',132,'','',2,'modules/field_ui/field_ui.admin.inc'),('admin/structure/types/manage/%/display/search_index','a:1:{i:4;s:14:\"node_type_load\";}','','_field_ui_view_mode_menu_access','a:5:{i:0;s:4:\"node\";i:1;i:4;i:2;s:12:\"search_index\";i:3;s:11:\"user_access\";i:4;s:24:\"administer content types\";}','drupal_get_form','a:4:{i:0;s:30:\"field_ui_display_overview_form\";i:1;s:4:\"node\";i:2;i:4;i:3;s:12:\"search_index\";}','',123,7,1,'admin/structure/types/manage/%/display','admin/structure/types/manage/%','Index de recherche','t','','','a:0:{}',132,'','',3,'modules/field_ui/field_ui.admin.inc'),('admin/structure/types/manage/%/display/search_result','a:1:{i:4;s:14:\"node_type_load\";}','','_field_ui_view_mode_menu_access','a:5:{i:0;s:4:\"node\";i:1;i:4;i:2;s:13:\"search_result\";i:3;s:11:\"user_access\";i:4;s:24:\"administer content types\";}','drupal_get_form','a:4:{i:0;s:30:\"field_ui_display_overview_form\";i:1;s:4:\"node\";i:2;i:4;i:3;s:13:\"search_result\";}','',123,7,1,'admin/structure/types/manage/%/display','admin/structure/types/manage/%','Effectuer une recherche en mettant en évidence les données saisies','t','','','a:0:{}',132,'','',4,'modules/field_ui/field_ui.admin.inc'),('admin/structure/types/manage/%/display/teaser','a:1:{i:4;s:14:\"node_type_load\";}','','_field_ui_view_mode_menu_access','a:5:{i:0;s:4:\"node\";i:1;i:4;i:2;s:6:\"teaser\";i:3;s:11:\"user_access\";i:4;s:24:\"administer content types\";}','drupal_get_form','a:4:{i:0;s:30:\"field_ui_display_overview_form\";i:1;s:4:\"node\";i:2;i:4;i:3;s:6:\"teaser\";}','',123,7,1,'admin/structure/types/manage/%/display','admin/structure/types/manage/%','Accroche','t','','','a:0:{}',132,'','',1,'modules/field_ui/field_ui.admin.inc'),('admin/structure/types/manage/%/edit','a:1:{i:4;s:14:\"node_type_load\";}','','user_access','a:1:{i:0;s:24:\"administer content types\";}','drupal_get_form','a:2:{i:0;s:14:\"node_type_form\";i:1;i:4;}','',61,6,1,'admin/structure/types/manage/%','admin/structure/types/manage/%','Edit','t','','','a:0:{}',140,'','',0,'modules/node/content_types.inc'),('admin/structure/types/manage/%/fields','a:1:{i:4;s:14:\"node_type_load\";}','','user_access','a:1:{i:0;s:24:\"administer content types\";}','drupal_get_form','a:3:{i:0;s:28:\"field_ui_field_overview_form\";i:1;s:4:\"node\";i:2;i:4;}','',61,6,1,'admin/structure/types/manage/%','admin/structure/types/manage/%','Manage fields','t','','','a:0:{}',132,'','',1,'modules/field_ui/field_ui.admin.inc'),('admin/structure/types/manage/%/fields/%','a:2:{i:4;a:1:{s:14:\"node_type_load\";a:4:{i:0;s:4:\"node\";i:1;i:4;i:2;s:1:\"4\";i:3;s:4:\"%map\";}}i:6;a:1:{s:18:\"field_ui_menu_load\";a:4:{i:0;s:4:\"node\";i:1;i:4;i:2;s:1:\"4\";i:3;s:4:\"%map\";}}}','','user_access','a:1:{i:0;s:24:\"administer content types\";}','drupal_get_form','a:2:{i:0;s:24:\"field_ui_field_edit_form\";i:1;i:6;}','',122,7,0,'','admin/structure/types/manage/%/fields/%','','field_ui_menu_title','a:1:{i:0;i:6;}','','a:0:{}',6,'','',0,'modules/field_ui/field_ui.admin.inc'),('admin/structure/types/manage/%/fields/%/delete','a:2:{i:4;a:1:{s:14:\"node_type_load\";a:4:{i:0;s:4:\"node\";i:1;i:4;i:2;s:1:\"4\";i:3;s:4:\"%map\";}}i:6;a:1:{s:18:\"field_ui_menu_load\";a:4:{i:0;s:4:\"node\";i:1;i:4;i:2;s:1:\"4\";i:3;s:4:\"%map\";}}}','','user_access','a:1:{i:0;s:24:\"administer content types\";}','drupal_get_form','a:2:{i:0;s:26:\"field_ui_field_delete_form\";i:1;i:6;}','',245,8,1,'admin/structure/types/manage/%/fields/%','admin/structure/types/manage/%/fields/%','Delete','t','','','a:0:{}',132,'','',10,'modules/field_ui/field_ui.admin.inc'),('admin/structure/types/manage/%/fields/%/edit','a:2:{i:4;a:1:{s:14:\"node_type_load\";a:4:{i:0;s:4:\"node\";i:1;i:4;i:2;s:1:\"4\";i:3;s:4:\"%map\";}}i:6;a:1:{s:18:\"field_ui_menu_load\";a:4:{i:0;s:4:\"node\";i:1;i:4;i:2;s:1:\"4\";i:3;s:4:\"%map\";}}}','','user_access','a:1:{i:0;s:24:\"administer content types\";}','drupal_get_form','a:2:{i:0;s:24:\"field_ui_field_edit_form\";i:1;i:6;}','',245,8,1,'admin/structure/types/manage/%/fields/%','admin/structure/types/manage/%/fields/%','Edit','t','','','a:0:{}',140,'','',0,'modules/field_ui/field_ui.admin.inc'),('admin/structure/types/manage/%/fields/%/field-settings','a:2:{i:4;a:1:{s:14:\"node_type_load\";a:4:{i:0;s:4:\"node\";i:1;i:4;i:2;s:1:\"4\";i:3;s:4:\"%map\";}}i:6;a:1:{s:18:\"field_ui_menu_load\";a:4:{i:0;s:4:\"node\";i:1;i:4;i:2;s:1:\"4\";i:3;s:4:\"%map\";}}}','','user_access','a:1:{i:0;s:24:\"administer content types\";}','drupal_get_form','a:2:{i:0;s:28:\"field_ui_field_settings_form\";i:1;i:6;}','',245,8,1,'admin/structure/types/manage/%/fields/%','admin/structure/types/manage/%/fields/%','Field settings','t','','','a:0:{}',132,'','',0,'modules/field_ui/field_ui.admin.inc'),('admin/structure/types/manage/%/fields/%/widget-type','a:2:{i:4;a:1:{s:14:\"node_type_load\";a:4:{i:0;s:4:\"node\";i:1;i:4;i:2;s:1:\"4\";i:3;s:4:\"%map\";}}i:6;a:1:{s:18:\"field_ui_menu_load\";a:4:{i:0;s:4:\"node\";i:1;i:4;i:2;s:1:\"4\";i:3;s:4:\"%map\";}}}','','user_access','a:1:{i:0;s:24:\"administer content types\";}','drupal_get_form','a:2:{i:0;s:25:\"field_ui_widget_type_form\";i:1;i:6;}','',245,8,1,'admin/structure/types/manage/%/fields/%','admin/structure/types/manage/%/fields/%','Widget type','t','','','a:0:{}',132,'','',0,'modules/field_ui/field_ui.admin.inc'),('admin/tasks','','','user_access','a:1:{i:0;s:27:\"access administration pages\";}','system_admin_menu_block_page','a:0:{}','',3,2,1,'admin','admin','Tasks','t','','','a:0:{}',140,'','',-20,'modules/system/system.admin.inc'),('admin/update/ready','','','update_manager_access','a:0:{}','drupal_get_form','a:1:{i:0;s:32:\"update_manager_update_ready_form\";}','',7,3,0,'','admin/update/ready','Ready to update','t','','','a:0:{}',0,'','',0,'modules/update/update.manager.inc'),('batch','','','1','a:0:{}','system_batch_page','a:0:{}','',1,1,0,'','batch','','t','','_system_batch_theme','a:0:{}',0,'','',0,'modules/system/system.admin.inc'),('comment/%','a:1:{i:1;N;}','','user_access','a:1:{i:0;s:15:\"access comments\";}','comment_permalink','a:1:{i:0;i:1;}','',2,2,0,'','comment/%','Comment permalink','t','','','a:0:{}',6,'','',0,''),('comment/%/approve','a:1:{i:1;N;}','','user_access','a:1:{i:0;s:19:\"administer comments\";}','comment_approve','a:1:{i:0;i:1;}','',5,3,0,'','comment/%/approve','Approve','t','','','a:0:{}',6,'','',1,'modules/comment/comment.pages.inc'),('comment/%/delete','a:1:{i:1;N;}','','user_access','a:1:{i:0;s:19:\"administer comments\";}','comment_confirm_delete_page','a:1:{i:0;i:1;}','',5,3,1,'comment/%','comment/%','Delete','t','','','a:0:{}',132,'','',2,'modules/comment/comment.admin.inc'),('comment/%/edit','a:1:{i:1;s:12:\"comment_load\";}','','comment_access','a:2:{i:0;s:4:\"edit\";i:1;i:1;}','comment_edit_page','a:1:{i:0;i:1;}','',5,3,1,'comment/%','comment/%','Edit','t','','','a:0:{}',132,'','',0,''),('comment/%/view','a:1:{i:1;N;}','','user_access','a:1:{i:0;s:15:\"access comments\";}','comment_permalink','a:1:{i:0;i:1;}','',5,3,1,'comment/%','comment/%','View comment','t','','','a:0:{}',140,'','',-10,''),('comment/reply/%','a:1:{i:2;s:9:\"node_load\";}','','node_access','a:2:{i:0;s:4:\"view\";i:1;i:2;}','comment_reply','a:1:{i:0;i:2;}','',6,3,0,'','comment/reply/%','Add new comment','t','','','a:0:{}',6,'','',0,'modules/comment/comment.pages.inc'),('file/ajax','','','user_access','a:1:{i:0;s:14:\"access content\";}','file_ajax_upload','a:0:{}','ajax_deliver',3,2,0,'','file/ajax','','t','','ajax_base_page_theme','a:0:{}',0,'','',0,''),('file/progress','','','user_access','a:1:{i:0;s:14:\"access content\";}','file_ajax_progress','a:0:{}','',3,2,0,'','file/progress','','t','','ajax_base_page_theme','a:0:{}',0,'','',0,''),('filter/tips','','','1','a:0:{}','filter_tips_long','a:0:{}','',3,2,0,'','filter/tips','Compose tips','t','','','a:0:{}',20,'','',0,'modules/filter/filter.pages.inc'),('filter/tips/%','a:1:{i:2;s:18:\"filter_format_load\";}','','filter_access','a:1:{i:0;i:2;}','filter_tips_long','a:1:{i:0;i:2;}','',6,3,0,'','filter/tips/%','Compose tips','t','','','a:0:{}',6,'','',0,'modules/filter/filter.pages.inc'),('node','','','user_access','a:1:{i:0;s:14:\"access content\";}','node_page_default','a:0:{}','',1,1,0,'','node','','t','','','a:0:{}',0,'','',0,''),('node/%','a:1:{i:1;s:9:\"node_load\";}','','node_access','a:2:{i:0;s:4:\"view\";i:1;i:1;}','node_page_view','a:1:{i:0;i:1;}','',2,2,0,'','node/%','','node_page_title','a:1:{i:0;i:1;}','','a:0:{}',6,'','',0,''),('node/%/delete','a:1:{i:1;s:9:\"node_load\";}','','node_access','a:2:{i:0;s:6:\"delete\";i:1;i:1;}','drupal_get_form','a:2:{i:0;s:19:\"node_delete_confirm\";i:1;i:1;}','',5,3,2,'node/%','node/%','Delete','t','','','a:0:{}',132,'','',1,'modules/node/node.pages.inc'),('node/%/edit','a:1:{i:1;s:9:\"node_load\";}','','node_access','a:2:{i:0;s:6:\"update\";i:1;i:1;}','node_page_edit','a:1:{i:0;i:1;}','',5,3,3,'node/%','node/%','Edit','t','','','a:0:{}',132,'','',0,'modules/node/node.pages.inc'),('node/%/revisions','a:1:{i:1;s:9:\"node_load\";}','','_node_revision_access','a:1:{i:0;i:1;}','node_revision_overview','a:1:{i:0;i:1;}','',5,3,1,'node/%','node/%','Revisions','t','','','a:0:{}',132,'','',2,'modules/node/node.pages.inc'),('node/%/revisions/%/delete','a:2:{i:1;a:1:{s:9:\"node_load\";a:1:{i:0;i:3;}}i:3;N;}','','_node_revision_access','a:2:{i:0;i:1;i:1;s:6:\"delete\";}','drupal_get_form','a:2:{i:0;s:28:\"node_revision_delete_confirm\";i:1;i:1;}','',21,5,0,'','node/%/revisions/%/delete','Delete earlier revision','t','','','a:0:{}',6,'','',0,'modules/node/node.pages.inc'),('node/%/revisions/%/revert','a:2:{i:1;a:1:{s:9:\"node_load\";a:1:{i:0;i:3;}}i:3;N;}','','_node_revision_access','a:2:{i:0;i:1;i:1;s:6:\"update\";}','drupal_get_form','a:2:{i:0;s:28:\"node_revision_revert_confirm\";i:1;i:1;}','',21,5,0,'','node/%/revisions/%/revert','Revert to earlier revision','t','','','a:0:{}',6,'','',0,'modules/node/node.pages.inc'),('node/%/revisions/%/view','a:2:{i:1;a:1:{s:9:\"node_load\";a:1:{i:0;i:3;}}i:3;N;}','','_node_revision_access','a:1:{i:0;i:1;}','node_show','a:2:{i:0;i:1;i:1;b:1;}','',21,5,0,'','node/%/revisions/%/view','Revisions','t','','','a:0:{}',6,'','',0,''),('node/%/view','a:1:{i:1;s:9:\"node_load\";}','','node_access','a:2:{i:0;s:4:\"view\";i:1;i:1;}','node_page_view','a:1:{i:0;i:1;}','',5,3,1,'node/%','node/%','View','t','','','a:0:{}',140,'','',-10,''),('node/add','','','_node_add_access','a:0:{}','node_add_page','a:0:{}','',3,2,0,'','node/add','Add content','t','','','a:0:{}',6,'','',0,'modules/node/node.pages.inc'),('node/add/article','','','node_access','a:2:{i:0;s:6:\"create\";i:1;s:7:\"article\";}','node_add','a:1:{i:0;s:7:\"article\";}','',7,3,0,'','node/add/article','Article','check_plain','','','a:0:{}',6,'Utilisez les <em>articles</em> pour des contenus possédant une temporalité tels que des actualités, des communiqués de presse ou des billets de blog.','',0,'modules/node/node.pages.inc'),('node/add/page','','','node_access','a:2:{i:0;s:6:\"create\";i:1;s:4:\"page\";}','node_add','a:1:{i:0;s:4:\"page\";}','',7,3,0,'','node/add/page','Page de base','check_plain','','','a:0:{}',6,'Utilisez les <em>pages de base</em> pour votre contenu statique, tel que la page \'Qui sommes-nous\'.','',0,'modules/node/node.pages.inc'),('overlay-ajax/%','a:1:{i:1;N;}','','user_access','a:1:{i:0;s:14:\"access overlay\";}','overlay_ajax_render_region','a:1:{i:0;i:1;}','',2,2,0,'','overlay-ajax/%','','t','','','a:0:{}',0,'','',0,''),('overlay/dismiss-message','','','user_access','a:1:{i:0;s:14:\"access overlay\";}','overlay_user_dismiss_message','a:0:{}','',3,2,0,'','overlay/dismiss-message','','t','','','a:0:{}',0,'','',0,''),('rss.xml','','','user_access','a:1:{i:0;s:14:\"access content\";}','node_feed','a:2:{i:0;b:0;i:1;a:0:{}}','',1,1,0,'','rss.xml','RSS feed','t','','','a:0:{}',0,'','',0,''),('search','','','search_is_active','a:0:{}','search_view','a:0:{}','',1,1,0,'','search','Search','t','','','a:0:{}',20,'','',0,'modules/search/search.pages.inc'),('search/node','','','_search_menu_access','a:1:{i:0;s:4:\"node\";}','search_view','a:2:{i:0;s:4:\"node\";i:1;s:0:\"\";}','',3,2,1,'search','search','Content','t','','','a:0:{}',132,'','',-10,'modules/search/search.pages.inc'),('search/node/%','a:1:{i:2;a:1:{s:14:\"menu_tail_load\";a:2:{i:0;s:4:\"%map\";i:1;s:6:\"%index\";}}}','a:1:{i:2;s:16:\"menu_tail_to_arg\";}','_search_menu_access','a:1:{i:0;s:4:\"node\";}','search_view','a:2:{i:0;s:4:\"node\";i:1;i:2;}','',6,3,1,'search/node','search/node/%','Content','t','','','a:0:{}',132,'','',0,'modules/search/search.pages.inc'),('search/user','','','_search_menu_access','a:1:{i:0;s:4:\"user\";}','search_view','a:2:{i:0;s:4:\"user\";i:1;s:0:\"\";}','',3,2,1,'search','search','Users','t','','','a:0:{}',132,'','',0,'modules/search/search.pages.inc'),('search/user/%','a:1:{i:2;a:1:{s:14:\"menu_tail_load\";a:2:{i:0;s:4:\"%map\";i:1;s:6:\"%index\";}}}','a:1:{i:2;s:16:\"menu_tail_to_arg\";}','_search_menu_access','a:1:{i:0;s:4:\"user\";}','search_view','a:2:{i:0;s:4:\"user\";i:1;i:2;}','',6,3,1,'search/node','search/node/%','Users','t','','','a:0:{}',132,'','',0,'modules/search/search.pages.inc'),('sites/default/files/styles/%','a:1:{i:4;s:16:\"image_style_load\";}','','1','a:0:{}','image_style_deliver','a:1:{i:0;i:4;}','',30,5,0,'','sites/default/files/styles/%','Generate image style','t','','','a:0:{}',0,'','',0,''),('system/ajax','','','1','a:0:{}','ajax_form_callback','a:0:{}','ajax_deliver',3,2,0,'','system/ajax','AHAH callback','t','','ajax_base_page_theme','a:0:{}',0,'','',0,'includes/form.inc'),('system/files','','','1','a:0:{}','file_download','a:1:{i:0;s:7:\"private\";}','',3,2,0,'','system/files','File download','t','','','a:0:{}',0,'','',0,''),('system/files/styles/%','a:1:{i:3;s:16:\"image_style_load\";}','','1','a:0:{}','image_style_deliver','a:1:{i:0;i:3;}','',14,4,0,'','system/files/styles/%','Generate image style','t','','','a:0:{}',0,'','',0,''),('system/temporary','','','1','a:0:{}','file_download','a:1:{i:0;s:9:\"temporary\";}','',3,2,0,'','system/temporary','Temporary files','t','','','a:0:{}',0,'','',0,''),('system/timezone','','','1','a:0:{}','system_timezone','a:0:{}','',3,2,0,'','system/timezone','Time zone','t','','','a:0:{}',0,'','',0,'modules/system/system.admin.inc'),('taxonomy/autocomplete','','','user_access','a:1:{i:0;s:14:\"access content\";}','taxonomy_autocomplete','a:0:{}','',3,2,0,'','taxonomy/autocomplete','Autocomplete taxonomy','t','','','a:0:{}',0,'','',0,'modules/taxonomy/taxonomy.pages.inc'),('taxonomy/term/%','a:1:{i:2;s:18:\"taxonomy_term_load\";}','','user_access','a:1:{i:0;s:14:\"access content\";}','taxonomy_term_page','a:1:{i:0;i:2;}','',6,3,0,'','taxonomy/term/%','Taxonomy term','taxonomy_term_title','a:1:{i:0;i:2;}','','a:0:{}',6,'','',0,'modules/taxonomy/taxonomy.pages.inc'),('taxonomy/term/%/edit','a:1:{i:2;s:18:\"taxonomy_term_load\";}','','taxonomy_term_edit_access','a:1:{i:0;i:2;}','drupal_get_form','a:3:{i:0;s:18:\"taxonomy_form_term\";i:1;i:2;i:2;N;}','',13,4,1,'taxonomy/term/%','taxonomy/term/%','Edit','t','','','a:0:{}',132,'','',10,'modules/taxonomy/taxonomy.admin.inc'),('taxonomy/term/%/feed','a:1:{i:2;s:18:\"taxonomy_term_load\";}','','user_access','a:1:{i:0;s:14:\"access content\";}','taxonomy_term_feed','a:1:{i:0;i:2;}','',13,4,0,'','taxonomy/term/%/feed','Taxonomy term','taxonomy_term_title','a:1:{i:0;i:2;}','','a:0:{}',0,'','',0,'modules/taxonomy/taxonomy.pages.inc'),('taxonomy/term/%/view','a:1:{i:2;s:18:\"taxonomy_term_load\";}','','user_access','a:1:{i:0;s:14:\"access content\";}','taxonomy_term_page','a:1:{i:0;i:2;}','',13,4,1,'taxonomy/term/%','taxonomy/term/%','View','t','','','a:0:{}',140,'','',0,'modules/taxonomy/taxonomy.pages.inc'),('toolbar/toggle','','','user_access','a:1:{i:0;s:14:\"access toolbar\";}','toolbar_toggle_page','a:0:{}','',3,2,0,'','toolbar/toggle','Toggle drawer visibility','t','','','a:0:{}',0,'','',0,''),('user','','','1','a:0:{}','user_page','a:0:{}','',1,1,0,'','user','User account','user_menu_title','','','a:0:{}',6,'','',-10,'modules/user/user.pages.inc'),('user/%','a:1:{i:1;s:9:\"user_load\";}','','user_view_access','a:1:{i:0;i:1;}','user_view_page','a:1:{i:0;i:1;}','',2,2,0,'','user/%','My account','user_page_title','a:1:{i:0;i:1;}','','a:0:{}',6,'','',0,''),('user/%/cancel','a:1:{i:1;s:9:\"user_load\";}','','user_cancel_access','a:1:{i:0;i:1;}','drupal_get_form','a:2:{i:0;s:24:\"user_cancel_confirm_form\";i:1;i:1;}','',5,3,0,'','user/%/cancel','Cancel account','t','','','a:0:{}',6,'','',0,'modules/user/user.pages.inc'),('user/%/cancel/confirm/%/%','a:3:{i:1;s:9:\"user_load\";i:4;N;i:5;N;}','','user_cancel_access','a:1:{i:0;i:1;}','user_cancel_confirm','a:3:{i:0;i:1;i:1;i:4;i:2;i:5;}','',44,6,0,'','user/%/cancel/confirm/%/%','Confirm account cancellation','t','','','a:0:{}',6,'','',0,'modules/user/user.pages.inc'),('user/%/edit','a:1:{i:1;s:9:\"user_load\";}','','user_edit_access','a:1:{i:0;i:1;}','drupal_get_form','a:2:{i:0;s:17:\"user_profile_form\";i:1;i:1;}','',5,3,1,'user/%','user/%','Edit','t','','','a:0:{}',132,'','',0,'modules/user/user.pages.inc'),('user/%/edit/account','a:1:{i:1;a:1:{s:18:\"user_category_load\";a:2:{i:0;s:4:\"%map\";i:1;s:6:\"%index\";}}}','','user_edit_access','a:1:{i:0;i:1;}','drupal_get_form','a:2:{i:0;s:17:\"user_profile_form\";i:1;i:1;}','',11,4,1,'user/%/edit','user/%','Account','t','','','a:0:{}',140,'','',0,'modules/user/user.pages.inc'),('user/%/shortcuts','a:1:{i:1;s:9:\"user_load\";}','','shortcut_set_switch_access','a:1:{i:0;i:1;}','drupal_get_form','a:2:{i:0;s:19:\"shortcut_set_switch\";i:1;i:1;}','',5,3,1,'user/%','user/%','Shortcuts','t','','','a:0:{}',132,'','',0,'modules/shortcut/shortcut.admin.inc'),('user/%/view','a:1:{i:1;s:9:\"user_load\";}','','user_view_access','a:1:{i:0;i:1;}','user_view_page','a:1:{i:0;i:1;}','',5,3,1,'user/%','user/%','View','t','','','a:0:{}',140,'','',-10,''),('user/autocomplete','','','user_access','a:1:{i:0;s:20:\"access user profiles\";}','user_autocomplete','a:0:{}','',3,2,0,'','user/autocomplete','User autocomplete','t','','','a:0:{}',0,'','',0,'modules/user/user.pages.inc'),('user/login','','','user_is_anonymous','a:0:{}','user_page','a:0:{}','',3,2,1,'user','user','Log in','t','','','a:0:{}',140,'','',0,'modules/user/user.pages.inc'),('user/logout','','','user_is_logged_in','a:0:{}','user_logout','a:0:{}','',3,2,0,'','user/logout','Log out','t','','','a:0:{}',6,'','',10,'modules/user/user.pages.inc'),('user/password','','','1','a:0:{}','drupal_get_form','a:1:{i:0;s:9:\"user_pass\";}','',3,2,1,'user','user','Request new password','t','','','a:0:{}',132,'','',0,'modules/user/user.pages.inc'),('user/register','','','user_register_access','a:0:{}','drupal_get_form','a:1:{i:0;s:18:\"user_register_form\";}','',3,2,1,'user','user','Create new account','t','','','a:0:{}',132,'','',0,''),('user/reset/%/%/%','a:3:{i:2;N;i:3;N;i:4;N;}','','1','a:0:{}','drupal_get_form','a:4:{i:0;s:15:\"user_pass_reset\";i:1;i:2;i:2;i:3;i:3;i:4;}','',24,5,0,'','user/reset/%/%/%','Reset password','t','','','a:0:{}',0,'','',0,'modules/user/user.pages.inc');

--
-- Table structure for table `dru5919_node`
--

CREATE TABLE `dru5919_node` (
  `nid` int(10) unsigned NOT NULL AUTO_INCREMENT COMMENT 'The primary identifier for a node.',
  `vid` int(10) unsigned DEFAULT NULL COMMENT 'The current dru5919_node_revision.vid version identifier.',
  `type` varchar(32) NOT NULL DEFAULT '' COMMENT 'The dru5919_node_type.type of this node.',
  `language` varchar(12) NOT NULL DEFAULT '' COMMENT 'The dru5919_languages.language of this node.',
  `title` varchar(255) NOT NULL DEFAULT '' COMMENT 'The title of this node, always treated as non-markup plain text.',
  `uid` int(11) NOT NULL DEFAULT '0' COMMENT 'The dru5919_users.uid that owns this node; initially, this is the user that created it.',
  `status` int(11) NOT NULL DEFAULT '1' COMMENT 'Boolean indicating whether the node is published (visible to non-administrators).',
  `created` int(11) NOT NULL DEFAULT '0' COMMENT 'The Unix timestamp when the node was created.',
  `changed` int(11) NOT NULL DEFAULT '0' COMMENT 'The Unix timestamp when the node was most recently saved.',
  `comment` int(11) NOT NULL DEFAULT '0' COMMENT 'Whether comments are allowed on this node: 0 = no, 1 = closed (read only), 2 = open (read/write).',
  `promote` int(11) NOT NULL DEFAULT '0' COMMENT 'Boolean indicating whether the node should be displayed on the front page.',
  `sticky` int(11) NOT NULL DEFAULT '0' COMMENT 'Boolean indicating whether the node should be displayed at the top of lists in which it appears.',
  `tnid` int(10) unsigned NOT NULL DEFAULT '0' COMMENT 'The translation set id for this node, which equals the node id of the source post in each set.',
  `translate` int(11) NOT NULL DEFAULT '0' COMMENT 'A boolean indicating whether this translation page needs to be updated.',
  PRIMARY KEY (`nid`),
  UNIQUE KEY `vid` (`vid`),
  KEY `node_changed` (`changed`),
  KEY `node_created` (`created`),
  KEY `node_frontpage` (`promote`,`status`,`sticky`,`created`),
  KEY `node_status_type` (`status`,`type`,`nid`),
  KEY `node_title_type` (`title`,`type`(4)),
  KEY `node_type` (`type`(4)),
  KEY `uid` (`uid`),
  KEY `tnid` (`tnid`),
  KEY `translate` (`translate`),
  KEY `language` (`language`)
) ENGINE=InnoDB DEFAULT CHARSET=utf8 COMMENT='The base table for nodes.';

--
-- Dumping data for table `dru5919_node`
--


--
-- Table structure for table `dru5919_node_access`
--

CREATE TABLE `dru5919_node_access` (
  `nid` int(10) unsigned NOT NULL DEFAULT '0' COMMENT 'The dru5919_node.nid this record affects.',
  `gid` int(10) unsigned NOT NULL DEFAULT '0' COMMENT 'The grant ID a user must possess in the specified realm to gain this row’s privileges on the node.',
  `realm` varchar(255) NOT NULL DEFAULT '' COMMENT 'The realm in which the user must possess the grant ID. Each node access node can define one or more realms.',
  `grant_view` tinyint(3) unsigned NOT NULL DEFAULT '0' COMMENT 'Boolean indicating whether a user with the realm/grant pair can view this node.',
  `grant_update` tinyint(3) unsigned NOT NULL DEFAULT '0' COMMENT 'Boolean indicating whether a user with the realm/grant pair can edit this node.',
  `grant_delete` tinyint(3) unsigned NOT NULL DEFAULT '0' COMMENT 'Boolean indicating whether a user with the realm/grant pair can delete this node.',
  PRIMARY KEY (`nid`,`gid`,`realm`)
) ENGINE=InnoDB DEFAULT CHARSET=utf8 COMMENT='Identifies which realm/grant pairs a user must possess in...';

--
-- Dumping data for table `dru5919_node_access`
--

INSERT INTO `dru5919_node_access` VALUES (0,0,'all',1,0,0);

--
-- Table structure for table `dru5919_node_comment_statistics`
--

CREATE TABLE `dru5919_node_comment_statistics` (
  `nid` int(10) unsigned NOT NULL DEFAULT '0' COMMENT 'The dru5919_node.nid for which the statistics are compiled.',
  `cid` int(11) NOT NULL DEFAULT '0' COMMENT 'The dru5919_comment.cid of the last comment.',
  `last_comment_timestamp` int(11) NOT NULL DEFAULT '0' COMMENT 'The Unix timestamp of the last comment that was posted within this node, from dru5919_comment.changed.',
  `last_comment_name` varchar(60) DEFAULT NULL COMMENT 'The name of the latest author to post a comment on this node, from dru5919_comment.name.',
  `last_comment_uid` int(11) NOT NULL DEFAULT '0' COMMENT 'The user ID of the latest author to post a comment on this node, from dru5919_comment.uid.',
  `comment_count` int(10) unsigned NOT NULL DEFAULT '0' COMMENT 'The total number of comments on this node.',
  PRIMARY KEY (`nid`),
  KEY `node_comment_timestamp` (`last_comment_timestamp`),
  KEY `comment_count` (`comment_count`),
  KEY `last_comment_uid` (`last_comment_uid`)
) ENGINE=InnoDB DEFAULT CHARSET=utf8 COMMENT='Maintains statistics of node and comments posts to show ...';

--
-- Dumping data for table `dru5919_node_comment_statistics`
--


--
-- Table structure for table `dru5919_node_revision`
--

CREATE TABLE `dru5919_node_revision` (
  `nid` int(10) unsigned NOT NULL DEFAULT '0' COMMENT 'The dru5919_node this version belongs to.',
  `vid` int(10) unsigned NOT NULL AUTO_INCREMENT COMMENT 'The primary identifier for this version.',
  `uid` int(11) NOT NULL DEFAULT '0' COMMENT 'The dru5919_users.uid that created this version.',
  `title` varchar(255) NOT NULL DEFAULT '' COMMENT 'The title of this version.',
  `log` longtext NOT NULL COMMENT 'The log entry explaining the changes in this version.',
  `timestamp` int(11) NOT NULL DEFAULT '0' COMMENT 'A Unix timestamp indicating when this version was created.',
  `status` int(11) NOT NULL DEFAULT '1' COMMENT 'Boolean indicating whether the node (at the time of this revision) is published (visible to non-administrators).',
  `comment` int(11) NOT NULL DEFAULT '0' COMMENT 'Whether comments are allowed on this node (at the time of this revision): 0 = no, 1 = closed (read only), 2 = open (read/write).',
  `promote` int(11) NOT NULL DEFAULT '0' COMMENT 'Boolean indicating whether the node (at the time of this revision) should be displayed on the front page.',
  `sticky` int(11) NOT NULL DEFAULT '0' COMMENT 'Boolean indicating whether the node (at the time of this revision) should be displayed at the top of lists in which it appears.',
  PRIMARY KEY (`vid`),
  KEY `nid` (`nid`),
  KEY `uid` (`uid`)
) ENGINE=InnoDB DEFAULT CHARSET=utf8 COMMENT='Stores information about each saved version of a dru5919...';

--
-- Dumping data for table `dru5919_node_revision`
--


--
-- Table structure for table `dru5919_node_type`
--

CREATE TABLE `dru5919_node_type` (
  `type` varchar(32) NOT NULL COMMENT 'The machine-readable name of this type.',
  `name` varchar(255) NOT NULL DEFAULT '' COMMENT 'The human-readable name of this type.',
  `base` varchar(255) NOT NULL COMMENT 'The base string used to construct callbacks corresponding to this node type.',
  `module` varchar(255) NOT NULL COMMENT 'The module defining this node type.',
  `description` mediumtext NOT NULL COMMENT 'A brief description of this type.',
  `help` mediumtext NOT NULL COMMENT 'Help information shown to the user when creating a dru5919_node of this type.',
  `has_title` tinyint(3) unsigned NOT NULL COMMENT 'Boolean indicating whether this type uses the dru5919_node.title field.',
  `title_label` varchar(255) NOT NULL DEFAULT '' COMMENT 'The label displayed for the title field on the edit form.',
  `custom` tinyint(4) NOT NULL DEFAULT '0' COMMENT 'A boolean indicating whether this type is defined by a module (FALSE) or by a user via Add content type (TRUE).',
  `modified` tinyint(4) NOT NULL DEFAULT '0' COMMENT 'A boolean indicating whether this type has been modified by an administrator; currently not used in any way.',
  `locked` tinyint(4) NOT NULL DEFAULT '0' COMMENT 'A boolean indicating whether the administrator can change the machine name of this type.',
  `disabled` tinyint(4) NOT NULL DEFAULT '0' COMMENT 'A boolean indicating whether the node type is disabled.',
  `orig_type` varchar(255) NOT NULL DEFAULT '' COMMENT 'The original machine-readable name of this node type. This may be different from the current type name if the locked field is 0.',
  PRIMARY KEY (`type`)
) ENGINE=InnoDB DEFAULT CHARSET=utf8 COMMENT='Stores information about all defined dru5919_node types.';

--
-- Dumping data for table `dru5919_node_type`
--

INSERT INTO `dru5919_node_type` VALUES ('article','Article','node_content','node','Utilisez les <em>articles</em> pour des contenus possédant une temporalité tels que des actualités, des communiqués de presse ou des billets de blog.','',1,'Title',1,1,0,0,'article'),('page','Page de base','node_content','node','Utilisez les <em>pages de base</em> pour votre contenu statique, tel que la page \'Qui sommes-nous\'.','',1,'Title',1,1,0,0,'page');

--
-- Table structure for table `dru5919_queue`
--

CREATE TABLE `dru5919_queue` (
  `item_id` int(10) unsigned NOT NULL AUTO_INCREMENT COMMENT 'Primary Key: Unique item ID.',
  `name` varchar(255) NOT NULL DEFAULT '' COMMENT 'The queue name.',
  `data` longblob COMMENT 'The arbitrary data for the item.',
  `expire` int(11) NOT NULL DEFAULT '0' COMMENT 'Timestamp when the claim lease expires on the item.',
  `created` int(11) NOT NULL DEFAULT '0' COMMENT 'Timestamp when the item was created.',
  PRIMARY KEY (`item_id`),
  KEY `name_created` (`name`,`created`),
  KEY `expire` (`expire`)
) ENGINE=InnoDB DEFAULT CHARSET=utf8 COMMENT='Stores items in queues.';

--
-- Dumping data for table `dru5919_queue`
--


--
-- Table structure for table `dru5919_rdf_mapping`
--

CREATE TABLE `dru5919_rdf_mapping` (
  `type` varchar(128) NOT NULL COMMENT 'The name of the entity type a mapping applies to (node, user, comment, etc.).',
  `bundle` varchar(128) NOT NULL COMMENT 'The name of the bundle a mapping applies to.',
  `mapping` longblob COMMENT 'The serialized mapping of the bundle type and fields to RDF terms.',
  PRIMARY KEY (`type`,`bundle`)
) ENGINE=InnoDB DEFAULT CHARSET=utf8 COMMENT='Stores custom RDF mappings for user defined content types...';

--
-- Dumping data for table `dru5919_rdf_mapping`
--

INSERT INTO `dru5919_rdf_mapping` VALUES ('node','article','a:11:{s:11:\"field_image\";a:2:{s:10:\"predicates\";a:2:{i:0;s:8:\"og:image\";i:1;s:12:\"rdfs:seeAlso\";}s:4:\"type\";s:3:\"rel\";}s:10:\"field_tags\";a:2:{s:10:\"predicates\";a:1:{i:0;s:10:\"dc:subject\";}s:4:\"type\";s:3:\"rel\";}s:7:\"rdftype\";a:2:{i:0;s:9:\"sioc:Item\";i:1;s:13:\"foaf:Document\";}s:5:\"title\";a:1:{s:10:\"predicates\";a:1:{i:0;s:8:\"dc:title\";}}s:7:\"created\";a:3:{s:10:\"predicates\";a:2:{i:0;s:7:\"dc:date\";i:1;s:10:\"dc:created\";}s:8:\"datatype\";s:12:\"xsd:dateTime\";s:8:\"callback\";s:12:\"date_iso8601\";}s:7:\"changed\";a:3:{s:10:\"predicates\";a:1:{i:0;s:11:\"dc:modified\";}s:8:\"datatype\";s:12:\"xsd:dateTime\";s:8:\"callback\";s:12:\"date_iso8601\";}s:4:\"body\";a:1:{s:10:\"predicates\";a:1:{i:0;s:15:\"content:encoded\";}}s:3:\"uid\";a:2:{s:10:\"predicates\";a:1:{i:0;s:16:\"sioc:has_creator\";}s:4:\"type\";s:3:\"rel\";}s:4:\"name\";a:1:{s:10:\"predicates\";a:1:{i:0;s:9:\"foaf:name\";}}s:13:\"comment_count\";a:2:{s:10:\"predicates\";a:1:{i:0;s:16:\"sioc:num_replies\";}s:8:\"datatype\";s:11:\"xsd:integer\";}s:13:\"last_activity\";a:3:{s:10:\"predicates\";a:1:{i:0;s:23:\"sioc:last_activity_date\";}s:8:\"datatype\";s:12:\"xsd:dateTime\";s:8:\"callback\";s:12:\"date_iso8601\";}}'),('node','page','a:9:{s:7:\"rdftype\";a:1:{i:0;s:13:\"foaf:Document\";}s:5:\"title\";a:1:{s:10:\"predicates\";a:1:{i:0;s:8:\"dc:title\";}}s:7:\"created\";a:3:{s:10:\"predicates\";a:2:{i:0;s:7:\"dc:date\";i:1;s:10:\"dc:created\";}s:8:\"datatype\";s:12:\"xsd:dateTime\";s:8:\"callback\";s:12:\"date_iso8601\";}s:7:\"changed\";a:3:{s:10:\"predicates\";a:1:{i:0;s:11:\"dc:modified\";}s:8:\"datatype\";s:12:\"xsd:dateTime\";s:8:\"callback\";s:12:\"date_iso8601\";}s:4:\"body\";a:1:{s:10:\"predicates\";a:1:{i:0;s:15:\"content:encoded\";}}s:3:\"uid\";a:2:{s:10:\"predicates\";a:1:{i:0;s:16:\"sioc:has_creator\";}s:4:\"type\";s:3:\"rel\";}s:4:\"name\";a:1:{s:10:\"predicates\";a:1:{i:0;s:9:\"foaf:name\";}}s:13:\"comment_count\";a:2:{s:10:\"predicates\";a:1:{i:0;s:16:\"sioc:num_replies\";}s:8:\"datatype\";s:11:\"xsd:integer\";}s:13:\"last_activity\";a:3:{s:10:\"predicates\";a:1:{i:0;s:23:\"sioc:last_activity_date\";}s:8:\"datatype\";s:12:\"xsd:dateTime\";s:8:\"callback\";s:12:\"date_iso8601\";}}');

--
-- Table structure for table `dru5919_registry`
--

CREATE TABLE `dru5919_registry` (
  `name` varchar(255) NOT NULL DEFAULT '' COMMENT 'The name of the function, class, or interface.',
  `type` varchar(9) NOT NULL DEFAULT '' COMMENT 'Either function or class or interface.',
  `filename` varchar(255) NOT NULL COMMENT 'Name of the file.',
  `module` varchar(255) NOT NULL DEFAULT '' COMMENT 'Name of the module the file belongs to.',
  `weight` int(11) NOT NULL DEFAULT '0' COMMENT 'The order in which this module’s hooks should be invoked relative to other modules. Equal-weighted modules are ordered by name.',
  PRIMARY KEY (`name`,`type`),
  KEY `hook` (`type`,`weight`,`module`)
) ENGINE=InnoDB DEFAULT CHARSET=utf8 COMMENT='Each record is a function, class, or interface name and...';

--
-- Dumping data for table `dru5919_registry`
--

INSERT INTO `dru5919_registry` VALUES ('AccessDeniedTestCase','class','modules/system/system.test','system',0),('AdminMetaTagTestCase','class','modules/system/system.test','system',0),('ArchiverInterface','interface','includes/archiver.inc','',0),('ArchiverTar','class','modules/system/system.archiver.inc','system',0),('ArchiverZip','class','modules/system/system.archiver.inc','system',0),('Archive_Tar','class','modules/system/system.tar.inc','system',0),('BatchMemoryQueue','class','includes/batch.queue.inc','',0),('BatchQueue','class','includes/batch.queue.inc','',0),('BlockAdminThemeTestCase','class','modules/block/block.test','block',0),('BlockCacheTestCase','class','modules/block/block.test','block',0),('BlockHashTestCase','class','modules/block/block.test','block',0),('BlockHiddenRegionTestCase','class','modules/block/block.test','block',0),('BlockHTMLIdTestCase','class','modules/block/block.test','block',0),('BlockInvalidRegionTestCase','class','modules/block/block.test','block',0),('BlockTemplateSuggestionsUnitTest','class','modules/block/block.test','block',0),('BlockTestCase','class','modules/block/block.test','block',0),('BlockViewModuleDeltaAlterWebTest','class','modules/block/block.test','block',0),('ColorTestCase','class','modules/color/color.test','color',0),('CommentActionsTestCase','class','modules/comment/comment.test','comment',0),('CommentAnonymous','class','modules/comment/comment.test','comment',0),('CommentApprovalTest','class','modules/comment/comment.test','comment',0),('CommentBlockFunctionalTest','class','modules/comment/comment.test','comment',0),('CommentContentRebuild','class','modules/comment/comment.test','comment',0),('CommentController','class','modules/comment/comment.module','comment',0),('CommentFieldsTest','class','modules/comment/comment.test','comment',0),('CommentHelperCase','class','modules/comment/comment.test','comment',0),('CommentInterfaceTest','class','modules/comment/comment.test','comment',0),('CommentNodeAccessTest','class','modules/comment/comment.test','comment',0),('CommentNodeChangesTestCase','class','modules/comment/comment.test','comment',0),('CommentPagerTest','class','modules/comment/comment.test','comment',0),('CommentPreviewTest','class','modules/comment/comment.test','comment',0),('CommentRSSUnitTest','class','modules/comment/comment.test','comment',0),('CommentThreadingTestCase','class','modules/comment/comment.test','comment',0),('CommentTokenReplaceTestCase','class','modules/comment/comment.test','comment',0),('ConfirmFormTest','class','modules/system/system.test','system',0),('ContextualDynamicContextTestCase','class','modules/contextual/contextual.test','contextual',0),('CronQueueTestCase','class','modules/system/system.test','system',0),('CronRunTestCase','class','modules/system/system.test','system',0),('DashboardBlocksTestCase','class','modules/dashboard/dashboard.test','dashboard',0),('Database','class','includes/database/database.inc','',0),('DatabaseCondition','class','includes/database/query.inc','',0),('DatabaseConnection','class','includes/database/database.inc','',0),('DatabaseConnectionNotDefinedException','class','includes/database/database.inc','',0),('DatabaseConnection_mysql','class','includes/database/mysql/database.inc','',0),('DatabaseConnection_pgsql','class','includes/database/pgsql/database.inc','',0),('DatabaseConnection_sqlite','class','includes/database/sqlite/database.inc','',0),('DatabaseDriverNotSpecifiedException','class','includes/database/database.inc','',0),('DatabaseLog','class','includes/database/log.inc','',0),('DatabaseSchema','class','includes/database/schema.inc','',0),('DatabaseSchemaObjectDoesNotExistException','class','includes/database/schema.inc','',0),('DatabaseSchemaObjectExistsException','class','includes/database/schema.inc','',0),('DatabaseSchema_mysql','class','includes/database/mysql/schema.inc','',0),('DatabaseSchema_pgsql','class','includes/database/pgsql/schema.inc','',0),('DatabaseSchema_sqlite','class','includes/database/sqlite/schema.inc','',0),('DatabaseStatementBase','class','includes/database/database.inc','',0),('DatabaseStatementEmpty','class','includes/database/database.inc','',0),('DatabaseStatementInterface','interface','includes/database/database.inc','',0),('DatabaseStatementPrefetch','class','includes/database/prefetch.inc','',0),('DatabaseStatement_sqlite','class','includes/database/sqlite/database.inc','',0),('DatabaseTaskException','class','includes/install.inc','',0),('DatabaseTasks','class','includes/install.inc','',0),('DatabaseTasks_mysql','class','includes/database/mysql/install.inc','',0),('DatabaseTasks_pgsql','class','includes/database/pgsql/install.inc','',0),('DatabaseTasks_sqlite','class','includes/database/sqlite/install.inc','',0),('DatabaseTransaction','class','includes/database/database.inc','',0),('DatabaseTransactionCommitFailedException','class','includes/database/database.inc','',0),('DatabaseTransactionExplicitCommitNotAllowedException','class','includes/database/database.inc','',0),('DatabaseTransactionNameNonUniqueException','class','includes/database/database.inc','',0),('DatabaseTransactionNoActiveException','class','includes/database/database.inc','',0),('DatabaseTransactionOutOfOrderException','class','includes/database/database.inc','',0),('DateTimeFunctionalTest','class','modules/system/system.test','system',0),('DBLogTestCase','class','modules/dblog/dblog.test','dblog',0),('DefaultMailSystem','class','modules/system/system.mail.inc','system',0),('DeleteQuery','class','includes/database/query.inc','',0),('DeleteQuery_sqlite','class','includes/database/sqlite/query.inc','',0),('DrupalCacheArray','class','includes/bootstrap.inc','',0),('DrupalCacheInterface','interface','includes/cache.inc','',0),('DrupalDatabaseCache','class','includes/cache.inc','',0),('DrupalDefaultEntityController','class','includes/entity.inc','',0),('DrupalEntityControllerInterface','interface','includes/entity.inc','',0),('DrupalFakeCache','class','includes/cache-install.inc','',0),('DrupalLocalStreamWrapper','class','includes/stream_wrappers.inc','',0),('DrupalPrivateStreamWrapper','class','includes/stream_wrappers.inc','',0),('DrupalPublicStreamWrapper','class','includes/stream_wrappers.inc','',0),('DrupalQueue','class','modules/system/system.queue.inc','system',0),('DrupalQueueInterface','interface','modules/system/system.queue.inc','system',0),('DrupalReliableQueueInterface','interface','modules/system/system.queue.inc','system',0),('DrupalSetMessageTest','class','modules/system/system.test','system',0),('DrupalStreamWrapperInterface','interface','includes/stream_wrappers.inc','',0),('DrupalTemporaryStreamWrapper','class','includes/stream_wrappers.inc','',0),('DrupalUpdateException','class','includes/update.inc','',0),('DrupalUpdaterInterface','interface','includes/updater.inc','',0),('EnableDisableTestCase','class','modules/system/system.test','system',0),('EntityFieldQuery','class','includes/entity.inc','',0),('EntityFieldQueryException','class','includes/entity.inc','',0),('EntityMalformedException','class','includes/entity.inc','',0),('EntityPropertiesTestCase','class','modules/field/tests/field.test','field',0),('FieldAttachOtherTestCase','class','modules/field/tests/field.test','field',0),('FieldAttachStorageTestCase','class','modules/field/tests/field.test','field',0),('FieldAttachTestCase','class','modules/field/tests/field.test','field',0),('FieldBulkDeleteTestCase','class','modules/field/tests/field.test','field',0),('FieldCrudTestCase','class','modules/field/tests/field.test','field',0),('FieldDisplayAPITestCase','class','modules/field/tests/field.test','field',0),('FieldException','class','modules/field/field.module','field',0),('FieldFormTestCase','class','modules/field/tests/field.test','field',0),('FieldInfo','class','modules/field/field.info.class.inc','field',0),('FieldInfoTestCase','class','modules/field/tests/field.test','field',0),('FieldInstanceCrudTestCase','class','modules/field/tests/field.test','field',0),('FieldsOverlapException','class','includes/database/database.inc','',0),('FieldSqlStorageTestCase','class','modules/field/modules/field_sql_storage/field_sql_storage.test','field_sql_storage',0),('FieldTestCase','class','modules/field/tests/field.test','field',0),('FieldTranslationsTestCase','class','modules/field/tests/field.test','field',0),('FieldUIAlterTestCase','class','modules/field_ui/field_ui.test','field_ui',0),('FieldUIManageDisplayTestCase','class','modules/field_ui/field_ui.test','field_ui',0),('FieldUIManageFieldsTestCase','class','modules/field_ui/field_ui.test','field_ui',0),('FieldUITestCase','class','modules/field_ui/field_ui.test','field_ui',0),('FieldUpdateForbiddenException','class','modules/field/field.module','field',0),('FieldValidationException','class','modules/field/field.attach.inc','field',0),('FileFieldDisplayTestCase','class','modules/file/tests/file.test','file',0),('FileFieldPathTestCase','class','modules/file/tests/file.test','file',0),('FileFieldRevisionTestCase','class','modules/file/tests/file.test','file',0),('FileFieldTestCase','class','modules/file/tests/file.test','file',0),('FileFieldValidateTestCase','class','modules/file/tests/file.test','file',0),('FileFieldWidgetTestCase','class','modules/file/tests/file.test','file',0),('FileManagedFileElementTestCase','class','modules/file/tests/file.test','file',0),('FilePrivateTestCase','class','modules/file/tests/file.test','file',0),('FileTaxonomyTermTestCase','class','modules/file/tests/file.test','file',0),('FileTokenReplaceTestCase','class','modules/file/tests/file.test','file',0),('FileTransfer','class','includes/filetransfer/filetransfer.inc','',0),('FileTransferChmodInterface','interface','includes/filetransfer/filetransfer.inc','',0),('FileTransferException','class','includes/filetransfer/filetransfer.inc','',0),('FileTransferFTP','class','includes/filetransfer/ftp.inc','',0),('FileTransferFTPExtension','class','includes/filetransfer/ftp.inc','',0),('FileTransferLocal','class','includes/filetransfer/local.inc','',0),('FileTransferSSH','class','includes/filetransfer/ssh.inc','',0),('FilterAdminTestCase','class','modules/filter/filter.test','filter',0),('FilterCRUDTestCase','class','modules/filter/filter.test','filter',0),('FilterDefaultFormatTestCase','class','modules/filter/filter.test','filter',0),('FilterDOMSerializeTestCase','class','modules/filter/filter.test','filter',0),('FilterFormatAccessTestCase','class','modules/filter/filter.test','filter',0),('FilterHooksTestCase','class','modules/filter/filter.test','filter',0),('FilterNoFormatTestCase','class','modules/filter/filter.test','filter',0),('FilterSecurityTestCase','class','modules/filter/filter.test','filter',0),('FilterSettingsTestCase','class','modules/filter/filter.test','filter',0),('FilterUnitTestCase','class','modules/filter/filter.test','filter',0),('FloodFunctionalTest','class','modules/system/system.test','system',0),('FrontPageTestCase','class','modules/system/system.test','system',0),('HelpTestCase','class','modules/help/help.test','help',0),('HookRequirementsTestCase','class','modules/system/system.test','system',0),('ImageAdminStylesUnitTest','class','modules/image/image.test','image',0),('ImageAdminUiTestCase','class','modules/image/image.test','image',0),('ImageDimensionsScaleTestCase','class','modules/image/image.test','image',0),('ImageDimensionsTestCase','class','modules/image/image.test','image',0),('ImageEffectsUnitTest','class','modules/image/image.test','image',0),('ImageFieldDefaultImagesTestCase','class','modules/image/image.test','image',0),('ImageFieldDisplayTestCase','class','modules/image/image.test','image',0),('ImageFieldTestCase','class','modules/image/image.test','image',0),('ImageFieldValidateTestCase','class','modules/image/image.test','image',0),('ImageStyleFlushTest','class','modules/image/image.test','image',0),('ImageStylesPathAndUrlTestCase','class','modules/image/image.test','image',0),('ImageThemeFunctionWebTestCase','class','modules/image/image.test','image',0),('InfoFileParserTestCase','class','modules/system/system.test','system',0),('InsertQuery','class','includes/database/query.inc','',0),('InsertQuery_mysql','class','includes/database/mysql/query.inc','',0),('InsertQuery_pgsql','class','includes/database/pgsql/query.inc','',0),('InsertQuery_sqlite','class','includes/database/sqlite/query.inc','',0),('InvalidMergeQueryException','class','includes/database/database.inc','',0),('IPAddressBlockingTestCase','class','modules/system/system.test','system',0),('ListDynamicValuesTestCase','class','modules/field/modules/list/tests/list.test','list',0),('ListDynamicValuesValidationTestCase','class','modules/field/modules/list/tests/list.test','list',0),('ListFieldTestCase','class','modules/field/modules/list/tests/list.test','list',0),('ListFieldUITestCase','class','modules/field/modules/list/tests/list.test','list',0),('LocaleBrowserDetectionTest','class','modules/locale/locale.test','locale',0),('LocaleCommentLanguageFunctionalTest','class','modules/locale/locale.test','locale',0),('LocaleConfigurationTest','class','modules/locale/locale.test','locale',0),('LocaleContentFunctionalTest','class','modules/locale/locale.test','locale',0),('LocaleCSSAlterTest','class','modules/locale/locale.test','locale',0),('LocaleDateFormatsFunctionalTest','class','modules/locale/locale.test','locale',0),('LocaleExportFunctionalTest','class','modules/locale/locale.test','locale',0),('LocaleImportFunctionalTest','class','modules/locale/locale.test','locale',0),('LocaleInstallTest','class','modules/locale/locale.test','locale',0),('LocaleJavascriptTranslationTest','class','modules/locale/locale.test','locale',0),('LocaleLanguageNegotiationInfoFunctionalTest','class','modules/locale/locale.test','locale',0),('LocaleLanguageSwitchingFunctionalTest','class','modules/locale/locale.test','locale',0),('LocaleLibraryInfoAlterTest','class','modules/locale/locale.test','locale',0),('LocaleMultilingualFieldsFunctionalTest','class','modules/locale/locale.test','locale',0),('LocalePathFunctionalTest','class','modules/locale/locale.test','locale',0),('LocalePluralFormatTest','class','modules/locale/locale.test','locale',0),('LocaleTranslationFunctionalTest','class','modules/locale/locale.test','locale',0),('LocaleUILanguageNegotiationTest','class','modules/locale/locale.test','locale',0),('LocaleUninstallFrenchFunctionalTest','class','modules/locale/locale.test','locale',0),('LocaleUninstallFunctionalTest','class','modules/locale/locale.test','locale',0),('LocaleUrlRewritingTest','class','modules/locale/locale.test','locale',0),('LocaleUserCreationTest','class','modules/locale/locale.test','locale',0),('LocaleUserLanguageFunctionalTest','class','modules/locale/locale.test','locale',0),('MailSystemInterface','interface','includes/mail.inc','',0),('MemoryQueue','class','modules/system/system.queue.inc','system',0),('MenuNodeTestCase','class','modules/menu/menu.test','menu',0),('MenuTestCase','class','modules/menu/menu.test','menu',0),('MergeQuery','class','includes/database/query.inc','',0),('ModuleDependencyTestCase','class','modules/system/system.test','system',0),('ModuleRequiredTestCase','class','modules/system/system.test','system',0),('ModuleTestCase','class','modules/system/system.test','system',0),('ModuleUpdater','class','modules/system/system.updater.inc','system',0),('ModuleVersionTestCase','class','modules/system/system.test','system',0),('MultiStepNodeFormBasicOptionsTest','class','modules/node/node.test','node',0),('NewDefaultThemeBlocks','class','modules/block/block.test','block',0),('NodeAccessBaseTableTestCase','class','modules/node/node.test','node',0),('NodeAccessFieldTestCase','class','modules/node/node.test','node',0),('NodeAccessPagerTestCase','class','modules/node/node.test','node',0),('NodeAccessRebuildTestCase','class','modules/node/node.test','node',0),('NodeAccessRecordsTestCase','class','modules/node/node.test','node',0),('NodeAccessTestCase','class','modules/node/node.test','node',0),('NodeAdminTestCase','class','modules/node/node.test','node',0),('NodeBlockFunctionalTest','class','modules/node/node.test','node',0),('NodeBlockTestCase','class','modules/node/node.test','node',0),('NodeBuildContent','class','modules/node/node.test','node',0),('NodeController','class','modules/node/node.module','node',0),('NodeCreationTestCase','class','modules/node/node.test','node',0),('NodeEntityFieldQueryAlter','class','modules/node/node.test','node',0),('NodeEntityViewModeAlterTest','class','modules/node/node.test','node',0),('NodeFeedTestCase','class','modules/node/node.test','node',0),('NodeLoadHooksTestCase','class','modules/node/node.test','node',0),('NodeLoadMultipleTestCase','class','modules/node/node.test','node',0),('NodePageCacheTest','class','modules/node/node.test','node',0),('NodePostSettingsTestCase','class','modules/node/node.test','node',0),('NodeQueryAlter','class','modules/node/node.test','node',0),('NodeRevisionPermissionsTestCase','class','modules/node/node.test','node',0),('NodeRevisionsTestCase','class','modules/node/node.test','node',0),('NodeRSSContentTestCase','class','modules/node/node.test','node',0),('NodeSaveTestCase','class','modules/node/node.test','node',0),('NodeTitleTestCase','class','modules/node/node.test','node',0),('NodeTitleXSSTestCase','class','modules/node/node.test','node',0),('NodeTokenReplaceTestCase','class','modules/node/node.test','node',0),('NodeTypePersistenceTestCase','class','modules/node/node.test','node',0),('NodeTypeTestCase','class','modules/node/node.test','node',0),('NodeWebTestCase','class','modules/node/node.test','node',0),('NoFieldsException','class','includes/database/database.inc','',0),('NoHelpTestCase','class','modules/help/help.test','help',0),('NonDefaultBlockAdmin','class','modules/block/block.test','block',0),('NumberFieldTestCase','class','modules/field/modules/number/number.test','number',0),('OptionsSelectDynamicValuesTestCase','class','modules/field/modules/options/options.test','options',0),('OptionsWidgetsTestCase','class','modules/field/modules/options/options.test','options',0),('PageEditTestCase','class','modules/node/node.test','node',0),('PageNotFoundTestCase','class','modules/system/system.test','system',0),('PagePreviewTestCase','class','modules/node/node.test','node',0),('PagerDefault','class','includes/pager.inc','',0),('PageTitleFiltering','class','modules/system/system.test','system',0),('PageViewTestCase','class','modules/node/node.test','node',0),('PathLanguageTestCase','class','modules/path/path.test','path',0),('PathLanguageUITestCase','class','modules/path/path.test','path',0),('PathMonolingualTestCase','class','modules/path/path.test','path',0),('PathTaxonomyTermTestCase','class','modules/path/path.test','path',0),('PathTestCase','class','modules/path/path.test','path',0),('Query','class','includes/database/query.inc','',0),('QueryAlterableInterface','interface','includes/database/query.inc','',0),('QueryConditionInterface','interface','includes/database/query.inc','',0),('QueryExtendableInterface','interface','includes/database/select.inc','',0),('QueryPlaceholderInterface','interface','includes/database/query.inc','',0),('QueueTestCase','class','modules/system/system.test','system',0),('RdfCommentAttributesTestCase','class','modules/rdf/rdf.test','rdf',0),('RdfCrudTestCase','class','modules/rdf/rdf.test','rdf',0),('RdfGetRdfNamespacesTestCase','class','modules/rdf/rdf.test','rdf',0),('RdfMappingDefinitionTestCase','class','modules/rdf/rdf.test','rdf',0),('RdfMappingHookTestCase','class','modules/rdf/rdf.test','rdf',0),('RdfRdfaMarkupTestCase','class','modules/rdf/rdf.test','rdf',0),('RdfTrackerAttributesTestCase','class','modules/rdf/rdf.test','rdf',0),('RetrieveFileTestCase','class','modules/system/system.test','system',0),('SchemaCache','class','includes/bootstrap.inc','',0),('SearchAdvancedSearchForm','class','modules/search/search.test','search',0),('SearchBlockTestCase','class','modules/search/search.test','search',0),('SearchCommentCountToggleTestCase','class','modules/search/search.test','search',0),('SearchCommentTestCase','class','modules/search/search.test','search',0),('SearchConfigSettingsForm','class','modules/search/search.test','search',0),('SearchEmbedForm','class','modules/search/search.test','search',0),('SearchExactTestCase','class','modules/search/search.test','search',0),('SearchExcerptTestCase','class','modules/search/search.test','search',0),('SearchExpressionInsertExtractTestCase','class','modules/search/search.test','search',0),('SearchKeywordsConditions','class','modules/search/search.test','search',0),('SearchLanguageTestCase','class','modules/search/search.test','search',0),('SearchMatchTestCase','class','modules/search/search.test','search',0),('SearchNodeAccessTest','class','modules/search/search.test','search',0),('SearchNodeTagTest','class','modules/search/search.test','search',0),('SearchNumberMatchingTestCase','class','modules/search/search.test','search',0),('SearchNumbersTestCase','class','modules/search/search.test','search',0),('SearchPageOverride','class','modules/search/search.test','search',0),('SearchPageText','class','modules/search/search.test','search',0),('SearchQuery','class','modules/search/search.extender.inc','search',0),('SearchRankingTestCase','class','modules/search/search.test','search',0),('SearchSetLocaleTest','class','modules/search/search.test','search',0),('SearchSimplifyTestCase','class','modules/search/search.test','search',0),('SearchTokenizerTestCase','class','modules/search/search.test','search',0),('SelectQuery','class','includes/database/select.inc','',0),('SelectQueryExtender','class','includes/database/select.inc','',0),('SelectQueryInterface','interface','includes/database/select.inc','',0),('SelectQuery_pgsql','class','includes/database/pgsql/select.inc','',0),('SelectQuery_sqlite','class','includes/database/sqlite/select.inc','',0),('ShortcutLinksTestCase','class','modules/shortcut/shortcut.test','shortcut',0),('ShortcutSetsTestCase','class','modules/shortcut/shortcut.test','shortcut',0),('ShortcutTestCase','class','modules/shortcut/shortcut.test','shortcut',0),('ShutdownFunctionsTest','class','modules/system/system.test','system',0),('SiteMaintenanceTestCase','class','modules/system/system.test','system',0),('SkipDotsRecursiveDirectoryIterator','class','includes/filetransfer/filetransfer.inc','',0),('StreamWrapperInterface','interface','includes/stream_wrappers.inc','',0),('SummaryLengthTestCase','class','modules/node/node.test','node',0),('SystemAdminTestCase','class','modules/system/system.test','system',0),('SystemAuthorizeCase','class','modules/system/system.test','system',0),('SystemBlockTestCase','class','modules/system/system.test','system',0),('SystemIndexPhpTest','class','modules/system/system.test','system',0),('SystemInfoAlterTestCase','class','modules/system/system.test','system',0),('SystemMainContentFallback','class','modules/system/system.test','system',0),('SystemQueue','class','modules/system/system.queue.inc','system',0),('SystemThemeFunctionalTest','class','modules/system/system.test','system',0),('SystemValidTokenTest','class','modules/system/system.test','system',0),('TableSort','class','includes/tablesort.inc','',0),('TaxonomyEFQTestCase','class','modules/taxonomy/taxonomy.test','taxonomy',0),('TaxonomyHooksTestCase','class','modules/taxonomy/taxonomy.test','taxonomy',0),('TaxonomyLegacyTestCase','class','modules/taxonomy/taxonomy.test','taxonomy',0),('TaxonomyLoadMultipleTestCase','class','modules/taxonomy/taxonomy.test','taxonomy',0),('TaxonomyRSSTestCase','class','modules/taxonomy/taxonomy.test','taxonomy',0),('TaxonomyTermController','class','modules/taxonomy/taxonomy.module','taxonomy',0),('TaxonomyTermFieldMultipleVocabularyTestCase','class','modules/taxonomy/taxonomy.test','taxonomy',0),('TaxonomyTermFieldTestCase','class','modules/taxonomy/taxonomy.test','taxonomy',0),('TaxonomyTermFunctionTestCase','class','modules/taxonomy/taxonomy.test','taxonomy',0),('TaxonomyTermIndexTestCase','class','modules/taxonomy/taxonomy.test','taxonomy',0),('TaxonomyTermTestCase','class','modules/taxonomy/taxonomy.test','taxonomy',0),('TaxonomyThemeTestCase','class','modules/taxonomy/taxonomy.test','taxonomy',0),('TaxonomyTokenReplaceTestCase','class','modules/taxonomy/taxonomy.test','taxonomy',0),('TaxonomyVocabularyController','class','modules/taxonomy/taxonomy.module','taxonomy',0),('TaxonomyVocabularyFunctionalTest','class','modules/taxonomy/taxonomy.test','taxonomy',0),('TaxonomyVocabularyTestCase','class','modules/taxonomy/taxonomy.test','taxonomy',0),('TaxonomyWebTestCase','class','modules/taxonomy/taxonomy.test','taxonomy',0),('TestingMailSystem','class','modules/system/system.mail.inc','system',0),('TextFieldTestCase','class','modules/field/modules/text/text.test','text',0),('TextSummaryTestCase','class','modules/field/modules/text/text.test','text',0),('TextTranslationTestCase','class','modules/field/modules/text/text.test','text',0),('ThemeRegistry','class','includes/theme.inc','',0),('ThemeUpdater','class','modules/system/system.updater.inc','system',0),('TokenReplaceTestCase','class','modules/system/system.test','system',0),('TokenScanTest','class','modules/system/system.test','system',0),('TruncateQuery','class','includes/database/query.inc','',0),('TruncateQuery_mysql','class','includes/database/mysql/query.inc','',0),('TruncateQuery_sqlite','class','includes/database/sqlite/query.inc','',0),('UpdateCoreTestCase','class','modules/update/update.test','update',0),('UpdateCoreUnitTestCase','class','modules/update/update.test','update',0),('UpdateQuery','class','includes/database/query.inc','',0),('UpdateQuery_pgsql','class','includes/database/pgsql/query.inc','',0),('UpdateQuery_sqlite','class','includes/database/sqlite/query.inc','',0),('Updater','class','includes/updater.inc','',0),('UpdaterException','class','includes/updater.inc','',0),('UpdaterFileTransferException','class','includes/updater.inc','',0),('UpdateScriptFunctionalTest','class','modules/system/system.test','system',0),('UpdateTestContribCase','class','modules/update/update.test','update',0),('UpdateTestHelper','class','modules/update/update.test','update',0),('UpdateTestUploadCase','class','modules/update/update.test','update',0),('UserAccountLinksUnitTests','class','modules/user/user.test','user',0),('UserAdminTestCase','class','modules/user/user.test','user',0),('UserAuthmapAssignmentTestCase','class','modules/user/user.test','user',0),('UserAutocompleteTestCase','class','modules/user/user.test','user',0),('UserBlocksUnitTests','class','modules/user/user.test','user',0),('UserCancelTestCase','class','modules/user/user.test','user',0),('UserController','class','modules/user/user.module','user',0),('UserCreateTestCase','class','modules/user/user.test','user',0),('UserEditedOwnAccountTestCase','class','modules/user/user.test','user',0),('UserEditTestCase','class','modules/user/user.test','user',0),('UserLoginTestCase','class','modules/user/user.test','user',0),('UserPasswordResetTestCase','class','modules/user/user.test','user',0),('UserPermissionsTestCase','class','modules/user/user.test','user',0),('UserPictureTestCase','class','modules/user/user.test','user',0),('UserRegistrationTestCase','class','modules/user/user.test','user',0),('UserRoleAdminTestCase','class','modules/user/user.test','user',0),('UserRolesAssignmentTestCase','class','modules/user/user.test','user',0),('UserSaveTestCase','class','modules/user/user.test','user',0),('UserSignatureTestCase','class','modules/user/user.test','user',0),('UserTimeZoneFunctionalTest','class','modules/user/user.test','user',0),('UserTokenReplaceTestCase','class','modules/user/user.test','user',0),('UserUserSearchTestCase','class','modules/user/user.test','user',0),('UserValidateCurrentPassCustomForm','class','modules/user/user.test','user',0),('UserValidationTestCase','class','modules/user/user.test','user',0);

--
-- Table structure for table `dru5919_registry_file`
--

CREATE TABLE `dru5919_registry_file` (
  `filename` varchar(255) NOT NULL COMMENT 'Path to the file.',
  `hash` varchar(64) NOT NULL COMMENT 'sha-256 hash of the file’s contents when last parsed.',
  PRIMARY KEY (`filename`)
) ENGINE=InnoDB DEFAULT CHARSET=utf8 COMMENT='Files parsed to build the registry.';

--
-- Dumping data for table `dru5919_registry_file`
--

INSERT INTO `dru5919_registry_file` VALUES ('includes/actions.inc','f36b066681463c7dfe189e0430cb1a89bf66f7e228cbb53cdfcd93987193f759'),('includes/ajax.inc','a22c8f7345c1f714ea40bbaa1385fa0e3763b389c82656cf6ff3e4d051532ee4'),('includes/archiver.inc','bdbb21b712a62f6b913590b609fd17cd9f3c3b77c0d21f68e71a78427ed2e3e9'),('includes/authorize.inc','6d64d8c21aa01eb12fc29918732e4df6b871ed06e5d41373cb95c197ed661d13'),('includes/batch.inc','1fe00f9a25481cd43e19fbd6bd37b7ff9dca79f8405ec3e55ffb011be12ec2c3'),('includes/batch.queue.inc','554b2e92e1dad0f7fd5a19cb8dff7e109f10fbe2441a5692d076338ec908de0f'),('includes/bootstrap.inc','71e285f627d8d2b0147d7c4fbc8576fddf76aee99940a8b5e0596801175c993b'),('includes/cache-install.inc','e7ed123c5805703c84ad2cce9c1ca46b3ce8caeeea0d8ef39a3024a4ab95fa0e'),('includes/cache.inc','ee0bf13c7e067695dffcb9ade3b79fea82a3a8db9e9a422ebfcc91c383aa4b4c'),('includes/common.inc','d64557e1027136d80e66c329133336412c8301b48c6703943494cff1309f934c'),('includes/database/database.inc','27f874fb21e1a85c86e0317669e2e26c1c6611a5e913c5bbce4c7aa62734edfe'),('includes/database/log.inc','9feb5a17ae2fabcf26a96d2a634ba73da501f7bcfc3599a693d916a6971d00d1'),('includes/database/mysql/database.inc','f021edd0e2b5e315336eb6b5e481b9516c12de78dff2c468be3d7fd0d3672665'),('includes/database/mysql/install.inc','6ae316941f771732fbbabed7e1d6b4cbb41b1f429dd097d04b3345aa15e461a0'),('includes/database/mysql/query.inc','0212a871646c223bf77aa26b945c77a8974855373967b5fb9fdc09f8a1de88a6'),('includes/database/mysql/schema.inc','6f43ac87508f868fe38ee09994fc18d69915bada0237f8ac3b717cafe8f22c6b'),('includes/database/pgsql/database.inc','d737f95947d78eb801e8ec8ca8b01e72d2e305924efce8abca0a98c1b5264cff'),('includes/database/pgsql/install.inc','585b80c5bbd6f134bff60d06397f15154657a577d4da8d1b181858905f09dea5'),('includes/database/pgsql/query.inc','0df57377686c921e722a10b49d5e433b131176c8059a4ace4680964206fc14b4'),('includes/database/pgsql/schema.inc','1588daadfa53506aa1f5d94572162a45a46dc3ceabdd0e2f224532ded6508403'),('includes/database/pgsql/select.inc','fd4bba7887c1dc6abc8f080fc3a76c01d92ea085434e355dc1ecb50d8743c22d'),('includes/database/prefetch.inc','b5b207a66a69ecb52ee4f4459af16a7b5eabedc87254245f37cc33bebb61c0fb'),('includes/database/query.inc','4016a397f10f071cac338fd0a9b004296106e42ab2b9db8c7ff0db341658e88f'),('includes/database/schema.inc','9fecfd13fc1d4056a62d385840dccd052ea0e184dc47101f4bd8f57f10b68174'),('includes/database/select.inc','5e9cdc383564ba86cb9dcad0046990ce15415a3000e4f617d6e0f30a205b852c'),('includes/database/sqlite/database.inc','4281c6e80932560ecbeb07d1757efd133e8699a6fccf58c27a55df0f71794622'),('includes/database/sqlite/install.inc','6620f354aa175a116ba3a0562c980d86cc3b8b481042fc3cc5ed6a4d1a7a6d74'),('includes/database/sqlite/query.inc','f33ab1b6350736a231a4f3f93012d3aac4431ac4e5510fb3a015a5aa6cab8303'),('includes/database/sqlite/schema.inc','cd829700205a8574f8b9d88cd1eaf909519c64754c6f84d6c62b5d21f5886f8d'),('includes/database/sqlite/select.inc','8d1c426dbd337733c206cce9f59a172546c6ed856d8ef3f1c7bef05a16f7bf68'),('includes/date.inc','18c047be64f201e16d189f1cc47ed9dcf0a145151b1ee187e90511b24e5d2b36'),('includes/entity.inc','e4fc9ff21b165a804d7ac4f036b3b5bd1d3c73da7029bf3f761d4bdee9ae3c96'),('includes/errors.inc','72cc29840b24830df98a5628286b4d82738f2abbb78e69b4980310ff12062668'),('includes/file.inc','9de0398940bf2db560902736f1832d8b72b3e8b49dbbaba5f94c9331425ee04a'),('includes/file.mimetypes.inc','33266e837f4ce076378e7e8cef6c5af46446226ca4259f83e13f605856a7f147'),('includes/filetransfer/filetransfer.inc','fdea8ae48345ec91885ac48a9bc53daf87616271472bb7c29b7e3ce219b22034'),('includes/filetransfer/ftp.inc','51eb119b8e1221d598ffa6cc46c8a322aa77b49a3d8879f7fb38b7221cf7e06d'),('includes/filetransfer/local.inc','7cbfdb46abbdf539640db27e66fb30e5265128f31002bd0dfc3af16ae01a9492'),('includes/filetransfer/ssh.inc','92f1232158cb32ab04cbc93ae38ad3af04796e18f66910a9bc5ca8e437f06891'),('includes/form.inc','9b37fe7e5d04b25604bbc63abb6b6d332be14926011533b4449de52d45a86765'),('includes/graph.inc','8e0e313a8bb33488f371df11fc1b58d7cf80099b886cd1003871e2c896d1b536'),('includes/image.inc','bcdc7e1599c02227502b9d0fe36eeb2b529b130a392bc709eb737647bd361826'),('includes/install.core.inc','733ec6fac8e51747d1c83f266a42e4a0cb6bf31ac50f17f06e37c9e0865f4a38'),('includes/install.inc','781c54771c14b067bb38d222096f981121d479222fbdea9c433405de561a2881'),('includes/iso.inc','0ce4c225edcfa9f037703bc7dd09d4e268a69bcc90e55da0a3f04c502bd2f349'),('includes/json-encode.inc','02a822a652d00151f79db9aa9e171c310b69b93a12f549bc2ce00533a8efa14e'),('includes/language.inc','4e08f30843a7ccaeea5c041083e9f77d33d57ff002f1ab4f66168e2c683ce128'),('includes/locale.inc','f8a3ba7868698e9b43c2ceaebe2cbdcb92d6c68427e817a6e10a76b937b5a127'),('includes/lock.inc','a181c8bd4f88d292a0a73b9f1fbd727e3314f66ec3631f288e6b9a54ba2b70fa'),('includes/mail.inc','d9fb2b99025745cbb73ebcfc7ac12df100508b9273ce35c433deacf12dd6a13a'),('includes/menu.inc','2ecc6f990dc2d987425c680e27a4ddeec2e8376a2be408b00a144131f41a59ea'),('includes/module.inc','a18bc92e5fc1f2a31a79eace8c6f2436bc15c8f0b332c8b7aaafa3a223746861'),('includes/pager.inc','6f9494b85c07a2cc3be4e54aff2d2757485238c476a7da084d25bde1d88be6d8'),('includes/password.inc','fd9a1c94fe5a0fa7c7049a2435c7280b1d666b2074595010e3c492dd15712775'),('includes/path.inc','74bf05f3c68b0218730abf3e539fcf08b271959c8f4611940d05124f34a6a66f'),('includes/registry.inc','f47b20859f0fc80bf4bb2849a1282d6c54006957b69da0e5f4691de585ca4cdf'),('includes/session.inc','7548621ae4c273179a76eba41aa58b740100613bc015ad388a5c30132b61e34b'),('includes/stream_wrappers.inc','4f1feb774a8dbc04ca382fa052f59e58039c7261625f3df29987d6b31f08d92d'),('includes/tablesort.inc','2d88768a544829595dd6cda2a5eb008bedb730f36bba6dfe005d9ddd999d5c0f'),('includes/theme.inc','507932af124871dd2639ab8eafbbd68f962ef70f44ef1c4fd1a14daf04c53b5e'),('includes/theme.maintenance.inc','39f068b3eee4d10a90d6aa3c86db587b6d25844c2919d418d34d133cfe330f5a'),('includes/token.inc','5e7898cd78689e2c291ed3cd8f41c032075656896f1db57e49217aac19ae0428'),('includes/unicode.entities.inc','2b858138596d961fbaa4c6e3986e409921df7f76b6ee1b109c4af5970f1e0f54'),('includes/unicode.inc','e18772dafe0f80eb139fcfc582fef1704ba9f730647057d4f4841d6a6e4066ca'),('includes/update.inc','77403195059de797422d9d9202f18548a38558995120c7f9ffb9bd044730a3bc'),('includes/updater.inc','d2da0e74ed86e93c209f16069f3d32e1a134ceb6c06a0044f78e841a1b54e380'),('includes/utility.inc','3458fd2b55ab004dd0cc529b8e58af12916e8bd36653b072bdd820b26b907ed5'),('includes/xmlrpc.inc','ea24176ec445c440ba0c825fc7b04a31b440288df8ef02081560dc418e34e659'),('includes/xmlrpcs.inc','741aa8d6fcc6c45a9409064f52351f7999b7c702d73def8da44de2567946598a'),('modules/block/block.test','40d9de00589211770a85c47d38c8ad61c598ec65d9332128a882eb8750e65a16'),('modules/color/color.test','013806279bd47ceb2f82ca854b57f880ba21058f7a2592c422afae881a7f5d15'),('modules/comment/comment.module','db858137ff6ce06d87cb3b8f5275bed90c33a6d9aa7d46e7a74524cc2f052309'),('modules/comment/comment.test','0443a4dbc5aef3d64405a7cabf462c8c5e0b24517d89410d261027b85292cd4b'),('modules/contextual/contextual.test','023dafa199bd325ecc55a17b2a3db46ac0a31e23059f701f789f3bc42427ba0b'),('modules/dashboard/dashboard.test','125df00fc6deb985dc554aa7807a48e60a68dbbddbad9ec2c4718da724f0e683'),('modules/dblog/dblog.test','11fbb8522b1c9dc7c85edba3aed7308a8891f26fc7292008822bea1b54722912'),('modules/field/field.attach.inc','2df4687b5ec078c4893dc1fea514f67524fd5293de717b9e05caf977e5ae2327'),('modules/field/field.info.class.inc','cf18178e119d43897d3abd882ba3acc0cf59d1ad747663437c57b1ec4d0a4322'),('modules/field/field.module','e9359f8cac64b2d81ac067d7da22972116dc10b9b346752a8ef8292943a958c9'),('modules/field/modules/field_sql_storage/field_sql_storage.test','315eedaf2022afc884c35efd3b7c400eddab6ea30bec91924bc82ab5cd3e79f2'),('modules/field/modules/list/tests/list.test','97e55bd49f6f4b0562d04aa3773b5ab9b35063aee05c8c7231780cdcf9c97714'),('modules/field/modules/number/number.test','9ccf835bbf80ff31b121286f6fbcf59cc42b622a51ab56b22362b2f55c656e18'),('modules/field/modules/options/options.test','c71441020206b1587dece7296cca306a9f0fbd6e8f04dae272efc15ed3a38383'),('modules/field/modules/text/text.test','a1e5cb0fa8c0651c68d560d9bb7781463a84200f701b00b6e797a9ca792a7e42'),('modules/field/tests/field.test','5eaad7a933ef8ea05b958056492ce17858cd542111f0fe81dd1a5949ad8f966e'),('modules/field_ui/field_ui.test','ded58a83a37cf111834f68fde9c34cddc7f4d36b91f31281e41ed5220c65dac4'),('modules/file/tests/file.test','51d79794cbe647b2f5635ca9193b4d63bb9f99db4d9074676a80c55582b02985'),('modules/filter/filter.test','268488be9d8e6a4bfa906bbb5bbf1f0df5881c04a421cbefcd7aa4f05fb63ba0'),('modules/help/help.test','bc934de8c71bd9874a05ccb5e8f927f4c227b3b2397d739e8504c8fd6ae5a83c'),('modules/image/image.test','19459f5be2fb58058a984ef302d6f6defca20207324db25726d06a7743cc2960'),('modules/locale/locale.test','61c6a80ba44ff92e6ba4a350b7c95890368e2f9e029b8f84563df2490a8e93b1'),('modules/menu/menu.test','51817d6c591c28cf268145c2d39b41f66e453edf42c86472e61b7081da1d86bb'),('modules/node/node.module','b594aa316e7d74024d633fb95a6e89a2c6c14cb108a481fd0b2521ec0e3316de'),('modules/node/node.test','e2e485fde00796305fd6926c8b4e9c4e1919020a3ec00819aa5cc1d2b3ebcc5c'),('modules/path/path.test','2004183b2c7c86028bf78c519c6a7afc4397a8267874462b0c2b49b0f8c20322'),('modules/rdf/rdf.test','9849d2b717119aa6b5f1496929e7ac7c9c0a6e98486b66f3876bda0a8c165525'),('modules/search/search.extender.inc','013a6a841cc48a6dc991153fb692b8d1546e56b78d9c95e97e0d7e92296d3481'),('modules/search/search.test','6512521f8de3a54238c8f337ae0aa105cab2bbc9a1addb5b1ccb755842656913'),('modules/shortcut/shortcut.test','0d78280d4d0a05aa772218e45911552e39611ca9c258b9dd436307914ac3f254'),('modules/system/system.archiver.inc','faa849f3e646a910ab82fd6c8bbf0a4e6b8c60725d7ba81ec0556bd716616cd1'),('modules/system/system.mail.inc','d31e1769f5defbe5f27dc68f641ab80fb8d3de92f6e895f4c654ec05fc7e5f0f'),('modules/system/system.queue.inc','a60cff401fc410cd81dc1d105ed66f79396ed7b15fdc3a5c5b80593ad5d4352a'),('modules/system/system.tar.inc','8a31d91f7b3cd7eac25b3fa46e1ed9a8527c39718ba76c3f8c0bbbeaa3aa4086'),('modules/system/system.test','b53fdc9f28a49d9bdd819721a6bc4ae0e8a7b023a415e98672a99453187c1f1e'),('modules/system/system.updater.inc','338cf14cb691ba16ee551b3b9e0fa4f579a2f25c964130658236726d17563b6a'),('modules/taxonomy/taxonomy.module','45d6d5652a464318f3eccf8bad6220cc5784e7ffdb0c7b732bf4d540e1effe83'),('modules/taxonomy/taxonomy.test','8525035816906e327ad48bd48bb071597f4c58368a692bcec401299a86699e6e'),('modules/update/update.test','1ea3e22bd4d47afb8b2799057cdbdfbb57ce09013d9d5f2de7e61ef9c2ebc72d'),('modules/user/user.module','88bb508e0eb658281b085cd07c81808bd9634bba8a2271515c1d68079d58817d'),('modules/user/user.test','178320fdb9a0c8754f1fa7272f68f536dcb94ae82ce7d0fc6a0f8a476c1f6922');

--
-- Table structure for table `dru5919_role`
--

CREATE TABLE `dru5919_role` (
  `rid` int(10) unsigned NOT NULL AUTO_INCREMENT COMMENT 'Primary Key: Unique role ID.',
  `name` varchar(64) NOT NULL DEFAULT '' COMMENT 'Unique role name.',
  `weight` int(11) NOT NULL DEFAULT '0' COMMENT 'The weight of this role in listings and the user interface.',
  PRIMARY KEY (`rid`),
  UNIQUE KEY `name` (`name`),
  KEY `name_weight` (`name`,`weight`)
) ENGINE=InnoDB AUTO_INCREMENT=4 DEFAULT CHARSET=utf8 COMMENT='Stores user roles.';

--
-- Dumping data for table `dru5919_role`
--

INSERT INTO `dru5919_role` VALUES (3,'administrator',2),(1,'anonymous user',0),(2,'authenticated user',1);

--
-- Table structure for table `dru5919_role_permission`
--

CREATE TABLE `dru5919_role_permission` (
  `rid` int(10) unsigned NOT NULL COMMENT 'Foreign Key: dru5919_role.rid.',
  `permission` varchar(128) NOT NULL DEFAULT '' COMMENT 'A single permission granted to the role identified by rid.',
  `module` varchar(255) NOT NULL DEFAULT '' COMMENT 'The module declaring the permission.',
  PRIMARY KEY (`rid`,`permission`),
  KEY `permission` (`permission`)
) ENGINE=InnoDB DEFAULT CHARSET=utf8 COMMENT='Stores the permissions assigned to user roles.';

--
-- Dumping data for table `dru5919_role_permission`
--

INSERT INTO `dru5919_role_permission` VALUES (1,'access comments','comment'),(1,'access content','node'),(1,'use text format filtered_html','filter'),(2,'access comments','comment'),(2,'access content','node'),(2,'post comments','comment'),(2,'skip comment approval','comment'),(2,'use text format filtered_html','filter'),(3,'access administration pages','system'),(3,'access comments','comment'),(3,'access content','node'),(3,'access content overview','node'),(3,'access contextual links','contextual'),(3,'access dashboard','dashboard'),(3,'access overlay','overlay'),(3,'access site in maintenance mode','system'),(3,'access site reports','system'),(3,'access toolbar','toolbar'),(3,'access user profiles','user'),(3,'administer actions','system'),(3,'administer blocks','block'),(3,'administer comments','comment'),(3,'administer content types','node'),(3,'administer filters','filter'),(3,'administer image styles','image'),(3,'administer languages','locale'),(3,'administer menu','menu'),(3,'administer modules','system'),(3,'administer nodes','node'),(3,'administer permissions','user'),(3,'administer search','search'),(3,'administer shortcuts','shortcut'),(3,'administer site configuration','system'),(3,'administer software updates','system'),(3,'administer taxonomy','taxonomy'),(3,'administer themes','system'),(3,'administer url aliases','path'),(3,'administer users','user'),(3,'block IP addresses','system'),(3,'bypass node access','node'),(3,'cancel account','user'),(3,'change own username','user'),(3,'create article content','node'),(3,'create page content','node'),(3,'create url aliases','path'),(3,'customize shortcut links','shortcut'),(3,'delete any article content','node'),(3,'delete any page content','node'),(3,'delete own article content','node'),(3,'delete own page content','node'),(3,'delete revisions','node'),(3,'delete terms in 1','taxonomy'),(3,'edit any article content','node'),(3,'edit any page content','node'),(3,'edit own article content','node'),(3,'edit own comments','comment'),(3,'edit own page content','node'),(3,'edit terms in 1','taxonomy'),(3,'post comments','comment'),(3,'revert revisions','node'),(3,'search content','search'),(3,'select account cancellation method','user'),(3,'skip comment approval','comment'),(3,'switch shortcut sets','shortcut'),(3,'translate interface','locale'),(3,'use advanced search','search'),(3,'use text format filtered_html','filter'),(3,'use text format full_html','filter'),(3,'view own unpublished content','node'),(3,'view revisions','node'),(3,'view the administration theme','system');

--
-- Table structure for table `dru5919_search_dataset`
--

CREATE TABLE `dru5919_search_dataset` (
  `sid` int(10) unsigned NOT NULL DEFAULT '0' COMMENT 'Search item ID, e.g. node ID for nodes.',
  `type` varchar(16) NOT NULL COMMENT 'Type of item, e.g. node.',
  `data` longtext NOT NULL COMMENT 'List of space-separated words from the item.',
  `reindex` int(10) unsigned NOT NULL DEFAULT '0' COMMENT 'Set to force node reindexing.',
  PRIMARY KEY (`sid`,`type`)
) ENGINE=InnoDB DEFAULT CHARSET=utf8 COMMENT='Stores items that will be searched.';

--
-- Dumping data for table `dru5919_search_dataset`
--


--
-- Table structure for table `dru5919_search_index`
--

CREATE TABLE `dru5919_search_index` (
  `word` varchar(50) NOT NULL DEFAULT '' COMMENT 'The dru5919_search_total.word that is associated with the search item.',
  `sid` int(10) unsigned NOT NULL DEFAULT '0' COMMENT 'The dru5919_search_dataset.sid of the searchable item to which the word belongs.',
  `type` varchar(16) NOT NULL COMMENT 'The dru5919_search_dataset.type of the searchable item to which the word belongs.',
  `score` float DEFAULT NULL COMMENT 'The numeric score of the word, higher being more important.',
  PRIMARY KEY (`word`,`sid`,`type`),
  KEY `sid_type` (`sid`,`type`)
) ENGINE=InnoDB DEFAULT CHARSET=utf8 COMMENT='Stores the search index, associating words, items and...';

--
-- Dumping data for table `dru5919_search_index`
--


--
-- Table structure for table `dru5919_search_node_links`
--

CREATE TABLE `dru5919_search_node_links` (
  `sid` int(10) unsigned NOT NULL DEFAULT '0' COMMENT 'The dru5919_search_dataset.sid of the searchable item containing the link to the node.',
  `type` varchar(16) NOT NULL DEFAULT '' COMMENT 'The dru5919_search_dataset.type of the searchable item containing the link to the node.',
  `nid` int(10) unsigned NOT NULL DEFAULT '0' COMMENT 'The dru5919_node.nid that this item links to.',
  `caption` longtext COMMENT 'The text used to link to the dru5919_node.nid.',
  PRIMARY KEY (`sid`,`type`,`nid`),
  KEY `nid` (`nid`)
) ENGINE=InnoDB DEFAULT CHARSET=utf8 COMMENT='Stores items (like nodes) that link to other nodes, used...';

--
-- Dumping data for table `dru5919_search_node_links`
--


--
-- Table structure for table `dru5919_search_total`
--

CREATE TABLE `dru5919_search_total` (
  `word` varchar(50) NOT NULL DEFAULT '' COMMENT 'Primary Key: Unique word in the search index.',
  `count` float DEFAULT NULL COMMENT 'The count of the word in the index using Zipf’s law to equalize the probability distribution.',
  PRIMARY KEY (`word`)
) ENGINE=InnoDB DEFAULT CHARSET=utf8 COMMENT='Stores search totals for words.';

--
-- Dumping data for table `dru5919_search_total`
--


--
-- Table structure for table `dru5919_semaphore`
--

CREATE TABLE `dru5919_semaphore` (
  `name` varchar(255) NOT NULL DEFAULT '' COMMENT 'Primary Key: Unique name.',
  `value` varchar(255) NOT NULL DEFAULT '' COMMENT 'A value for the semaphore.',
  `expire` double NOT NULL COMMENT 'A Unix timestamp with microseconds indicating when the semaphore should expire.',
  PRIMARY KEY (`name`),
  KEY `value` (`value`),
  KEY `expire` (`expire`)
) ENGINE=InnoDB DEFAULT CHARSET=utf8 COMMENT='Table for holding semaphores, locks, flags, etc. that...';

--
-- Dumping data for table `dru5919_semaphore`
--


--
-- Table structure for table `dru5919_sequences`
--

CREATE TABLE `dru5919_sequences` (
  `value` int(10) unsigned NOT NULL AUTO_INCREMENT COMMENT 'The value of the sequence.',
  PRIMARY KEY (`value`)
) ENGINE=InnoDB AUTO_INCREMENT=3 DEFAULT CHARSET=utf8 COMMENT='Stores IDs.';

--
-- Dumping data for table `dru5919_sequences`
--

INSERT INTO `dru5919_sequences` VALUES (2);

--
-- Table structure for table `dru5919_sessions`
--

CREATE TABLE `dru5919_sessions` (
  `uid` int(10) unsigned NOT NULL COMMENT 'The dru5919_users.uid corresponding to a session, or 0 for anonymous user.',
  `sid` varchar(128) NOT NULL COMMENT 'A session ID. The value is generated by Drupal’s session handlers.',
  `ssid` varchar(128) NOT NULL DEFAULT '' COMMENT 'Secure session ID. The value is generated by Drupal’s session handlers.',
  `hostname` varchar(128) NOT NULL DEFAULT '' COMMENT 'The IP address that last used this session ID (sid).',
  `timestamp` int(11) NOT NULL DEFAULT '0' COMMENT 'The Unix timestamp when this session last requested a page. Old records are purged by PHP automatically.',
  `cache` int(11) NOT NULL DEFAULT '0' COMMENT 'The time of this user’s last post. This is used when the site has specified a minimum_cache_lifetime. See cache_get().',
  `session` longblob COMMENT 'The serialized contents of $_SESSION, an array of name/value pairs that persists across page requests by this session ID. Drupal loads $_SESSION from here at the start of each request and saves it at the end.',
  PRIMARY KEY (`sid`,`ssid`),
  KEY `timestamp` (`timestamp`),
  KEY `uid` (`uid`),
  KEY `ssid` (`ssid`)
) ENGINE=InnoDB DEFAULT CHARSET=utf8 COMMENT='Drupal’s session handlers read and write into the...';

--
